{"id":791,"date":"2016-04-11T17:07:12","date_gmt":"2016-04-11T17:07:12","guid":{"rendered":"http:\/\/culturaneuroactiva.com\/site\/?page_id=791"},"modified":"2017-08-31T17:21:31","modified_gmt":"2017-08-31T17:21:31","slug":"somos","status":"publish","type":"page","link":"https:\/\/culturaneuroactiva.com\/site\/somos\/","title":{"rendered":"Somos"},"content":{"rendered":"<h6 class=\"western\" lang=\"es-ES\" align=\"justify\"><\/h6>\n<p class=\"western\" lang=\"es-ES\" align=\"justify\">\n","protected":false},"excerpt":{"rendered":"","protected":false},"author":1,"featured_media":0,"parent":0,"menu_order":0,"comment_status":"closed","ping_status":"closed","template":"","meta":{"colormag_page_layout":"default_layout","footnotes":""},"class_list":["post-791","page","type-page","status-publish","hentry"],"yoast_head":"<!-- This site is optimized with the Yoast SEO plugin v25.6 - https:\/\/yoast.com\/wordpress\/plugins\/seo\/ -->\n<title>Somos - Cultura Neuroactiva<\/title>\n<meta name=\"description\" content=\"Cultura Neuroactiva es el portal de la cultura emergente, en donde se investigan y ofrecen diversas t\u00e9cnicas para el mejoramiento humano, el manejo de problemas, la reconexi\u00f3n ecol\u00f3gica y la salud interior, junto con una variedad de servicios del nuevo paradigma, pensados para satisfacer las necesidades y gustos de las personas neuroactivas.\" \/>\n<meta name=\"robots\" content=\"index, follow, max-snippet:-1, max-image-preview:large, max-video-preview:-1\" \/>\n<link rel=\"canonical\" href=\"https:\/\/culturaneuroactiva.com\/site\/somos\/\" \/>\n<meta property=\"og:locale\" content=\"es_ES\" \/>\n<meta property=\"og:type\" content=\"article\" \/>\n<meta property=\"og:title\" content=\"Somos - Cultura Neuroactiva\" \/>\n<meta property=\"og:description\" content=\"Cultura Neuroactiva es el portal de la cultura emergente, en donde se investigan y ofrecen diversas t\u00e9cnicas para el mejoramiento humano, el manejo de problemas, la reconexi\u00f3n ecol\u00f3gica y la salud interior, junto con una variedad de servicios del nuevo paradigma, pensados para satisfacer las necesidades y gustos de las personas neuroactivas.\" \/>\n<meta property=\"og:url\" content=\"https:\/\/culturaneuroactiva.com\/site\/somos\/\" \/>\n<meta property=\"og:site_name\" content=\"Cultura Neuroactiva\" \/>\n<meta property=\"article:publisher\" content=\"https:\/\/www.facebook.com\/cultura.neuroactiva\" \/>\n<meta property=\"article:modified_time\" content=\"2017-08-31T17:21:31+00:00\" \/>\n<meta name=\"twitter:card\" content=\"summary_large_image\" \/>\n<script type=\"application\/ld+json\" class=\"yoast-schema-graph\">{\"@context\":\"https:\/\/schema.org\",\"@graph\":[{\"@type\":\"WebPage\",\"@id\":\"https:\/\/culturaneuroactiva.com\/site\/somos\/\",\"url\":\"https:\/\/culturaneuroactiva.com\/site\/somos\/\",\"name\":\"Somos - Cultura Neuroactiva\",\"isPartOf\":{\"@id\":\"https:\/\/culturaneuroactiva.com\/site\/#website\"},\"datePublished\":\"2016-04-11T17:07:12+00:00\",\"dateModified\":\"2017-08-31T17:21:31+00:00\",\"description\":\"Cultura Neuroactiva es el portal de la cultura emergente, en donde se investigan y ofrecen diversas t\u00e9cnicas para el mejoramiento humano, el manejo de problemas, la reconexi\u00f3n ecol\u00f3gica y la salud interior, junto con una variedad de servicios del nuevo paradigma, pensados para satisfacer las necesidades y gustos de las personas neuroactivas.\",\"breadcrumb\":{\"@id\":\"https:\/\/culturaneuroactiva.com\/site\/somos\/#breadcrumb\"},\"inLanguage\":\"es\",\"potentialAction\":[{\"@type\":\"ReadAction\",\"target\":[\"https:\/\/culturaneuroactiva.com\/site\/somos\/\"]}]},{\"@type\":\"BreadcrumbList\",\"@id\":\"https:\/\/culturaneuroactiva.com\/site\/somos\/#breadcrumb\",\"itemListElement\":[{\"@type\":\"ListItem\",\"position\":1,\"name\":\"Portada\",\"item\":\"https:\/\/culturaneuroactiva.com\/site\/\"},{\"@type\":\"ListItem\",\"position\":2,\"name\":\"Somos\"}]},{\"@type\":\"WebSite\",\"@id\":\"https:\/\/culturaneuroactiva.com\/site\/#website\",\"url\":\"https:\/\/culturaneuroactiva.com\/site\/\",\"name\":\"Cultura Neuroactiva\",\"description\":\"Gu\u00edas del Vivir Consciente\",\"potentialAction\":[{\"@type\":\"SearchAction\",\"target\":{\"@type\":\"EntryPoint\",\"urlTemplate\":\"https:\/\/culturaneuroactiva.com\/site\/?s={search_term_string}\"},\"query-input\":{\"@type\":\"PropertyValueSpecification\",\"valueRequired\":true,\"valueName\":\"search_term_string\"}}],\"inLanguage\":\"es\"}]}<\/script>\n<!-- \/ Yoast SEO plugin. -->","yoast_head_json":{"title":"Somos - Cultura Neuroactiva","description":"Cultura Neuroactiva es el portal de la cultura emergente, en donde se investigan y ofrecen diversas t\u00e9cnicas para el mejoramiento humano, el manejo de problemas, la reconexi\u00f3n ecol\u00f3gica y la salud interior, junto con una variedad de servicios del nuevo paradigma, pensados para satisfacer las necesidades y gustos de las personas neuroactivas.","robots":{"index":"index","follow":"follow","max-snippet":"max-snippet:-1","max-image-preview":"max-image-preview:large","max-video-preview":"max-video-preview:-1"},"canonical":"https:\/\/culturaneuroactiva.com\/site\/somos\/","og_locale":"es_ES","og_type":"article","og_title":"Somos - Cultura Neuroactiva","og_description":"Cultura Neuroactiva es el portal de la cultura emergente, en donde se investigan y ofrecen diversas t\u00e9cnicas para el mejoramiento humano, el manejo de problemas, la reconexi\u00f3n ecol\u00f3gica y la salud interior, junto con una variedad de servicios del nuevo paradigma, pensados para satisfacer las necesidades y gustos de las personas neuroactivas.","og_url":"https:\/\/culturaneuroactiva.com\/site\/somos\/","og_site_name":"Cultura Neuroactiva","article_publisher":"https:\/\/www.facebook.com\/cultura.neuroactiva","article_modified_time":"2017-08-31T17:21:31+00:00","twitter_card":"summary_large_image","schema":{"@context":"https:\/\/schema.org","@graph":[{"@type":"WebPage","@id":"https:\/\/culturaneuroactiva.com\/site\/somos\/","url":"https:\/\/culturaneuroactiva.com\/site\/somos\/","name":"Somos - Cultura Neuroactiva","isPartOf":{"@id":"https:\/\/culturaneuroactiva.com\/site\/#website"},"datePublished":"2016-04-11T17:07:12+00:00","dateModified":"2017-08-31T17:21:31+00:00","description":"Cultura Neuroactiva es el portal de la cultura emergente, en donde se investigan y ofrecen diversas t\u00e9cnicas para el mejoramiento humano, el manejo de problemas, la reconexi\u00f3n ecol\u00f3gica y la salud interior, junto con una variedad de servicios del nuevo paradigma, pensados para satisfacer las necesidades y gustos de las personas neuroactivas.","breadcrumb":{"@id":"https:\/\/culturaneuroactiva.com\/site\/somos\/#breadcrumb"},"inLanguage":"es","potentialAction":[{"@type":"ReadAction","target":["https:\/\/culturaneuroactiva.com\/site\/somos\/"]}]},{"@type":"BreadcrumbList","@id":"https:\/\/culturaneuroactiva.com\/site\/somos\/#breadcrumb","itemListElement":[{"@type":"ListItem","position":1,"name":"Portada","item":"https:\/\/culturaneuroactiva.com\/site\/"},{"@type":"ListItem","position":2,"name":"Somos"}]},{"@type":"WebSite","@id":"https:\/\/culturaneuroactiva.com\/site\/#website","url":"https:\/\/culturaneuroactiva.com\/site\/","name":"Cultura Neuroactiva","description":"Gu\u00edas del Vivir Consciente","potentialAction":[{"@type":"SearchAction","target":{"@type":"EntryPoint","urlTemplate":"https:\/\/culturaneuroactiva.com\/site\/?s={search_term_string}"},"query-input":{"@type":"PropertyValueSpecification","valueRequired":true,"valueName":"search_term_string"}}],"inLanguage":"es"}]}},"_links":{"self":[{"href":"https:\/\/culturaneuroactiva.com\/site\/wp-json\/wp\/v2\/pages\/791","targetHints":{"allow":["GET"]}}],"collection":[{"href":"https:\/\/culturaneuroactiva.com\/site\/wp-json\/wp\/v2\/pages"}],"about":[{"href":"https:\/\/culturaneuroactiva.com\/site\/wp-json\/wp\/v2\/types\/page"}],"author":[{"embeddable":true,"href":"https:\/\/culturaneuroactiva.com\/site\/wp-json\/wp\/v2\/users\/1"}],"replies":[{"embeddable":true,"href":"https:\/\/culturaneuroactiva.com\/site\/wp-json\/wp\/v2\/comments?post=791"}],"version-history":[{"count":6,"href":"https:\/\/culturaneuroactiva.com\/site\/wp-json\/wp\/v2\/pages\/791\/revisions"}],"predecessor-version":[{"id":1752,"href":"https:\/\/culturaneuroactiva.com\/site\/wp-json\/wp\/v2\/pages\/791\/revisions\/1752"}],"wp:attachment":[{"href":"https:\/\/culturaneuroactiva.com\/site\/wp-json\/wp\/v2\/media?parent=791"}],"curies":[{"name":"wp","href":"https:\/\/api.w.org\/{rel}","templated":true}]}}