{"id":397,"date":"2016-01-29T01:49:05","date_gmt":"2016-01-29T01:49:05","guid":{"rendered":"http:\/\/culturaneuroactiva.com\/site\/?page_id=397"},"modified":"2016-06-30T18:19:00","modified_gmt":"2016-06-30T18:19:00","slug":"cambio-de-paradigma-mental","status":"publish","type":"page","link":"https:\/\/culturaneuroactiva.com\/site\/cambio-de-paradigma-mental\/","title":{"rendered":"Cambio de Paradigma Mental"},"content":{"rendered":"<h6 style=\"text-align: justify;\"><a href=\"http:\/\/culturaneuroactiva.com\/site\/wp-content\/uploads\/2016\/01\/Cambio-de-Paradigma.jpg\"><img loading=\"lazy\" decoding=\"async\" class=\"wp-image-1436 aligncenter\" src=\"http:\/\/culturaneuroactiva.com\/site\/wp-content\/uploads\/2016\/01\/Cambio-de-Paradigma-300x225.jpg\" alt=\"Cambio de Paradigma\" width=\"517\" height=\"388\" \/><\/a><\/h6>\n<h6 style=\"text-align: justify;\">* ABRIR LA IMAGEN CON UN CLIC<\/h6>\n<h6 style=\"text-align: justify;\"><\/h6>\n<h6 style=\"text-align: justify;\"><span style=\"color: #266099;\">El cambio de paradigma mental es la misma <a style=\"color: #266099;\" href=\"http:\/\/culturaneuroactiva.com\/site\/que-es-la-neuroactivacion\/\" target=\"_blank\">neuroactivaci\u00f3n<\/a>, que es causada por el fen\u00f3meno del cambio de polaridad magn\u00e9tica de la Tierra y por el cambio en nuestro ADN, lo cual implica un cambio estructural en la cognici\u00f3n, en la cultura y en la sociedad. Los paradigmas mentales son el conjunto de creencias y conceptos que se encarga de crear e interpretar la realidad cotidiana. Desde el inicio de la cultura occidental la humanidad ha sido regida por el viejo paradigma, centrado en el yo, el tener, la productividad, el bienestar y la seguridad, el problema es que los modos de vida que genera este paradigma son desestructurados y no sostenibles, por lo que en estos momentos la humanidad entera se encuentra en un cambio del viejo paradigma al nuevo paradigma, esto cambia directamente el sistema de creencias, la escala de valores, y los modos de vida. El nuevo paradigma se centra en el bien com\u00fan, el ser, la realizaci\u00f3n, y la conexi\u00f3n interior.<\/span><\/h6>\n<p>&nbsp;<\/p>\n<div id=\"content\" class=\"clearfix\">\n<article id=\"post-430\" class=\"post-430 page type-page status-publish hentry\">\n<header class=\"entry-header\">\n<h1 class=\"entry-title\">S\u00edntomas F\u00edsicos<\/h1>\n<\/header>\n<div class=\"entry-content clearfix\">\n<h6 style=\"text-align: justify;\">El ser humano est\u00e1 atravesando por una serie de transformaciones psicol\u00f3gicas debido al cambio de paradigma mental, las cuales corresponden a los diversos sintomas colectivos de Neuroactivaci\u00f3n, y esto llega incluso a afectar su cuerpo gener\u00e1ndole las siguientes incomodidades f\u00edsicas:<\/h6>\n<ul>\n<li>\n<h6 style=\"text-align: justify;\">Migra\u00f1a y dolor de cabeza.<\/h6>\n<\/li>\n<li style=\"text-align: justify;\">\n<h6>Dolor espor\u00e1dico en diferentes partes del cuerpo: espalda, m\u00fasculos, huesos, articulaciones, cicatrices, calzas dentales.<\/h6>\n<\/li>\n<li style=\"text-align: justify;\">\n<h6>Mareos, nauseas, sofoco, fatiga y dificultad para respirar.<\/h6>\n<\/li>\n<li style=\"text-align: justify;\">\n<h6>Diarrea, sonidos estomacales.<\/h6>\n<\/li>\n<li style=\"text-align: justify;\">\n<h6>Insomnio o exceso de sue\u00f1o.<\/h6>\n<\/li>\n<li style=\"text-align: justify;\">\n<h6>Movimiento aut\u00f3nomo de las manos o de diferentes partes del cuerpo, contracciones musculares involuntarias.<\/h6>\n<\/li>\n<li style=\"text-align: justify;\">\n<h6>Vibraci\u00f3n energ\u00e9tica en las manos.<\/h6>\n<\/li>\n<li style=\"text-align: justify;\">\n<h6>Electro-conducci\u00f3n, exceso de energ\u00eda est\u00e1tica.<\/h6>\n<\/li>\n<li style=\"text-align: justify;\">\n<h6>Entumecimiento.<\/h6>\n<\/li>\n<li style=\"text-align: justify;\">\n<h6>Desenfoque de la visi\u00f3n, ver como en las pel\u00edculas de tercera dimensi\u00f3n.<\/h6>\n<\/li>\n<li style=\"text-align: justify;\">\n<h6>Oleadas de calor o de fr\u00edo, estados de hipotermia.<\/h6>\n<\/li>\n<li style=\"text-align: justify;\">\n<h6>Hipersensibilidad auditiva.<\/h6>\n<\/li>\n<li style=\"text-align: justify;\">\n<h6>Palpitaciones.<\/h6>\n<\/li>\n<li style=\"text-align: justify;\">\n<h6>Cambios en el apetito y en el sabor de las comidas.<\/h6>\n<\/li>\n<li style=\"text-align: justify;\">\n<h6>Sudoraci\u00f3n.<\/h6>\n<\/li>\n<li style=\"text-align: justify;\">\n<h6>Cambios s\u00fabitos en la apariencia f\u00edsica, cambios de color en la piel, cambios de peso.<\/h6>\n<\/li>\n<li style=\"text-align: justify;\">\n<h6>Piqui\u00f1as y alergias en diferentes partes del cuerpo.<\/h6>\n<\/li>\n<li style=\"text-align: justify;\">\n<h6>Fotosensibilidad.<\/h6>\n<\/li>\n<\/ul>\n<p style=\"text-align: justify;\">\n<\/div>\n<\/article>\n<\/div>\n<div id=\"content\" class=\"clearfix\">\n<article id=\"post-433\" class=\"post-433 page type-page status-publish hentry\">\n<header class=\"entry-header\">\n<h1 class=\"entry-title\">S\u00edntomas Psicol\u00f3gicos<\/h1>\n<\/header>\n<div class=\"entry-content clearfix\">\n<h6 style=\"text-align: justify;\">La humanidad actual est\u00e1 atravesando por una serie de transformaciones debido al cambio de paradigma mental, y esto genera en las personas las siguientes incomodidades psicol\u00f3gicas:<\/h6>\n<ul>\n<li>\n<h6 style=\"text-align: justify;\">Acelere y estr\u00e9s.<\/h6>\n<\/li>\n<li style=\"text-align: justify;\">\n<h6>Sinsentido, des\u00e1nimo y desmotivaci\u00f3n.<\/h6>\n<\/li>\n<li style=\"text-align: justify;\">\n<h6>Bajo rendimiento escolar y laboral.<\/h6>\n<\/li>\n<li style=\"text-align: justify;\">\n<h6>Vulnerabilidad emocional, irritabilidad.<\/h6>\n<\/li>\n<li style=\"text-align: justify;\">\n<h6>Cambios s\u00fabitos de personalidad, de genio, de \u00e1nimo.<\/h6>\n<\/li>\n<li style=\"text-align: justify;\">\n<h6>Cambio de gustos, de h\u00e1bitos, de trabajo, de amigos, de pareja.<\/h6>\n<\/li>\n<li style=\"text-align: justify;\">\n<h6>Estar ido o elevado, mirada perdida.<\/h6>\n<\/li>\n<li style=\"text-align: justify;\">\n<h6>P\u00e9rdida de la memoria a corto plazo.<\/h6>\n<\/li>\n<li style=\"text-align: justify;\">\n<h6>P\u00e9rdida del hilo en las conversaciones, p\u00e9rdida de la fluidez verbal.<\/h6>\n<\/li>\n<li style=\"text-align: justify;\">\n<h6>P\u00e9rdida del contexto espacio-temporal, dificultad para racionalizar el entorno.<\/h6>\n<\/li>\n<li style=\"text-align: justify;\">\n<h6>P\u00e9rdida de la noci\u00f3n del tiempo, se desaparece el concepto de \u201cd\u00edas de la semana\u201d.<\/h6>\n<\/li>\n<li style=\"text-align: justify;\">\n<h6>Trastornos mentales, depresiones, adicciones.<\/h6>\n<\/li>\n<li style=\"text-align: justify;\">\n<h6>Problemas relacionales y maladaptativos.<\/h6>\n<\/li>\n<li style=\"text-align: justify;\">\n<h6>No soportar las aglomeraciones, fastidio social.<\/h6>\n<\/li>\n<li style=\"text-align: justify;\">\n<h6>Darse cuenta de los pensamientos, sensaciones y emociones de otras personas, y no saber controlar tal situaci\u00f3n.<\/h6>\n<\/li>\n<li style=\"text-align: justify;\">\n<h6>Hablar solo, expresarse en lenguaje figurado.<\/h6>\n<\/li>\n<li style=\"text-align: justify;\">\n<h6>Escuchar voces internas.<\/h6>\n<\/li>\n<li>\n<h6 style=\"text-align: justify;\">Aumento de las coinsidencias y sincronicidades.<\/h6>\n<\/li>\n<\/ul>\n<\/div>\n<\/article>\n<\/div>\n<p style=\"text-align: justify;\"><span style=\"color: #000000;\">\u00a0<\/span><\/p>\n<div id=\"content\" class=\"clearfix\">\n<article id=\"post-436\" class=\"post-436 page type-page status-publish hentry\">\n<header class=\"entry-header\">\n<h1 class=\"entry-title\">Principios del Viejo Paradigma<\/h1>\n<\/header>\n<div class=\"entry-content clearfix\">\n<h6 style=\"text-align: justify;\">El viejo paradigma es el sistema de creencias, valores y modos de vida, creado s\u00f3lo para personas neuronormales, desde el que se rigen todos los sistemas sociales, y que esta basado en los siguientes principios:<\/h6>\n<ul>\n<li>\n<h6 style=\"text-align: justify;\">Corresponde al Estad\u00edo Neuronormal y a la Etapa \u00cdndigo.<\/h6>\n<\/li>\n<li style=\"text-align: justify;\">\n<h6>Est\u00e1 regido por lo que deber\u00eda ser, por el hacer programado, por el juicio, por el condicionamiento social, por lo habitual, lo dogm\u00e1tico, lo est\u00e1tico y lo repetitivo.<\/h6>\n<\/li>\n<li style=\"text-align: justify;\">\n<h6>Sus valores principales son el individualismo, la productividad, la juventud, la belleza, el facilismo, la seguridad, el bienestar y la felicidad.<\/h6>\n<\/li>\n<li style=\"text-align: justify;\">\n<h6>Se sacrifican los sue\u00f1os a cambio de la seguridad, el bienestar y la comodidad, que ofrece el trabajar en una empresa.<\/h6>\n<\/li>\n<li style=\"text-align: justify;\">\n<h6>Se divide el hacer entre el trabajo y los hobbies, aqu\u00ed el trabajo corresponde al hacer del que se deriva el sustento, y los hobbies corresponden al hacer con coraz\u00f3n.<\/h6>\n<\/li>\n<li style=\"text-align: justify;\">\n<h6>Corresponde al Modo Cognitivo F\u00edsico solamente (o al Modo Cognitivo Espiritual solamente: Etapa Cristal), por lo que \u00fanicamente se conoce la Realidad F\u00edsica y los sentidos f\u00edsicos.<\/h6>\n<\/li>\n<li style=\"text-align: justify;\">\n<h6>Quienes viven as\u00ed el tiempo se les divide en semana (esclavitud) y fines de semana (libertad).<\/h6>\n<\/li>\n<li style=\"text-align: justify;\">\n<h6>Se vive la realidad a trav\u00e9s de una sola visi\u00f3n del mundo, ya que s\u00f3lo se conoce una realidad.<\/h6>\n<\/li>\n<li style=\"text-align: justify;\">\n<h6>Se vive en un tiempo horizontal regido por el pasado y el futuro, en donde casi no se permanece en el presente, debido a que se vive inmerso en el lenguaje y en la raz\u00f3n.<\/h6>\n<\/li>\n<li style=\"text-align: justify;\">\n<h6>Se maneja b\u00fasqueda de la diferencia y la competitividad.<\/h6>\n<\/li>\n<li style=\"text-align: justify;\">\n<h6>El punto de referencia es externo, y consiste en moverse a trav\u00e9s de la preparaci\u00f3n, la programaci\u00f3n y la disciplina, para poder ser competitivo en el medio y asegurarse un puesto de privilegio social.<\/h6>\n<\/li>\n<li style=\"text-align: justify;\">\n<h6>Se tiene una visi\u00f3n parcial de la realidad, por lo tanto siempre se tiene un sesgo en lo que se observa, en lo que se entiende y en lo que se describe.<\/h6>\n<\/li>\n<li style=\"text-align: justify;\">\n<h6>Est\u00e1 regido por el ser y por el hacer.<\/h6>\n<\/li>\n<li style=\"text-align: justify;\">\n<h6>El tiempo es dinero.<\/h6>\n<\/li>\n<li style=\"text-align: justify;\">\n<h6>Se vive en el mundo de la causa y el efecto, por eso todo es polar y tiene principio y fin.<\/h6>\n<\/li>\n<li style=\"text-align: justify;\">\n<h6>Se vive un mundo de competitividad, regido por mecanismos de control, producci\u00f3n, poder y miedo.<\/h6>\n<\/li>\n<li style=\"text-align: justify;\">\n<h6>Se vive en la lucha de superar un pasado para vivir un futuro mejor.<\/h6>\n<\/li>\n<li style=\"text-align: justify;\">\n<h6>El mundo se mueve a trav\u00e9s de un principio r\u00edtmico basado en la dualidad (como la oscilaci\u00f3n del p\u00e9ndulo), por eso se vive en medio de la paradoja y todo son verdades a medias.<\/h6>\n<\/li>\n<li style=\"text-align: justify;\">\n<h6>Se vive del enga\u00f1o y de la trasgresi\u00f3n de leyes, tanto materiales como espirituales.<\/h6>\n<\/li>\n<li>\n<h6 style=\"text-align: justify;\">Todas las situaciones son vividas al extremo entre el placer y el dolor.<\/h6>\n<\/li>\n<\/ul>\n<\/div>\n<\/article>\n<\/div>\n<p>&nbsp;<\/p>\n<div id=\"content\" class=\"clearfix\">\n<article id=\"post-438\" class=\"post-438 page type-page status-publish hentry\">\n<header class=\"entry-header\">\n<h1 class=\"entry-title\">Principios del Nuevo Paradigma<\/h1>\n<\/header>\n<div class=\"entry-content clearfix\">\n<h6 style=\"text-align: justify;\">El nuevo paradigma es el sistema de creencias, valores y modos de vida, que est\u00e1 surgiendo a partir de las personas neuroactivas, y que trae una profunda transformacion a nivel individual, social y planetario, est\u00e1 basado en los siguientes principios:<\/h6>\n<ul>\n<li>\n<h6 style=\"text-align: justify;\">Corresponde a la fusi\u00f3n de ambos modos cognitivos, o sea, a moverse en ambos lados de la realidad con igual destreza, gracias a la activaci\u00f3n integrada de los sentidos internos y los sentidos internos.<\/h6>\n<\/li>\n<li style=\"text-align: justify;\">\n<h6>Corresponde a la etapa Cristal y Arco\u00edris del Proceso de Neuroactivaci\u00f3n.<\/h6>\n<\/li>\n<li style=\"text-align: justify;\">\n<h6>Est\u00e1 regido por el hacer fluido, por la aceptaci\u00f3n, por la autorrealizaci\u00f3n, por lo innovador, lo misterioso, lo evolutivo y lo novedoso.<\/h6>\n<\/li>\n<li style=\"text-align: justify;\">\n<h6>Sus valores principales son el cooperativismo, la asertividad, la experiencia, la belleza interna, la plenitud, el equilibrio y la serenidad.<\/h6>\n<\/li>\n<li style=\"text-align: justify;\">\n<h6>Se vive en pos de alcanzar los sue\u00f1os, sigui\u00e9ndose a s\u00ed mismo a cada instante, y se trabaja en la realizaci\u00f3n de la misi\u00f3n, ejerciendo los talentos propios.<\/h6>\n<\/li>\n<li style=\"text-align: justify;\">\n<h6>Se fusiona el querer y el hacer en un tiempo unificado.<\/h6>\n<\/li>\n<li style=\"text-align: justify;\">\n<h6>Se vive la realidad a trav\u00e9s del estar abierto a las infinitas posibilidades.<\/h6>\n<\/li>\n<li style=\"text-align: justify;\">\n<h6>Se vive en un tiempo vertical regido por el instante presente, pero sin perder el manejo del tiempo horizontal.<\/h6>\n<\/li>\n<li style=\"text-align: justify;\">\n<h6>Se maneja la igualdad y la compasi\u00f3n.<\/h6>\n<\/li>\n<li style=\"text-align: justify;\">\n<h6>El punto de referencia es interno, y consiste en moverse a trav\u00e9s de la fluidez y la claridad de lo que se es y de lo que se hace, para poder no desviarse del camino que conduce a la realizaci\u00f3n de los sue\u00f1os y a la consecuci\u00f3n de la plenitud.<\/h6>\n<\/li>\n<li style=\"text-align: justify;\">\n<h6>Se tiene una visi\u00f3n total de la realidad, que se caracteriza por ser siempre objetiva, equilibrada y en la justa medida.<\/h6>\n<\/li>\n<li style=\"text-align: justify;\">\n<h6>Est\u00e1 regido por el no ser y por el no hacer, sin perder el manejo de lo contrario.<\/h6>\n<\/li>\n<li>\n<h6 style=\"text-align: justify;\">El tiempo es arte, sin perder el manejo de lo contrario.<\/h6>\n<\/li>\n<\/ul>\n<\/div>\n<\/article>\n<\/div>\n<p>&nbsp;<\/p>\n<div id=\"content\" class=\"clearfix\">\n<article id=\"post-248\" class=\"post-248 page type-page status-publish hentry\">\n<header class=\"entry-header\">\n<h1 class=\"entry-title\">Modos de Vida del Nuevo Paradigma<\/h1>\n<\/header>\n<div class=\"entry-content clearfix\">\n<h6 style=\"text-align: justify;\">A las personas que atraviesan por el cambio de paradigma mental y que son conocidas como cultura emergente o personas neuroactivas, por lo general les deja de funcionar las maneras tradicionales de moverse en el mundo, de trabajar, de estudiar, de relacionarse, de divertirse y de vivir, por lo que empiezan a necesitar de unos modos de vida que sean acordes a su nueva naturaleza regida por principios del nuevo paradigma mental, y como la sociedad occidental s\u00f3lo hace visibles los modos de vida del viejo paradigma, las personas que empiezan a hacer parte de esta nueva cultura emergente, se quedan sin punto de referencia y por ello corren el riesgo de estancarse, estresarse, deprimirse, enfermarse o de colapsar, lo cual equivale a estar vulnerables frente a peligros como la agresividad, la soledad, la locura o el suicidio. Por eso para quienes empiezan a despertar de conciencia, lo m\u00e1s importante para su salud y bienestar es contar con un mapa o punto de referencia que los oriente sobre los modos de vida del nuevo paradigma, para lo cual Cultura Neuroactiva ofrece toda una l\u00ednea de investigaci\u00f3n, informaci\u00f3n y servicios, buscando beneficiar a las personas neuroactivas, que en unos a\u00f1os ser\u00e1n la mayor\u00eda de la poblaci\u00f3n mundial.<\/h6>\n<p>&nbsp;<\/p>\n<\/div>\n<\/article>\n<\/div>\n<h6>Autor: Juan David Silva Aguirre.<\/h6>\n<p><img loading=\"lazy\" decoding=\"async\" class=\"alignnone wp-image-637\" src=\"http:\/\/culturaneuroactiva.com\/site\/wp-content\/uploads\/2016\/03\/creative-comons-300x105.png\" alt=\"creative comons\" width=\"97\" height=\"34\" srcset=\"https:\/\/culturaneuroactiva.com\/site\/wp-content\/uploads\/2016\/03\/creative-comons-300x105.png 300w, https:\/\/culturaneuroactiva.com\/site\/wp-content\/uploads\/2016\/03\/creative-comons-392x141.png 392w, https:\/\/culturaneuroactiva.com\/site\/wp-content\/uploads\/2016\/03\/creative-comons-390x141.png 390w, https:\/\/culturaneuroactiva.com\/site\/wp-content\/uploads\/2016\/03\/creative-comons.png 403w\" sizes=\"auto, (max-width: 97px) 100vw, 97px\" \/><\/p>\n<h6>Terapia de Cambio de Paradigma.<\/h6>\n<h6>Cita Previa: culturaneuroactiva@gmail.com (Cel.3127994357)<\/h6>\n<h6>Medell\u00edn \u2013 Colombia<\/h6>\n<h6><a href=\"http:\/\/l.facebook.com\/l.php?u=http%3A%2F%2Fwww.culturaneuroactiva.com%2F&amp;h=GAQHkP-dWAQF9YuuXMR1tLwME73XjI3u_VmoDrnpksFBEGw&amp;enc=AZPnHHQRkjDPvVeSOJ2tPEg2u2ci05a-M934aWIvvhnjuDpvFq5hiCRWNuCxhlEZ1prmwyzsYJ2r3P_0mm1-oBpmC5CYoJj-ad7Rh5hjNgGpAELXNWW7TBwCuttYzacbApBp-acPHHIst4vBslaUtQ4UGO0O4os857e6VHHnWBDw_DLIz0VYdPbGzgt4GDJ-th2-ZR4gYfGu02bdCBD4go1p&amp;s=1\" target=\"_blank\" rel=\"nofollow\">www.culturaneuroactiva.com<\/a><\/h6>\n<p>&nbsp;<\/p>\n","protected":false},"excerpt":{"rendered":"<p>* ABRIR LA IMAGEN CON UN CLIC El cambio de paradigma mental es la misma neuroactivaci\u00f3n, que es causada por<\/p>\n","protected":false},"author":1,"featured_media":0,"parent":0,"menu_order":0,"comment_status":"closed","ping_status":"closed","template":"","meta":{"colormag_page_layout":"default_layout","footnotes":""},"class_list":["post-397","page","type-page","status-publish","hentry"],"yoast_head":"<!-- This site is optimized with the Yoast SEO plugin v25.6 - https:\/\/yoast.com\/wordpress\/plugins\/seo\/ -->\n<title>Cambio de Paradigma Mental - Cultura Neuroactiva<\/title>\n<meta name=\"robots\" content=\"index, follow, max-snippet:-1, max-image-preview:large, max-video-preview:-1\" \/>\n<link rel=\"canonical\" href=\"https:\/\/culturaneuroactiva.com\/site\/cambio-de-paradigma-mental\/\" \/>\n<meta property=\"og:locale\" content=\"es_ES\" \/>\n<meta property=\"og:type\" content=\"article\" \/>\n<meta property=\"og:title\" content=\"Cambio de Paradigma Mental - Cultura Neuroactiva\" \/>\n<meta property=\"og:description\" content=\"* ABRIR LA IMAGEN CON UN CLIC El cambio de paradigma mental es la misma neuroactivaci\u00f3n, que es causada por\" \/>\n<meta property=\"og:url\" content=\"https:\/\/culturaneuroactiva.com\/site\/cambio-de-paradigma-mental\/\" \/>\n<meta property=\"og:site_name\" content=\"Cultura Neuroactiva\" \/>\n<meta property=\"article:publisher\" content=\"https:\/\/www.facebook.com\/cultura.neuroactiva\" \/>\n<meta property=\"article:modified_time\" content=\"2016-06-30T18:19:00+00:00\" \/>\n<meta property=\"og:image\" content=\"http:\/\/culturaneuroactiva.com\/site\/wp-content\/uploads\/2016\/01\/Cambio-de-Paradigma-300x225.jpg\" \/>\n<meta name=\"twitter:card\" content=\"summary_large_image\" \/>\n<meta name=\"twitter:label1\" content=\"Tiempo de lectura\" \/>\n\t<meta name=\"twitter:data1\" content=\"8 minutos\" \/>\n<script type=\"application\/ld+json\" class=\"yoast-schema-graph\">{\"@context\":\"https:\/\/schema.org\",\"@graph\":[{\"@type\":\"WebPage\",\"@id\":\"https:\/\/culturaneuroactiva.com\/site\/cambio-de-paradigma-mental\/\",\"url\":\"https:\/\/culturaneuroactiva.com\/site\/cambio-de-paradigma-mental\/\",\"name\":\"Cambio de Paradigma Mental - Cultura Neuroactiva\",\"isPartOf\":{\"@id\":\"https:\/\/culturaneuroactiva.com\/site\/#website\"},\"primaryImageOfPage\":{\"@id\":\"https:\/\/culturaneuroactiva.com\/site\/cambio-de-paradigma-mental\/#primaryimage\"},\"image\":{\"@id\":\"https:\/\/culturaneuroactiva.com\/site\/cambio-de-paradigma-mental\/#primaryimage\"},\"thumbnailUrl\":\"http:\/\/culturaneuroactiva.com\/site\/wp-content\/uploads\/2016\/01\/Cambio-de-Paradigma-300x225.jpg\",\"datePublished\":\"2016-01-29T01:49:05+00:00\",\"dateModified\":\"2016-06-30T18:19:00+00:00\",\"breadcrumb\":{\"@id\":\"https:\/\/culturaneuroactiva.com\/site\/cambio-de-paradigma-mental\/#breadcrumb\"},\"inLanguage\":\"es\",\"potentialAction\":[{\"@type\":\"ReadAction\",\"target\":[\"https:\/\/culturaneuroactiva.com\/site\/cambio-de-paradigma-mental\/\"]}]},{\"@type\":\"ImageObject\",\"inLanguage\":\"es\",\"@id\":\"https:\/\/culturaneuroactiva.com\/site\/cambio-de-paradigma-mental\/#primaryimage\",\"url\":\"http:\/\/culturaneuroactiva.com\/site\/wp-content\/uploads\/2016\/01\/Cambio-de-Paradigma-300x225.jpg\",\"contentUrl\":\"http:\/\/culturaneuroactiva.com\/site\/wp-content\/uploads\/2016\/01\/Cambio-de-Paradigma-300x225.jpg\"},{\"@type\":\"BreadcrumbList\",\"@id\":\"https:\/\/culturaneuroactiva.com\/site\/cambio-de-paradigma-mental\/#breadcrumb\",\"itemListElement\":[{\"@type\":\"ListItem\",\"position\":1,\"name\":\"Portada\",\"item\":\"https:\/\/culturaneuroactiva.com\/site\/\"},{\"@type\":\"ListItem\",\"position\":2,\"name\":\"Cambio de Paradigma Mental\"}]},{\"@type\":\"WebSite\",\"@id\":\"https:\/\/culturaneuroactiva.com\/site\/#website\",\"url\":\"https:\/\/culturaneuroactiva.com\/site\/\",\"name\":\"Cultura Neuroactiva\",\"description\":\"Gu\u00edas del Vivir Consciente\",\"potentialAction\":[{\"@type\":\"SearchAction\",\"target\":{\"@type\":\"EntryPoint\",\"urlTemplate\":\"https:\/\/culturaneuroactiva.com\/site\/?s={search_term_string}\"},\"query-input\":{\"@type\":\"PropertyValueSpecification\",\"valueRequired\":true,\"valueName\":\"search_term_string\"}}],\"inLanguage\":\"es\"}]}<\/script>\n<!-- \/ Yoast SEO plugin. -->","yoast_head_json":{"title":"Cambio de Paradigma Mental - Cultura Neuroactiva","robots":{"index":"index","follow":"follow","max-snippet":"max-snippet:-1","max-image-preview":"max-image-preview:large","max-video-preview":"max-video-preview:-1"},"canonical":"https:\/\/culturaneuroactiva.com\/site\/cambio-de-paradigma-mental\/","og_locale":"es_ES","og_type":"article","og_title":"Cambio de Paradigma Mental - Cultura Neuroactiva","og_description":"* ABRIR LA IMAGEN CON UN CLIC El cambio de paradigma mental es la misma neuroactivaci\u00f3n, que es causada por","og_url":"https:\/\/culturaneuroactiva.com\/site\/cambio-de-paradigma-mental\/","og_site_name":"Cultura Neuroactiva","article_publisher":"https:\/\/www.facebook.com\/cultura.neuroactiva","article_modified_time":"2016-06-30T18:19:00+00:00","og_image":[{"url":"http:\/\/culturaneuroactiva.com\/site\/wp-content\/uploads\/2016\/01\/Cambio-de-Paradigma-300x225.jpg","type":"","width":"","height":""}],"twitter_card":"summary_large_image","twitter_misc":{"Tiempo de lectura":"8 minutos"},"schema":{"@context":"https:\/\/schema.org","@graph":[{"@type":"WebPage","@id":"https:\/\/culturaneuroactiva.com\/site\/cambio-de-paradigma-mental\/","url":"https:\/\/culturaneuroactiva.com\/site\/cambio-de-paradigma-mental\/","name":"Cambio de Paradigma Mental - Cultura Neuroactiva","isPartOf":{"@id":"https:\/\/culturaneuroactiva.com\/site\/#website"},"primaryImageOfPage":{"@id":"https:\/\/culturaneuroactiva.com\/site\/cambio-de-paradigma-mental\/#primaryimage"},"image":{"@id":"https:\/\/culturaneuroactiva.com\/site\/cambio-de-paradigma-mental\/#primaryimage"},"thumbnailUrl":"http:\/\/culturaneuroactiva.com\/site\/wp-content\/uploads\/2016\/01\/Cambio-de-Paradigma-300x225.jpg","datePublished":"2016-01-29T01:49:05+00:00","dateModified":"2016-06-30T18:19:00+00:00","breadcrumb":{"@id":"https:\/\/culturaneuroactiva.com\/site\/cambio-de-paradigma-mental\/#breadcrumb"},"inLanguage":"es","potentialAction":[{"@type":"ReadAction","target":["https:\/\/culturaneuroactiva.com\/site\/cambio-de-paradigma-mental\/"]}]},{"@type":"ImageObject","inLanguage":"es","@id":"https:\/\/culturaneuroactiva.com\/site\/cambio-de-paradigma-mental\/#primaryimage","url":"http:\/\/culturaneuroactiva.com\/site\/wp-content\/uploads\/2016\/01\/Cambio-de-Paradigma-300x225.jpg","contentUrl":"http:\/\/culturaneuroactiva.com\/site\/wp-content\/uploads\/2016\/01\/Cambio-de-Paradigma-300x225.jpg"},{"@type":"BreadcrumbList","@id":"https:\/\/culturaneuroactiva.com\/site\/cambio-de-paradigma-mental\/#breadcrumb","itemListElement":[{"@type":"ListItem","position":1,"name":"Portada","item":"https:\/\/culturaneuroactiva.com\/site\/"},{"@type":"ListItem","position":2,"name":"Cambio de Paradigma Mental"}]},{"@type":"WebSite","@id":"https:\/\/culturaneuroactiva.com\/site\/#website","url":"https:\/\/culturaneuroactiva.com\/site\/","name":"Cultura Neuroactiva","description":"Gu\u00edas del Vivir Consciente","potentialAction":[{"@type":"SearchAction","target":{"@type":"EntryPoint","urlTemplate":"https:\/\/culturaneuroactiva.com\/site\/?s={search_term_string}"},"query-input":{"@type":"PropertyValueSpecification","valueRequired":true,"valueName":"search_term_string"}}],"inLanguage":"es"}]}},"_links":{"self":[{"href":"https:\/\/culturaneuroactiva.com\/site\/wp-json\/wp\/v2\/pages\/397","targetHints":{"allow":["GET"]}}],"collection":[{"href":"https:\/\/culturaneuroactiva.com\/site\/wp-json\/wp\/v2\/pages"}],"about":[{"href":"https:\/\/culturaneuroactiva.com\/site\/wp-json\/wp\/v2\/types\/page"}],"author":[{"embeddable":true,"href":"https:\/\/culturaneuroactiva.com\/site\/wp-json\/wp\/v2\/users\/1"}],"replies":[{"embeddable":true,"href":"https:\/\/culturaneuroactiva.com\/site\/wp-json\/wp\/v2\/comments?post=397"}],"version-history":[{"count":29,"href":"https:\/\/culturaneuroactiva.com\/site\/wp-json\/wp\/v2\/pages\/397\/revisions"}],"predecessor-version":[{"id":1457,"href":"https:\/\/culturaneuroactiva.com\/site\/wp-json\/wp\/v2\/pages\/397\/revisions\/1457"}],"wp:attachment":[{"href":"https:\/\/culturaneuroactiva.com\/site\/wp-json\/wp\/v2\/media?parent=397"}],"curies":[{"name":"wp","href":"https:\/\/api.w.org\/{rel}","templated":true}]}}