{"id":3665,"date":"2025-11-14T12:44:00","date_gmt":"2025-11-14T12:44:00","guid":{"rendered":"https:\/\/culturaneuroactiva.com\/site\/?page_id=3665"},"modified":"2026-02-25T18:22:25","modified_gmt":"2026-02-25T18:22:25","slug":"servicios-principales","status":"publish","type":"page","link":"https:\/\/culturaneuroactiva.com\/site\/servicios-principales\/","title":{"rendered":"Servicios Principales"},"content":{"rendered":"<h4><a href=\"https:\/\/culturaneuroactiva.com\/site\/wp-content\/uploads\/2021\/09\/RED-PAS-1.jpg\"><img loading=\"lazy\" decoding=\"async\" class=\"wp-image-2777 aligncenter\" src=\"https:\/\/culturaneuroactiva.com\/site\/wp-content\/uploads\/2021\/09\/RED-PAS-1-300x130.jpg\" alt=\"\" width=\"588\" height=\"255\" srcset=\"https:\/\/culturaneuroactiva.com\/site\/wp-content\/uploads\/2021\/09\/RED-PAS-1-300x130.jpg 300w, https:\/\/culturaneuroactiva.com\/site\/wp-content\/uploads\/2021\/09\/RED-PAS-1-768x333.jpg 768w, https:\/\/culturaneuroactiva.com\/site\/wp-content\/uploads\/2021\/09\/RED-PAS-1.jpg 960w\" sizes=\"auto, (max-width: 588px) 100vw, 588px\" \/><\/a><\/h4>\n<h4><\/h4>\n<h4><strong><span style=\"color: #008080;\">Estos son los servicios m\u00e1s solicitados de Cultura Neuroactiva:<\/span><\/strong><\/h4>\n<ul>\n<li>\n<h5><span style=\"color: #008080;\"><strong>Terapia de Cambio de Personaje. <\/strong><\/span>Ayuda a personas en procesos de muerte-renacimiento para facilitar el cambio de vida y el cambio de personaje, e igualmente, ayuda a personas con problemas de disonancia cognitiva y procastinaci\u00f3n, con el objetivo de alcanzar el control de sus impulsos, y activar la disciplina y la capacidad de acci\u00f3n. Por eso esta terapia sirve para complementar diversos procesos terap\u00e9uticos, como por ejemplo: rehabilitaci\u00f3n de adicciones, cambio de conciencia, enfrentar la desgracia, cumplir los objetivos, y realizar los sue\u00f1os.<\/h5>\n<\/li>\n<li>\n<h5><span style=\"color: #008080;\"><strong>Terapia de Parto Cristal.<\/strong> <\/span>Ayuda a personas en procesos de crisis espiritual y despertar de conciencia, ense\u00f1\u00e1ndoles a manejar el sistema desde afuera, aplicando las t\u00e9cnicas que practican todas las personas que han alcanzado la maestr\u00eda cristal, con el objetivo que solucionen los problemas que los atormentan, y que aprendan a sacarle provecho a su diferencia, a sus potenciales internos y sus habilidades mentales.<\/h5>\n<\/li>\n<li>\n<h5><span style=\"color: #008080;\"><strong>Terapia de Sanaci\u00f3n Cu\u00e1ntica con Biodescodificaci\u00f3n.<\/strong><\/span> Ayuda a sanar las enfermedades del cuerpo, encontrando la causa emocional y mental del s\u00edntoma, para guiar un proceso de desintoxicaci\u00f3n integral, que permita eliminar la enfermedad de ra\u00edz. Sirve para sanar todo tipo de enfermedades, desde patolog\u00edas comunes hasta enfermedades cr\u00f3nicas y terminales.<\/h5>\n<\/li>\n<\/ul>\n<ul>\n<li>\n<h5><span style=\"color: #008080;\"><strong>Combo Terap\u00e9utico con Sound Healing.<\/strong>\u00a0<\/span>Son tres horas de la terapia que escoja, y se finaliza con una hora de meditaci\u00f3n profunda y limpieza energ\u00e9tica con Sound Healing.<\/h5>\n<\/li>\n<\/ul>\n<ul>\n<li>\n<h5><span style=\"color: #008080;\"><strong>Gu\u00eda del Proyecto de Vida Nagual.<\/strong>\u00a0<\/span>Este acompa\u00f1amiento terap\u00e9utico le ayuda a dise\u00f1ar una empresa exitosa a partir de sus talentos y habilidades mentales. El objetivo es guiarlo en el proceso para que pueda construir su proyecto de vida y su marca personal, hasta que logre profesionalizar el hobby y que le paguen por hacer lo que m\u00e1s le guste. Est\u00e1 dirigido a personas que ya tienen uno o varios dones, pero que a\u00fan no saben c\u00f3mo capitalizarlos o c\u00f3mo trabajar con ellos.<\/h5>\n<\/li>\n<\/ul>\n<ul>\n<li>\n<h5><a href=\"https:\/\/culturaneuroactiva.com\/site\/formacion-de-terapeutas-de-salud-interior\/\" target=\"_blank\" rel=\"noopener\"><span style=\"color: #008080;\"><strong>Formaci\u00f3n de Terapeutas de Salud Interior<\/strong><\/span><\/a><span style=\"color: #008080;\"><strong>. <\/strong><\/span>Esta formaci\u00f3n terap\u00e9utica ense\u00f1a un enfoque sist\u00e9mico del ser humano, para poder entender claramente el mapa de la sombra, junto con las causas de los principales problemas psicoemocionales, y sus correspondientes soluciones o t\u00e9cnicas de sanaci\u00f3n. Est\u00e1 basada en las diversas t\u00e9cnicas que utilizan todos los buscadores espirituales para superar las pruebas del camino a la iluminaci\u00f3n.<\/h5>\n<\/li>\n<li>\n<h5><a href=\"https:\/\/culturaneuroactiva.com\/site\/formacion-en-psiconautica-y-plantas-sagradas\/\" target=\"_blank\" rel=\"noopener\"><span style=\"color: #008080;\"><strong>Formaci\u00f3n en Psicon\u00e1utica y Plantas Sagradas<\/strong><\/span><\/a><span style=\"color: #008080;\"><strong>.<\/strong><\/span> Esta es una formaci\u00f3n m\u00edstico-terap\u00e9utica en donde se ense\u00f1a a manejar las plantas sagradas como tecnolog\u00edas mentales, con el objetivo de protegerse de los m\u00faltiples riesgos que tienen los viajes por el inconsciente profundo, y de saber c\u00f3mo se accede a los innumerables beneficios del mundo espiritual, como la canalizaci\u00f3n y la sanaci\u00f3n.<\/h5>\n<\/li>\n<\/ul>\n<h5><\/h5>\n<p>&#8212;-<\/p>\n<p>&nbsp;<\/p>\n<h3 style=\"text-align: center;\"><span style=\"color: #008080;\">TARIFAS<\/span><\/h3>\n<h4><span style=\"color: #008080;\"><strong>DURACI\u00d3N Y VALOR DE LAS TERAPIAS, EL COMBO TERAP\u00c9UTICO Y LA GU\u00cdA<\/strong><\/span><\/h4>\n<ul>\n<li>\n<h5><span style=\"color: #008080;\"><strong>Una hora:<\/strong><\/span>\u00a0$120.000<\/h5>\n<\/li>\n<li>\n<h5><span style=\"color: #008080;\"><strong>Dos horas:<\/strong><\/span>\u00a0$200.000<\/h5>\n<\/li>\n<li>\n<h5><span style=\"color: #008080;\"><strong>Cuatro horas:<\/strong><\/span>\u00a0$350.000\u00a0 Combo terap\u00e9utico.<\/h5>\n<\/li>\n<li>\n<h5><span style=\"color: #008080;\"><strong>Plan mensual de ocho horas:<\/strong>\u00a0<\/span>$600.000\u00a0 Cuatro terapias de dos horas.<\/h5>\n<\/li>\n<li>\n<h5><strong><span style=\"color: #008080;\">Plan mensual de diez horas:<\/span>\u00a0<\/strong>$800.000\u00a0 Tres terapias de dos horas, e inicia con combo terap\u00e9utico de cuatro horas.<\/h5>\n<\/li>\n<\/ul>\n<p>&nbsp;<\/p>\n<h4><span style=\"color: #008080;\"><strong>DURACI\u00d3N Y VALOR DE LAS FORMACIONES<\/strong><\/span><\/h4>\n<ul>\n<li>\n<h5><span style=\"color: #008080;\"><strong>16 horas:<\/strong><\/span> $860.000 \u00a0Una clase semanal de 2 horas por 2 meses.<\/h5>\n<\/li>\n<li>\n<h5><span style=\"color: #008080;\"><strong>32 horas:<\/strong><\/span> $1\u00b4700.000 \u00a0Una clase semanal de 2 horas por 4 meses.<\/h5>\n<\/li>\n<li>\n<h5><span style=\"color: #008080;\"><strong>64 horas:<\/strong><\/span> $3\u00b4400.000 Dos clases semanales de 2 horas por 4 meses.<\/h5>\n<\/li>\n<\/ul>\n<p>&nbsp;<\/p>\n<h4><span style=\"color: #008080;\"><strong>FACILITADOR<\/strong><\/span><\/h4>\n<ul>\n<li>\n<h5><span style=\"color: #008080;\"><strong>Juan David Silva Aguirre.<\/strong>\u00a0<\/span>Director de Cultura Neuroactiva, con 25 a\u00f1os de experiencia en los Servicios de Salud Interior y la Escuela del Vivir Consciente.<\/h5>\n<\/li>\n<\/ul>\n<h5><\/h5>\n<h5><\/h5>\n<p>&nbsp;<\/p>\n<h5><strong><span style=\"color: #008080;\">INFORMES Y RESERVAS:<\/span>\u00a0<\/strong>WhatsApp: +57 3127994357<\/h5>\n<h5><strong><span style=\"color: #008080;\">SEDE DE CULTURA NEUROACTIVA:<\/span>\u00a0<\/strong>Cll. 41 B sur #31 B \u2013 13 (Envigado).<\/h5>\n<h6><\/h6>\n<p>&nbsp;<\/p>\n<h5><strong><a href=\"http:\/\/www.culturaneuroactiva.com\/\">www.culturaneuroactiva.com<\/a><\/strong><\/h5>\n","protected":false},"excerpt":{"rendered":"<p>Estos son los servicios m\u00e1s solicitados de Cultura Neuroactiva: Terapia de Cambio de Personaje. Ayuda a personas en procesos de<\/p>\n","protected":false},"author":1,"featured_media":0,"parent":0,"menu_order":0,"comment_status":"closed","ping_status":"closed","template":"","meta":{"colormag_page_layout":"default_layout","footnotes":""},"class_list":["post-3665","page","type-page","status-publish","hentry"],"yoast_head":"<!-- This site is optimized with the Yoast SEO plugin v25.6 - https:\/\/yoast.com\/wordpress\/plugins\/seo\/ -->\n<title>Servicios Principales - Cultura Neuroactiva<\/title>\n<meta name=\"robots\" content=\"index, follow, max-snippet:-1, max-image-preview:large, max-video-preview:-1\" \/>\n<link rel=\"canonical\" href=\"https:\/\/culturaneuroactiva.com\/site\/servicios-principales\/\" \/>\n<meta property=\"og:locale\" content=\"es_ES\" \/>\n<meta property=\"og:type\" content=\"article\" \/>\n<meta property=\"og:title\" content=\"Servicios Principales - Cultura Neuroactiva\" \/>\n<meta property=\"og:description\" content=\"Estos son los servicios m\u00e1s solicitados de Cultura Neuroactiva: Terapia de Cambio de Personaje. Ayuda a personas en procesos de\" \/>\n<meta property=\"og:url\" content=\"https:\/\/culturaneuroactiva.com\/site\/servicios-principales\/\" \/>\n<meta property=\"og:site_name\" content=\"Cultura Neuroactiva\" \/>\n<meta property=\"article:publisher\" content=\"https:\/\/www.facebook.com\/cultura.neuroactiva\" \/>\n<meta property=\"article:modified_time\" content=\"2026-02-25T18:22:25+00:00\" \/>\n<meta property=\"og:image\" content=\"https:\/\/culturaneuroactiva.com\/site\/wp-content\/uploads\/2021\/09\/RED-PAS-1.jpg\" \/>\n\t<meta property=\"og:image:width\" content=\"960\" \/>\n\t<meta property=\"og:image:height\" content=\"416\" \/>\n\t<meta property=\"og:image:type\" content=\"image\/jpeg\" \/>\n<meta name=\"twitter:card\" content=\"summary_large_image\" \/>\n<meta name=\"twitter:label1\" content=\"Tiempo de lectura\" \/>\n\t<meta name=\"twitter:data1\" content=\"3 minutos\" \/>\n<script type=\"application\/ld+json\" class=\"yoast-schema-graph\">{\"@context\":\"https:\/\/schema.org\",\"@graph\":[{\"@type\":\"WebPage\",\"@id\":\"https:\/\/culturaneuroactiva.com\/site\/servicios-principales\/\",\"url\":\"https:\/\/culturaneuroactiva.com\/site\/servicios-principales\/\",\"name\":\"Servicios Principales - Cultura Neuroactiva\",\"isPartOf\":{\"@id\":\"https:\/\/culturaneuroactiva.com\/site\/#website\"},\"primaryImageOfPage\":{\"@id\":\"https:\/\/culturaneuroactiva.com\/site\/servicios-principales\/#primaryimage\"},\"image\":{\"@id\":\"https:\/\/culturaneuroactiva.com\/site\/servicios-principales\/#primaryimage\"},\"thumbnailUrl\":\"https:\/\/culturaneuroactiva.com\/site\/wp-content\/uploads\/2021\/09\/RED-PAS-1-300x130.jpg\",\"datePublished\":\"2025-11-14T12:44:00+00:00\",\"dateModified\":\"2026-02-25T18:22:25+00:00\",\"breadcrumb\":{\"@id\":\"https:\/\/culturaneuroactiva.com\/site\/servicios-principales\/#breadcrumb\"},\"inLanguage\":\"es\",\"potentialAction\":[{\"@type\":\"ReadAction\",\"target\":[\"https:\/\/culturaneuroactiva.com\/site\/servicios-principales\/\"]}]},{\"@type\":\"ImageObject\",\"inLanguage\":\"es\",\"@id\":\"https:\/\/culturaneuroactiva.com\/site\/servicios-principales\/#primaryimage\",\"url\":\"https:\/\/culturaneuroactiva.com\/site\/wp-content\/uploads\/2021\/09\/RED-PAS-1.jpg\",\"contentUrl\":\"https:\/\/culturaneuroactiva.com\/site\/wp-content\/uploads\/2021\/09\/RED-PAS-1.jpg\",\"width\":960,\"height\":416},{\"@type\":\"BreadcrumbList\",\"@id\":\"https:\/\/culturaneuroactiva.com\/site\/servicios-principales\/#breadcrumb\",\"itemListElement\":[{\"@type\":\"ListItem\",\"position\":1,\"name\":\"Portada\",\"item\":\"https:\/\/culturaneuroactiva.com\/site\/\"},{\"@type\":\"ListItem\",\"position\":2,\"name\":\"Servicios Principales\"}]},{\"@type\":\"WebSite\",\"@id\":\"https:\/\/culturaneuroactiva.com\/site\/#website\",\"url\":\"https:\/\/culturaneuroactiva.com\/site\/\",\"name\":\"Cultura Neuroactiva\",\"description\":\"Gu\u00edas del Vivir Consciente\",\"potentialAction\":[{\"@type\":\"SearchAction\",\"target\":{\"@type\":\"EntryPoint\",\"urlTemplate\":\"https:\/\/culturaneuroactiva.com\/site\/?s={search_term_string}\"},\"query-input\":{\"@type\":\"PropertyValueSpecification\",\"valueRequired\":true,\"valueName\":\"search_term_string\"}}],\"inLanguage\":\"es\"}]}<\/script>\n<!-- \/ Yoast SEO plugin. -->","yoast_head_json":{"title":"Servicios Principales - Cultura Neuroactiva","robots":{"index":"index","follow":"follow","max-snippet":"max-snippet:-1","max-image-preview":"max-image-preview:large","max-video-preview":"max-video-preview:-1"},"canonical":"https:\/\/culturaneuroactiva.com\/site\/servicios-principales\/","og_locale":"es_ES","og_type":"article","og_title":"Servicios Principales - Cultura Neuroactiva","og_description":"Estos son los servicios m\u00e1s solicitados de Cultura Neuroactiva: Terapia de Cambio de Personaje. Ayuda a personas en procesos de","og_url":"https:\/\/culturaneuroactiva.com\/site\/servicios-principales\/","og_site_name":"Cultura Neuroactiva","article_publisher":"https:\/\/www.facebook.com\/cultura.neuroactiva","article_modified_time":"2026-02-25T18:22:25+00:00","og_image":[{"width":960,"height":416,"url":"https:\/\/culturaneuroactiva.com\/site\/wp-content\/uploads\/2021\/09\/RED-PAS-1.jpg","type":"image\/jpeg"}],"twitter_card":"summary_large_image","twitter_misc":{"Tiempo de lectura":"3 minutos"},"schema":{"@context":"https:\/\/schema.org","@graph":[{"@type":"WebPage","@id":"https:\/\/culturaneuroactiva.com\/site\/servicios-principales\/","url":"https:\/\/culturaneuroactiva.com\/site\/servicios-principales\/","name":"Servicios Principales - Cultura Neuroactiva","isPartOf":{"@id":"https:\/\/culturaneuroactiva.com\/site\/#website"},"primaryImageOfPage":{"@id":"https:\/\/culturaneuroactiva.com\/site\/servicios-principales\/#primaryimage"},"image":{"@id":"https:\/\/culturaneuroactiva.com\/site\/servicios-principales\/#primaryimage"},"thumbnailUrl":"https:\/\/culturaneuroactiva.com\/site\/wp-content\/uploads\/2021\/09\/RED-PAS-1-300x130.jpg","datePublished":"2025-11-14T12:44:00+00:00","dateModified":"2026-02-25T18:22:25+00:00","breadcrumb":{"@id":"https:\/\/culturaneuroactiva.com\/site\/servicios-principales\/#breadcrumb"},"inLanguage":"es","potentialAction":[{"@type":"ReadAction","target":["https:\/\/culturaneuroactiva.com\/site\/servicios-principales\/"]}]},{"@type":"ImageObject","inLanguage":"es","@id":"https:\/\/culturaneuroactiva.com\/site\/servicios-principales\/#primaryimage","url":"https:\/\/culturaneuroactiva.com\/site\/wp-content\/uploads\/2021\/09\/RED-PAS-1.jpg","contentUrl":"https:\/\/culturaneuroactiva.com\/site\/wp-content\/uploads\/2021\/09\/RED-PAS-1.jpg","width":960,"height":416},{"@type":"BreadcrumbList","@id":"https:\/\/culturaneuroactiva.com\/site\/servicios-principales\/#breadcrumb","itemListElement":[{"@type":"ListItem","position":1,"name":"Portada","item":"https:\/\/culturaneuroactiva.com\/site\/"},{"@type":"ListItem","position":2,"name":"Servicios Principales"}]},{"@type":"WebSite","@id":"https:\/\/culturaneuroactiva.com\/site\/#website","url":"https:\/\/culturaneuroactiva.com\/site\/","name":"Cultura Neuroactiva","description":"Gu\u00edas del Vivir Consciente","potentialAction":[{"@type":"SearchAction","target":{"@type":"EntryPoint","urlTemplate":"https:\/\/culturaneuroactiva.com\/site\/?s={search_term_string}"},"query-input":{"@type":"PropertyValueSpecification","valueRequired":true,"valueName":"search_term_string"}}],"inLanguage":"es"}]}},"_links":{"self":[{"href":"https:\/\/culturaneuroactiva.com\/site\/wp-json\/wp\/v2\/pages\/3665","targetHints":{"allow":["GET"]}}],"collection":[{"href":"https:\/\/culturaneuroactiva.com\/site\/wp-json\/wp\/v2\/pages"}],"about":[{"href":"https:\/\/culturaneuroactiva.com\/site\/wp-json\/wp\/v2\/types\/page"}],"author":[{"embeddable":true,"href":"https:\/\/culturaneuroactiva.com\/site\/wp-json\/wp\/v2\/users\/1"}],"replies":[{"embeddable":true,"href":"https:\/\/culturaneuroactiva.com\/site\/wp-json\/wp\/v2\/comments?post=3665"}],"version-history":[{"count":31,"href":"https:\/\/culturaneuroactiva.com\/site\/wp-json\/wp\/v2\/pages\/3665\/revisions"}],"predecessor-version":[{"id":3747,"href":"https:\/\/culturaneuroactiva.com\/site\/wp-json\/wp\/v2\/pages\/3665\/revisions\/3747"}],"wp:attachment":[{"href":"https:\/\/culturaneuroactiva.com\/site\/wp-json\/wp\/v2\/media?parent=3665"}],"curies":[{"name":"wp","href":"https:\/\/api.w.org\/{rel}","templated":true}]}}