{"id":3379,"date":"2023-07-04T20:51:38","date_gmt":"2023-07-04T20:51:38","guid":{"rendered":"http:\/\/culturaneuroactiva.com\/site\/?page_id=3379"},"modified":"2023-07-05T16:10:56","modified_gmt":"2023-07-05T16:10:56","slug":"libro-el-bien-y-el-mal","status":"publish","type":"page","link":"https:\/\/culturaneuroactiva.com\/site\/libro-el-bien-y-el-mal\/","title":{"rendered":"Libro: El Bien y el Mal"},"content":{"rendered":"<h5><span style=\"color: #008080;\">A continuaci\u00f3n les ofrezco los cinco primeros cap\u00edtulos de mi m\u00e1s reciente obra: \u00abC\u00f3mo Manejar el Bien y el Mal\u00bb, que se constituye en un tratado de teolog\u00eda y demonolog\u00eda, ya que explica en detalle como los \u00e1ngeles y los demonios nos influyen en la vida cotidiana, enfatizando en las formas para darles un manejo estrat\u00e9gico, que nos libere del mal y nos conduzca a la mejor versi\u00f3n de nosotros mismos.\u00a0<\/span><\/h5>\n<p><a href=\"http:\/\/culturaneuroactiva.com\/site\/wp-content\/uploads\/2023\/07\/3-1.jpg\"><img loading=\"lazy\" decoding=\"async\" class=\" wp-image-3385 aligncenter\" src=\"http:\/\/culturaneuroactiva.com\/site\/wp-content\/uploads\/2023\/07\/3-1-188x300.jpg\" alt=\"\" width=\"253\" height=\"404\" \/><\/a><\/p>\n<h6><strong><span style=\"color: #008080;\">CAP\u00cdTULOS\u00a0 \u00a0 \u00a0 \u00a0 \u00a0 \u00a0<\/span> \u00a0 \u00a0 \u00a0 \u00a0 \u00a0 \u00a0 \u00a0 \u00a0 \u00a0 \u00a0 \u00a0 \u00a0 \u00a0 \u00a0 \u00a0 \u00a0 \u00a0 \u00a0 \u00a0 \u00a0 \u00a0 \u00a0 \u00a0\u00a0<\/strong><\/h6>\n<ol>\n<li>\n<h6><a href=\"http:\/\/culturaneuroactiva.com\/site\/que-son-el-bien-y-el-mal\/\">Qu\u00e9 son el bien y el mal.<\/a><\/h6>\n<\/li>\n<li>\n<h6><a href=\"http:\/\/culturaneuroactiva.com\/site\/origen-del-bien-y-el-mal\/\">Argumento c\u00f3smico, origen del bien y el mal.<\/a><\/h6>\n<\/li>\n<li>\n<h6><a href=\"http:\/\/culturaneuroactiva.com\/site\/diferencias-entre-el-bien-y-el-mal\/\">Diferencias entre el bien y el mal.<\/a><\/h6>\n<\/li>\n<li>\n<h6><a href=\"http:\/\/culturaneuroactiva.com\/site\/mapa-del-bien\/\">Mapa del bien.<\/a><\/h6>\n<\/li>\n<li>\n<h6><a href=\"http:\/\/culturaneuroactiva.com\/site\/mapa-del-mal\/\">Mapa del mal.<\/a><\/h6>\n<\/li>\n<li>\n<h6>C\u00f3mo integrar la fuerza del sexo.<\/h6>\n<\/li>\n<li>\n<h6>C\u00f3mo integrar la fuerza de la muerte.<\/h6>\n<\/li>\n<li>\n<h6>Gu\u00eda para enfrentar la desgracia.<\/h6>\n<\/li>\n<li>\n<h6>Etapas del proceso del h\u00e9roe y la hero\u00edna.<\/h6>\n<\/li>\n<li>\n<h6>Conceptos fundamentales en torno al bien y al mal.<\/h6>\n<\/li>\n<\/ol>\n<h6><span style=\"color: #008080;\"><strong>PRESENTACI\u00d3N<\/strong><\/span><\/h6>\n<h6>Me dirijo especialmente a usted, ya que \u00e9sta informaci\u00f3n tiene que ver con la soluci\u00f3n de sus problem\u00e1ticas y defectos, y con entender qu\u00e9 es la vida y c\u00f3mo funciona, para as\u00ed lograr minimizar los riesgos que presenta el diario vivir, y al mismo tiempo poder acceder a sus m\u00e1s altos potenciales, hasta lograr transformarse en la mejor versi\u00f3n de s\u00ed mism@ y alcanzar la realizaci\u00f3n personal, por eso considero que \u00e9ste es uno de los temas m\u00e1s importantes para todo individuo y sociedad.<\/h6>\n<h6>El problema del ser humano es que no sabe de d\u00f3nde viene ni para d\u00f3nde va, dicho en otras palabras, la humanidad actual est\u00e1 sumida en un c\u00edrculo vicioso de sobrevivir y pasar bueno, obsesionada con todo lo que sea ego\u00edsmo, dinero, placer y poder, alejada de Dios y envuelta en un oscurantismo que nadie nota debido al exceso de informaci\u00f3n que circula, sin embargo no se conoce la verdad con respecto a qu\u00e9 es la vida, c\u00f3mo funciona y cu\u00e1les son sus aspectos m\u00e1s esenciales, por eso es que vivimos en un estado de estupidez humana o inconsciencia m\u00f3rbida que nos tiene al borde del colapso como especie, ya que estamos regidos por unos estilos de vida que son un suicidio a plazos a nivel individual y colectivo.<\/h6>\n<h6>Esta investigaci\u00f3n entra en un momento hist\u00f3rico en donde reina el mal, los antivalores y la anarqu\u00eda, por lo que se convierte en un punto de referencia para sanarse, encontrarse a s\u00ed mism@ y no dejarse enga\u00f1ar. El objetivo de este escrito es ofrecerle al mundo la parte principal de las instrucciones de la vida, para que aprendamos a identificar el bien y el mal afuera y adentro, y facilitar las t\u00e9cnicas para que podamos elegir al bien y hacerle resistencia al mal, hasta lograr entenderlos e integrarlos positivamente como principios de vida.<\/h6>\n<h6>Autor: Juan David Silva Aguirre.<\/h6>\n<p>&nbsp;<\/p>\n<h6><span style=\"color: #000000;\"><span style=\"color: #008080;\">Pedidos del Libro:<\/span> <\/span><\/h6>\n<ul>\n<li>\n<h6><span style=\"color: #000000;\">WhatsApp +57 3127994357<\/span><\/h6>\n<\/li>\n<li>\n<h6>culturaneuroactiva@gmail.com<\/h6>\n<\/li>\n<\/ul>\n<h6>www.culturaneuroactiva.com<\/h6>\n","protected":false},"excerpt":{"rendered":"<p>A continuaci\u00f3n les ofrezco los cinco primeros cap\u00edtulos de mi m\u00e1s reciente obra: \u00abC\u00f3mo Manejar el Bien y el Mal\u00bb,<\/p>\n","protected":false},"author":1,"featured_media":0,"parent":0,"menu_order":0,"comment_status":"closed","ping_status":"closed","template":"","meta":{"colormag_page_layout":"no_sidebar_content_centered","footnotes":""},"class_list":["post-3379","page","type-page","status-publish","hentry"],"yoast_head":"<!-- This site is optimized with the Yoast SEO plugin v25.6 - https:\/\/yoast.com\/wordpress\/plugins\/seo\/ -->\n<title>Libro: El Bien y el Mal - Cultura Neuroactiva % % Libro: El Bien y el Mal<\/title>\n<meta name=\"description\" content=\"C\u00f3mo identificar el bien y el mal en nuestra vida cotidiana para darles un manejo saludable.\" \/>\n<meta name=\"robots\" content=\"index, follow, max-snippet:-1, max-image-preview:large, max-video-preview:-1\" \/>\n<link rel=\"canonical\" href=\"https:\/\/culturaneuroactiva.com\/site\/libro-el-bien-y-el-mal\/\" \/>\n<meta property=\"og:locale\" content=\"es_ES\" \/>\n<meta property=\"og:type\" content=\"article\" \/>\n<meta property=\"og:title\" content=\"Libro: El Bien y el Mal - Cultura Neuroactiva % % Libro: El Bien y el Mal\" \/>\n<meta property=\"og:description\" content=\"C\u00f3mo identificar el bien y el mal en nuestra vida cotidiana para darles un manejo saludable.\" \/>\n<meta property=\"og:url\" content=\"https:\/\/culturaneuroactiva.com\/site\/libro-el-bien-y-el-mal\/\" \/>\n<meta property=\"og:site_name\" content=\"Cultura Neuroactiva\" \/>\n<meta property=\"article:publisher\" content=\"https:\/\/www.facebook.com\/cultura.neuroactiva\" \/>\n<meta property=\"article:modified_time\" content=\"2023-07-05T16:10:56+00:00\" \/>\n<meta property=\"og:image\" content=\"http:\/\/culturaneuroactiva.com\/site\/wp-content\/uploads\/2023\/07\/3-1-188x300.jpg\" \/>\n<meta name=\"twitter:card\" content=\"summary_large_image\" \/>\n<meta name=\"twitter:label1\" content=\"Tiempo de lectura\" \/>\n\t<meta name=\"twitter:data1\" content=\"3 minutos\" \/>\n<script type=\"application\/ld+json\" class=\"yoast-schema-graph\">{\"@context\":\"https:\/\/schema.org\",\"@graph\":[{\"@type\":\"WebPage\",\"@id\":\"https:\/\/culturaneuroactiva.com\/site\/libro-el-bien-y-el-mal\/\",\"url\":\"https:\/\/culturaneuroactiva.com\/site\/libro-el-bien-y-el-mal\/\",\"name\":\"Libro: El Bien y el Mal - Cultura Neuroactiva % % Libro: El Bien y el Mal\",\"isPartOf\":{\"@id\":\"https:\/\/culturaneuroactiva.com\/site\/#website\"},\"primaryImageOfPage\":{\"@id\":\"https:\/\/culturaneuroactiva.com\/site\/libro-el-bien-y-el-mal\/#primaryimage\"},\"image\":{\"@id\":\"https:\/\/culturaneuroactiva.com\/site\/libro-el-bien-y-el-mal\/#primaryimage\"},\"thumbnailUrl\":\"http:\/\/culturaneuroactiva.com\/site\/wp-content\/uploads\/2023\/07\/3-1-188x300.jpg\",\"datePublished\":\"2023-07-04T20:51:38+00:00\",\"dateModified\":\"2023-07-05T16:10:56+00:00\",\"description\":\"C\u00f3mo identificar el bien y el mal en nuestra vida cotidiana para darles un manejo saludable.\",\"breadcrumb\":{\"@id\":\"https:\/\/culturaneuroactiva.com\/site\/libro-el-bien-y-el-mal\/#breadcrumb\"},\"inLanguage\":\"es\",\"potentialAction\":[{\"@type\":\"ReadAction\",\"target\":[\"https:\/\/culturaneuroactiva.com\/site\/libro-el-bien-y-el-mal\/\"]}]},{\"@type\":\"ImageObject\",\"inLanguage\":\"es\",\"@id\":\"https:\/\/culturaneuroactiva.com\/site\/libro-el-bien-y-el-mal\/#primaryimage\",\"url\":\"http:\/\/culturaneuroactiva.com\/site\/wp-content\/uploads\/2023\/07\/3-1-188x300.jpg\",\"contentUrl\":\"http:\/\/culturaneuroactiva.com\/site\/wp-content\/uploads\/2023\/07\/3-1-188x300.jpg\"},{\"@type\":\"BreadcrumbList\",\"@id\":\"https:\/\/culturaneuroactiva.com\/site\/libro-el-bien-y-el-mal\/#breadcrumb\",\"itemListElement\":[{\"@type\":\"ListItem\",\"position\":1,\"name\":\"Portada\",\"item\":\"https:\/\/culturaneuroactiva.com\/site\/\"},{\"@type\":\"ListItem\",\"position\":2,\"name\":\"Libro: El Bien y el Mal\"}]},{\"@type\":\"WebSite\",\"@id\":\"https:\/\/culturaneuroactiva.com\/site\/#website\",\"url\":\"https:\/\/culturaneuroactiva.com\/site\/\",\"name\":\"Cultura Neuroactiva\",\"description\":\"Gu\u00edas del Vivir Consciente\",\"potentialAction\":[{\"@type\":\"SearchAction\",\"target\":{\"@type\":\"EntryPoint\",\"urlTemplate\":\"https:\/\/culturaneuroactiva.com\/site\/?s={search_term_string}\"},\"query-input\":{\"@type\":\"PropertyValueSpecification\",\"valueRequired\":true,\"valueName\":\"search_term_string\"}}],\"inLanguage\":\"es\"}]}<\/script>\n<!-- \/ Yoast SEO plugin. -->","yoast_head_json":{"title":"Libro: El Bien y el Mal - Cultura Neuroactiva % % Libro: El Bien y el Mal","description":"C\u00f3mo identificar el bien y el mal en nuestra vida cotidiana para darles un manejo saludable.","robots":{"index":"index","follow":"follow","max-snippet":"max-snippet:-1","max-image-preview":"max-image-preview:large","max-video-preview":"max-video-preview:-1"},"canonical":"https:\/\/culturaneuroactiva.com\/site\/libro-el-bien-y-el-mal\/","og_locale":"es_ES","og_type":"article","og_title":"Libro: El Bien y el Mal - Cultura Neuroactiva % % Libro: El Bien y el Mal","og_description":"C\u00f3mo identificar el bien y el mal en nuestra vida cotidiana para darles un manejo saludable.","og_url":"https:\/\/culturaneuroactiva.com\/site\/libro-el-bien-y-el-mal\/","og_site_name":"Cultura Neuroactiva","article_publisher":"https:\/\/www.facebook.com\/cultura.neuroactiva","article_modified_time":"2023-07-05T16:10:56+00:00","og_image":[{"url":"http:\/\/culturaneuroactiva.com\/site\/wp-content\/uploads\/2023\/07\/3-1-188x300.jpg","type":"","width":"","height":""}],"twitter_card":"summary_large_image","twitter_misc":{"Tiempo de lectura":"3 minutos"},"schema":{"@context":"https:\/\/schema.org","@graph":[{"@type":"WebPage","@id":"https:\/\/culturaneuroactiva.com\/site\/libro-el-bien-y-el-mal\/","url":"https:\/\/culturaneuroactiva.com\/site\/libro-el-bien-y-el-mal\/","name":"Libro: El Bien y el Mal - Cultura Neuroactiva % % Libro: El Bien y el Mal","isPartOf":{"@id":"https:\/\/culturaneuroactiva.com\/site\/#website"},"primaryImageOfPage":{"@id":"https:\/\/culturaneuroactiva.com\/site\/libro-el-bien-y-el-mal\/#primaryimage"},"image":{"@id":"https:\/\/culturaneuroactiva.com\/site\/libro-el-bien-y-el-mal\/#primaryimage"},"thumbnailUrl":"http:\/\/culturaneuroactiva.com\/site\/wp-content\/uploads\/2023\/07\/3-1-188x300.jpg","datePublished":"2023-07-04T20:51:38+00:00","dateModified":"2023-07-05T16:10:56+00:00","description":"C\u00f3mo identificar el bien y el mal en nuestra vida cotidiana para darles un manejo saludable.","breadcrumb":{"@id":"https:\/\/culturaneuroactiva.com\/site\/libro-el-bien-y-el-mal\/#breadcrumb"},"inLanguage":"es","potentialAction":[{"@type":"ReadAction","target":["https:\/\/culturaneuroactiva.com\/site\/libro-el-bien-y-el-mal\/"]}]},{"@type":"ImageObject","inLanguage":"es","@id":"https:\/\/culturaneuroactiva.com\/site\/libro-el-bien-y-el-mal\/#primaryimage","url":"http:\/\/culturaneuroactiva.com\/site\/wp-content\/uploads\/2023\/07\/3-1-188x300.jpg","contentUrl":"http:\/\/culturaneuroactiva.com\/site\/wp-content\/uploads\/2023\/07\/3-1-188x300.jpg"},{"@type":"BreadcrumbList","@id":"https:\/\/culturaneuroactiva.com\/site\/libro-el-bien-y-el-mal\/#breadcrumb","itemListElement":[{"@type":"ListItem","position":1,"name":"Portada","item":"https:\/\/culturaneuroactiva.com\/site\/"},{"@type":"ListItem","position":2,"name":"Libro: El Bien y el Mal"}]},{"@type":"WebSite","@id":"https:\/\/culturaneuroactiva.com\/site\/#website","url":"https:\/\/culturaneuroactiva.com\/site\/","name":"Cultura Neuroactiva","description":"Gu\u00edas del Vivir Consciente","potentialAction":[{"@type":"SearchAction","target":{"@type":"EntryPoint","urlTemplate":"https:\/\/culturaneuroactiva.com\/site\/?s={search_term_string}"},"query-input":{"@type":"PropertyValueSpecification","valueRequired":true,"valueName":"search_term_string"}}],"inLanguage":"es"}]}},"_links":{"self":[{"href":"https:\/\/culturaneuroactiva.com\/site\/wp-json\/wp\/v2\/pages\/3379","targetHints":{"allow":["GET"]}}],"collection":[{"href":"https:\/\/culturaneuroactiva.com\/site\/wp-json\/wp\/v2\/pages"}],"about":[{"href":"https:\/\/culturaneuroactiva.com\/site\/wp-json\/wp\/v2\/types\/page"}],"author":[{"embeddable":true,"href":"https:\/\/culturaneuroactiva.com\/site\/wp-json\/wp\/v2\/users\/1"}],"replies":[{"embeddable":true,"href":"https:\/\/culturaneuroactiva.com\/site\/wp-json\/wp\/v2\/comments?post=3379"}],"version-history":[{"count":10,"href":"https:\/\/culturaneuroactiva.com\/site\/wp-json\/wp\/v2\/pages\/3379\/revisions"}],"predecessor-version":[{"id":3430,"href":"https:\/\/culturaneuroactiva.com\/site\/wp-json\/wp\/v2\/pages\/3379\/revisions\/3430"}],"wp:attachment":[{"href":"https:\/\/culturaneuroactiva.com\/site\/wp-json\/wp\/v2\/media?parent=3379"}],"curies":[{"name":"wp","href":"https:\/\/api.w.org\/{rel}","templated":true}]}}