{"id":3074,"date":"2021-10-19T00:14:37","date_gmt":"2021-10-19T00:14:37","guid":{"rendered":"http:\/\/culturaneuroactiva.com\/site\/?page_id=3074"},"modified":"2022-03-11T14:05:08","modified_gmt":"2022-03-11T14:05:08","slug":"usos-y-propiedades","status":"publish","type":"page","link":"https:\/\/culturaneuroactiva.com\/site\/usos-y-propiedades\/","title":{"rendered":"Usos y Propiedades"},"content":{"rendered":"<h5><span style=\"color: #008080;\">En el siguiente texto, los n\u00fameros que hay al final de cada propiedad corresponden a sus <span style=\"color: #800080;\">\u201c<a style=\"color: #800080;\" href=\"http:\/\/culturaneuroactiva.com\/site\/modos-de-uso\/\" target=\"_blank\" rel=\"noopener\">Modos de Uso<\/a>\u201d<\/span>.<\/span><\/h5>\n<h6><a href=\"http:\/\/culturaneuroactiva.com\/site\/wp-content\/uploads\/2021\/10\/16.jpg\"><img loading=\"lazy\" decoding=\"async\" class=\" wp-image-3075 aligncenter\" src=\"http:\/\/culturaneuroactiva.com\/site\/wp-content\/uploads\/2021\/10\/16-300x169.jpg\" alt=\"\" width=\"659\" height=\"371\" srcset=\"https:\/\/culturaneuroactiva.com\/site\/wp-content\/uploads\/2021\/10\/16-300x169.jpg 300w, https:\/\/culturaneuroactiva.com\/site\/wp-content\/uploads\/2021\/10\/16-1024x576.jpg 1024w, https:\/\/culturaneuroactiva.com\/site\/wp-content\/uploads\/2021\/10\/16-768x432.jpg 768w, https:\/\/culturaneuroactiva.com\/site\/wp-content\/uploads\/2021\/10\/16-1536x864.jpg 1536w, https:\/\/culturaneuroactiva.com\/site\/wp-content\/uploads\/2021\/10\/16.jpg 1600w\" sizes=\"auto, (max-width: 659px) 100vw, 659px\" \/><\/a><\/h6>\n<h5><span style=\"color: #008080;\"><strong>ANTIMICROBIANO Y ANTIBACTERIANO<span style=\"color: #800080;\"><a style=\"color: #800080;\" href=\"http:\/\/culturaneuroactiva.com\/site\/modos-de-uso\/\" target=\"_blank\" rel=\"noopener\"><sup>5<\/sup><\/a><\/span><\/strong><\/span><\/h5>\n<h6>Sirve para desinfectar cortadas o heridas peque\u00f1as, y para eliminar el mal olor en los pies. Tambi\u00e9n impide la formaci\u00f3n y la reproducci\u00f3n de microorganismos que causan enfermedades en el cuerpo, debido a que cuenta con la capacidad de reducir la presencia de bacterias en el organismo.<\/h6>\n<p>&nbsp;<\/p>\n<h5><span style=\"color: #008080;\"><strong>ANTIF\u00daNGICO<span style=\"color: #800080;\"><a style=\"color: #800080;\" href=\"http:\/\/culturaneuroactiva.com\/site\/modos-de-uso\/\" target=\"_blank\" rel=\"noopener\"><sup>5<\/sup><\/a><\/span><\/strong><\/span><\/h5>\n<h6>Sirve para los hongos en piel y u\u00f1as, ya que evita la proliferaci\u00f3n de enfermedades causadas por hongos, impidiendo su formaci\u00f3n en el cuerpo a nivel celular.<\/h6>\n<p>&nbsp;<\/p>\n<h5><span style=\"color: #008080;\"><strong>ANTIVIRAL<span style=\"color: #800080;\"><a style=\"color: #800080;\" href=\"http:\/\/culturaneuroactiva.com\/site\/modos-de-uso\/\" target=\"_blank\" rel=\"noopener\"><sup>1-3<\/sup><\/a><\/span><\/strong><\/span><\/h5>\n<h6>Sirve para la gripa, el Covid 19, la tos, resfriado, carraspera, molestias en la garganta, amigdalitis, faringitis, laringitis, y enfermedades respiratorias en general, ya que controla y trata las enfermedades producidas por virus.<\/h6>\n<p>&nbsp;<\/p>\n<h5><span style=\"color: #008080;\"><strong>ANTIS\u00c9PTICO Y DESINFECTANTE<span style=\"color: #800080;\"><a style=\"color: #800080;\" href=\"http:\/\/culturaneuroactiva.com\/site\/modos-de-uso\/\" target=\"_blank\" rel=\"noopener\"><sup>4,9<\/sup><\/a><\/span><\/strong><\/span><\/h5>\n<h6>Sirve para desinfectar superficies y objetos, y para purificar el aire (ambientador), ya que bloquea el desarrollo de los microrganismos pat\u00f3genos generadores de infecciones, y destruye y neutraliza los microrganismos portadores de enfermedades.<\/h6>\n<p>&nbsp;<\/p>\n<h5><span style=\"color: #008080;\"><strong>ANTIINFLAMATORIO<span style=\"color: #800080;\"><a style=\"color: #800080;\" href=\"http:\/\/culturaneuroactiva.com\/site\/modos-de-uso\/\" target=\"_blank\" rel=\"noopener\"><sup>5<\/sup><\/a><\/span><\/strong><\/span><\/h5>\n<h6>Sirve para aliviar las piernas cansadas (v\u00e1rices, circulaci\u00f3n), y para reducir las inflamaciones (esguinces, golpes), ya que previene la inflaci\u00f3n y controla el dolor en los tejidos afectados.<\/h6>\n<p>&nbsp;<\/p>\n<h5><span style=\"color: #008080;\"><strong>DESCONGESTIONANTE<span style=\"color: #800080;\"><a style=\"color: #800080;\" href=\"http:\/\/culturaneuroactiva.com\/site\/modos-de-uso\/\" target=\"_blank\" rel=\"noopener\"><sup>1-3<\/sup><\/a><\/span><\/strong><\/span><\/h5>\n<h6>Sirve para descongestionar y respirar mejor, ya que alivia r\u00e1pidamente la congesti\u00f3n en el sistema respiratorio.<\/h6>\n<p>&nbsp;<\/p>\n<h5><span style=\"color: #008080;\"><strong>EXPECTORANTE<span style=\"color: #800080;\"><a style=\"color: #800080;\" href=\"http:\/\/culturaneuroactiva.com\/site\/modos-de-uso\/\" target=\"_blank\" rel=\"noopener\"><sup>1-3<\/sup><\/a><\/span><\/strong><\/span><\/h5>\n<h6>Sirve para expulsar las flemas y la mucosidad (toser y sonarse), ya que estimula los mecanismos para la secreci\u00f3n bronquial por expulsi\u00f3n.<\/h6>\n<p>&nbsp;<\/p>\n<h5><span style=\"color: #008080;\"><strong>BRONCODILATADOR Y BRONCOMUCOL\u00cdTICO<span style=\"color: #800080;\"><a style=\"color: #800080;\" href=\"http:\/\/culturaneuroactiva.com\/site\/modos-de-uso\/\" target=\"_blank\" rel=\"noopener\"><sup>1-3<\/sup><\/a><\/span><\/strong><\/span><\/h5>\n<h6>Sirve para la Rinitis, la Sinusitis y el Asma, y abre, desinflama, desinfecta y limpia las v\u00edas respiratorias, ya que abre las v\u00edas respiratorias de los pulmones, y elimina la acumulaci\u00f3n de mucosidad en las v\u00edas respiratorias.<\/h6>\n<p>&nbsp;<\/p>\n<h5><span style=\"color: #008080;\"><strong>REFRESCANTE<span style=\"color: #800080;\"><a style=\"color: #800080;\" href=\"http:\/\/culturaneuroactiva.com\/site\/modos-de-uso\/\" target=\"_blank\" rel=\"noopener\"><sup>7<\/sup><\/a><\/span><\/strong><\/span><\/h5>\n<h6>Sirve para el calor, el bochorno, la menopausia y las actividades deportivas. Sirve para el mareo, la n\u00e1usea y la presi\u00f3n baja. Alivia la embriaguez, y la resaca o guayabo. Alivia la indisposici\u00f3n en los estados de trance. Tiene estos usos debido a que genera sensaci\u00f3n de frio y elimina los trastornos causados por el calor.<\/h6>\n<p>&nbsp;<\/p>\n<h5><span style=\"color: #008080;\"><strong>ANTIPIR\u00c9TICO<span style=\"color: #800080;\"><a style=\"color: #800080;\" href=\"http:\/\/culturaneuroactiva.com\/site\/modos-de-uso\/\" target=\"_blank\" rel=\"noopener\"><sup>5<\/sup><\/a><\/span><\/strong><\/span><\/h5>\n<h6>Sirve para la fiebre, ya que baja la temperatura del cuerpo.<\/h6>\n<p>&nbsp;<\/p>\n<h5><span style=\"color: #008080;\"><strong>ANTIESPASM\u00d3DICO<span style=\"color: #800080;\"><a style=\"color: #800080;\" href=\"http:\/\/culturaneuroactiva.com\/site\/modos-de-uso\/\" target=\"_blank\" rel=\"noopener\"><sup>5<\/sup><\/a><\/span><\/strong><\/span><\/h5>\n<h6>Sirve para dolores musculares, calambres, espasmos, luxaciones, torceduras, nervio ci\u00e1tico, reumatismo, neuralgia, lumbalgia y fibromialgia, debido a que interrumpe las contracciones dolorosas e involuntarias de los m\u00fasculos.<\/h6>\n<p>&nbsp;<\/p>\n<h5><span style=\"color: #008080;\"><strong>ANALG\u00c9SICO Y ANEST\u00c9SICO<span style=\"color: #800080;\"><a style=\"color: #800080;\" href=\"http:\/\/culturaneuroactiva.com\/site\/modos-de-uso\/\" target=\"_blank\" rel=\"noopener\"><sup>5,6<\/sup><\/a><\/span><\/strong><\/span><\/h5>\n<h6>Sirve para dolores de cabeza, migra\u00f1a, artritis, bursitis, dolor de espalda, dolores musculares, dolores en rodillas, codos, piernas y brazos, tambi\u00e9n sirve para el cuidado de enfermos y para tratamientos postoperatorios. Tiene estos usos debido a que bloquea la sensibilidad y alivia toda sensaci\u00f3n de dolor.<\/h6>\n<p>&nbsp;<\/p>\n<h5><span style=\"color: #008080;\"><strong>ANTIPICAZ\u00d3N<span style=\"color: #800080;\"><a style=\"color: #800080;\" href=\"http:\/\/culturaneuroactiva.com\/site\/modos-de-uso\/\" target=\"_blank\" rel=\"noopener\"><sup>5<\/sup><\/a><\/span><\/strong><\/span><\/h5>\n<h6>Sirve para rasqui\u00f1a, ronchas, picaduras de mosquitos, sarpullido, urticaria, picaz\u00f3n de quemaduras, eczemas y psoriasis, tambi\u00e9n sirve para despu\u00e9s de afeitarse y motilarse, ya que act\u00faa como barrera entre la piel y lo que genera picaz\u00f3n.<\/h6>\n<p>&nbsp;<\/p>\n<h5><span style=\"color: #008080;\"><strong>PSICOESTIMULANTE Y RELAJANTE<span style=\"color: #800080;\"><a style=\"color: #800080;\" href=\"http:\/\/culturaneuroactiva.com\/site\/modos-de-uso\/\" target=\"_blank\" rel=\"noopener\"><sup>1,2,7<\/sup><\/a><\/span><\/strong><\/span><\/h5>\n<h6>Sirve para estudiar, concentrar la atenci\u00f3n, relajarse, meditar, reducir el estr\u00e9s, calmar la ansiedad y el p\u00e1nico, potenciar los estados de trance, facilitar los sue\u00f1os l\u00facidos, combatir el cansancio, la fatiga, la pereza, la somnolencia, y el insomnio, recargarse de energ\u00eda y despertar en las ma\u00f1anas. Tiene estos usos debido a que induce la actividad funcional del cuerpo, generando bienestar, disminuyendo el estr\u00e9s y facilitando la concentraci\u00f3n.<\/h6>\n<p>&nbsp;<\/p>\n<h5><span style=\"color: #008080;\"><strong>MIORRELAJANTE<span style=\"color: #800080;\"><a style=\"color: #800080;\" href=\"http:\/\/culturaneuroactiva.com\/site\/modos-de-uso\/\" target=\"_blank\" rel=\"noopener\"><sup>5,7<\/sup><\/a><\/span><\/strong><\/span><\/h5>\n<h6>Sirve para relajar la tensi\u00f3n muscular, y relajar el cuello y la nuca, ya que distenciona los m\u00fasculos y disminuye el dolor.<\/h6>\n<h4><\/h4>\n<p>&nbsp;<\/p>\n<h5><span style=\"color: #008080;\"><strong>COMPRAR<\/strong><\/span><\/h5>\n<ul>\n<li>\n<h6><strong>Azul Fr\u00edo: <\/strong>$40.000<\/h6>\n<\/li>\n<li>\n<h6><a href=\"http:\/\/culturaneuroactiva.com\/site\/kit-antivirus\/\" target=\"_blank\" rel=\"noopener\"><strong>Kit Antivirus: <\/strong><\/a>$90.000<\/h6>\n<\/li>\n<li>\n<h6><strong>NOTA:<\/strong> Precio en Colombia. No incluye gastos de env\u00edo.<\/h6>\n<\/li>\n<li>\n<h6>Realiza el pedido llamando al WhatsApp +57 3127994357<\/h6>\n<\/li>\n<\/ul>\n<h6><\/h6>\n","protected":false},"excerpt":{"rendered":"<p>En el siguiente texto, los n\u00fameros que hay al final de cada propiedad corresponden a sus \u201cModos de Uso\u201d. ANTIMICROBIANO<\/p>\n","protected":false},"author":1,"featured_media":0,"parent":0,"menu_order":0,"comment_status":"closed","ping_status":"closed","template":"","meta":{"colormag_page_layout":"no_sidebar_content_centered","footnotes":""},"class_list":["post-3074","page","type-page","status-publish","hentry"],"yoast_head":"<!-- This site is optimized with the Yoast SEO plugin v25.6 - https:\/\/yoast.com\/wordpress\/plugins\/seo\/ -->\n<title>Usos y Propiedades - Cultura Neuroactiva<\/title>\n<meta name=\"robots\" content=\"index, follow, max-snippet:-1, max-image-preview:large, max-video-preview:-1\" \/>\n<link rel=\"canonical\" href=\"https:\/\/culturaneuroactiva.com\/site\/usos-y-propiedades\/\" \/>\n<meta property=\"og:locale\" content=\"es_ES\" \/>\n<meta property=\"og:type\" content=\"article\" \/>\n<meta property=\"og:title\" content=\"Usos y Propiedades - Cultura Neuroactiva\" \/>\n<meta property=\"og:description\" content=\"En el siguiente texto, los n\u00fameros que hay al final de cada propiedad corresponden a sus \u201cModos de Uso\u201d. ANTIMICROBIANO\" \/>\n<meta property=\"og:url\" content=\"https:\/\/culturaneuroactiva.com\/site\/usos-y-propiedades\/\" \/>\n<meta property=\"og:site_name\" content=\"Cultura Neuroactiva\" \/>\n<meta property=\"article:publisher\" content=\"https:\/\/www.facebook.com\/cultura.neuroactiva\" \/>\n<meta property=\"article:modified_time\" content=\"2022-03-11T14:05:08+00:00\" \/>\n<meta property=\"og:image\" content=\"http:\/\/culturaneuroactiva.com\/site\/wp-content\/uploads\/2021\/10\/16-300x169.jpg\" \/>\n<meta name=\"twitter:card\" content=\"summary_large_image\" \/>\n<meta name=\"twitter:label1\" content=\"Tiempo de lectura\" \/>\n\t<meta name=\"twitter:data1\" content=\"3 minutos\" \/>\n<script type=\"application\/ld+json\" class=\"yoast-schema-graph\">{\"@context\":\"https:\/\/schema.org\",\"@graph\":[{\"@type\":\"WebPage\",\"@id\":\"https:\/\/culturaneuroactiva.com\/site\/usos-y-propiedades\/\",\"url\":\"https:\/\/culturaneuroactiva.com\/site\/usos-y-propiedades\/\",\"name\":\"Usos y Propiedades - Cultura Neuroactiva\",\"isPartOf\":{\"@id\":\"https:\/\/culturaneuroactiva.com\/site\/#website\"},\"primaryImageOfPage\":{\"@id\":\"https:\/\/culturaneuroactiva.com\/site\/usos-y-propiedades\/#primaryimage\"},\"image\":{\"@id\":\"https:\/\/culturaneuroactiva.com\/site\/usos-y-propiedades\/#primaryimage\"},\"thumbnailUrl\":\"http:\/\/culturaneuroactiva.com\/site\/wp-content\/uploads\/2021\/10\/16-300x169.jpg\",\"datePublished\":\"2021-10-19T00:14:37+00:00\",\"dateModified\":\"2022-03-11T14:05:08+00:00\",\"breadcrumb\":{\"@id\":\"https:\/\/culturaneuroactiva.com\/site\/usos-y-propiedades\/#breadcrumb\"},\"inLanguage\":\"es\",\"potentialAction\":[{\"@type\":\"ReadAction\",\"target\":[\"https:\/\/culturaneuroactiva.com\/site\/usos-y-propiedades\/\"]}]},{\"@type\":\"ImageObject\",\"inLanguage\":\"es\",\"@id\":\"https:\/\/culturaneuroactiva.com\/site\/usos-y-propiedades\/#primaryimage\",\"url\":\"http:\/\/culturaneuroactiva.com\/site\/wp-content\/uploads\/2021\/10\/16-300x169.jpg\",\"contentUrl\":\"http:\/\/culturaneuroactiva.com\/site\/wp-content\/uploads\/2021\/10\/16-300x169.jpg\"},{\"@type\":\"BreadcrumbList\",\"@id\":\"https:\/\/culturaneuroactiva.com\/site\/usos-y-propiedades\/#breadcrumb\",\"itemListElement\":[{\"@type\":\"ListItem\",\"position\":1,\"name\":\"Portada\",\"item\":\"https:\/\/culturaneuroactiva.com\/site\/\"},{\"@type\":\"ListItem\",\"position\":2,\"name\":\"Usos y Propiedades\"}]},{\"@type\":\"WebSite\",\"@id\":\"https:\/\/culturaneuroactiva.com\/site\/#website\",\"url\":\"https:\/\/culturaneuroactiva.com\/site\/\",\"name\":\"Cultura Neuroactiva\",\"description\":\"Gu\u00edas del Vivir Consciente\",\"potentialAction\":[{\"@type\":\"SearchAction\",\"target\":{\"@type\":\"EntryPoint\",\"urlTemplate\":\"https:\/\/culturaneuroactiva.com\/site\/?s={search_term_string}\"},\"query-input\":{\"@type\":\"PropertyValueSpecification\",\"valueRequired\":true,\"valueName\":\"search_term_string\"}}],\"inLanguage\":\"es\"}]}<\/script>\n<!-- \/ Yoast SEO plugin. -->","yoast_head_json":{"title":"Usos y Propiedades - Cultura Neuroactiva","robots":{"index":"index","follow":"follow","max-snippet":"max-snippet:-1","max-image-preview":"max-image-preview:large","max-video-preview":"max-video-preview:-1"},"canonical":"https:\/\/culturaneuroactiva.com\/site\/usos-y-propiedades\/","og_locale":"es_ES","og_type":"article","og_title":"Usos y Propiedades - Cultura Neuroactiva","og_description":"En el siguiente texto, los n\u00fameros que hay al final de cada propiedad corresponden a sus \u201cModos de Uso\u201d. ANTIMICROBIANO","og_url":"https:\/\/culturaneuroactiva.com\/site\/usos-y-propiedades\/","og_site_name":"Cultura Neuroactiva","article_publisher":"https:\/\/www.facebook.com\/cultura.neuroactiva","article_modified_time":"2022-03-11T14:05:08+00:00","og_image":[{"url":"http:\/\/culturaneuroactiva.com\/site\/wp-content\/uploads\/2021\/10\/16-300x169.jpg","type":"","width":"","height":""}],"twitter_card":"summary_large_image","twitter_misc":{"Tiempo de lectura":"3 minutos"},"schema":{"@context":"https:\/\/schema.org","@graph":[{"@type":"WebPage","@id":"https:\/\/culturaneuroactiva.com\/site\/usos-y-propiedades\/","url":"https:\/\/culturaneuroactiva.com\/site\/usos-y-propiedades\/","name":"Usos y Propiedades - Cultura Neuroactiva","isPartOf":{"@id":"https:\/\/culturaneuroactiva.com\/site\/#website"},"primaryImageOfPage":{"@id":"https:\/\/culturaneuroactiva.com\/site\/usos-y-propiedades\/#primaryimage"},"image":{"@id":"https:\/\/culturaneuroactiva.com\/site\/usos-y-propiedades\/#primaryimage"},"thumbnailUrl":"http:\/\/culturaneuroactiva.com\/site\/wp-content\/uploads\/2021\/10\/16-300x169.jpg","datePublished":"2021-10-19T00:14:37+00:00","dateModified":"2022-03-11T14:05:08+00:00","breadcrumb":{"@id":"https:\/\/culturaneuroactiva.com\/site\/usos-y-propiedades\/#breadcrumb"},"inLanguage":"es","potentialAction":[{"@type":"ReadAction","target":["https:\/\/culturaneuroactiva.com\/site\/usos-y-propiedades\/"]}]},{"@type":"ImageObject","inLanguage":"es","@id":"https:\/\/culturaneuroactiva.com\/site\/usos-y-propiedades\/#primaryimage","url":"http:\/\/culturaneuroactiva.com\/site\/wp-content\/uploads\/2021\/10\/16-300x169.jpg","contentUrl":"http:\/\/culturaneuroactiva.com\/site\/wp-content\/uploads\/2021\/10\/16-300x169.jpg"},{"@type":"BreadcrumbList","@id":"https:\/\/culturaneuroactiva.com\/site\/usos-y-propiedades\/#breadcrumb","itemListElement":[{"@type":"ListItem","position":1,"name":"Portada","item":"https:\/\/culturaneuroactiva.com\/site\/"},{"@type":"ListItem","position":2,"name":"Usos y Propiedades"}]},{"@type":"WebSite","@id":"https:\/\/culturaneuroactiva.com\/site\/#website","url":"https:\/\/culturaneuroactiva.com\/site\/","name":"Cultura Neuroactiva","description":"Gu\u00edas del Vivir Consciente","potentialAction":[{"@type":"SearchAction","target":{"@type":"EntryPoint","urlTemplate":"https:\/\/culturaneuroactiva.com\/site\/?s={search_term_string}"},"query-input":{"@type":"PropertyValueSpecification","valueRequired":true,"valueName":"search_term_string"}}],"inLanguage":"es"}]}},"_links":{"self":[{"href":"https:\/\/culturaneuroactiva.com\/site\/wp-json\/wp\/v2\/pages\/3074","targetHints":{"allow":["GET"]}}],"collection":[{"href":"https:\/\/culturaneuroactiva.com\/site\/wp-json\/wp\/v2\/pages"}],"about":[{"href":"https:\/\/culturaneuroactiva.com\/site\/wp-json\/wp\/v2\/types\/page"}],"author":[{"embeddable":true,"href":"https:\/\/culturaneuroactiva.com\/site\/wp-json\/wp\/v2\/users\/1"}],"replies":[{"embeddable":true,"href":"https:\/\/culturaneuroactiva.com\/site\/wp-json\/wp\/v2\/comments?post=3074"}],"version-history":[{"count":18,"href":"https:\/\/culturaneuroactiva.com\/site\/wp-json\/wp\/v2\/pages\/3074\/revisions"}],"predecessor-version":[{"id":3303,"href":"https:\/\/culturaneuroactiva.com\/site\/wp-json\/wp\/v2\/pages\/3074\/revisions\/3303"}],"wp:attachment":[{"href":"https:\/\/culturaneuroactiva.com\/site\/wp-json\/wp\/v2\/media?parent=3074"}],"curies":[{"name":"wp","href":"https:\/\/api.w.org\/{rel}","templated":true}]}}