{"id":2862,"date":"2021-09-17T20:33:07","date_gmt":"2021-09-17T20:33:07","guid":{"rendered":"http:\/\/culturaneuroactiva.com\/site\/?page_id=2862"},"modified":"2021-10-20T05:02:25","modified_gmt":"2021-10-20T05:02:25","slug":"autoterapia-arcoiris","status":"publish","type":"page","link":"https:\/\/culturaneuroactiva.com\/site\/autoterapia-arcoiris\/","title":{"rendered":"Autoterapia Arco\u00edris"},"content":{"rendered":"<h5><span style=\"color: #008080;\">La Alta Sensibilidad o Neuroactivaci\u00f3n no implica tener problemas ni enfermedades psicoemocionales, estas patolog\u00edas se originan debido al desconocimiento que la misma persona tiene sobre las PAS, lo cual hace que viva la etapa y afronte las pruebas de forma desestructurada, y estos malos manejos es lo que origina las enfermedades, m\u00e1s no lo es su Alta Sensibilidad.<\/span><\/h5>\n<p>&nbsp;<\/p>\n<p><a href=\"http:\/\/culturaneuroactiva.com\/site\/wp-content\/uploads\/2021\/09\/RED-PAS-9.jpg\"><img loading=\"lazy\" decoding=\"async\" class=\" wp-image-2863 aligncenter\" src=\"http:\/\/culturaneuroactiva.com\/site\/wp-content\/uploads\/2021\/09\/RED-PAS-9-300x130.jpg\" alt=\"\" width=\"673\" height=\"292\" srcset=\"https:\/\/culturaneuroactiva.com\/site\/wp-content\/uploads\/2021\/09\/RED-PAS-9-300x130.jpg 300w, https:\/\/culturaneuroactiva.com\/site\/wp-content\/uploads\/2021\/09\/RED-PAS-9-768x333.jpg 768w, https:\/\/culturaneuroactiva.com\/site\/wp-content\/uploads\/2021\/09\/RED-PAS-9.jpg 960w\" sizes=\"auto, (max-width: 673px) 100vw, 673px\" \/><\/a><\/p>\n<h6><\/h6>\n<h6>Saber cu\u00e1l es la causa estructural de cada s\u00edntoma o patolog\u00eda nos permite conocer su l\u00ednea de tratamiento, por eso en esta Autoterapia primero vamos a ver las necesidades de cada etapa, luego veremos las causas de las enfermedades, que corresponden a las tres clases de satisfactores malos con los que alimentamos estas necesidades, y por \u00faltimo estudiaremos sus soluciones, que corresponden a los satisfactores saludables con los que se pasa del pecado a la virtud.<\/h6>\n<h6>Dicho en otras palabras, frente a las necesidades de cada etapa, existen seis alternativas: 1. Darles satisfactores o alimentos t\u00f3xicos. 2. Darle satisfactores saludables. 3. No darles ning\u00fan alimento. 4. Alimentarlas en su justa medida. 5. Sobrealimentarlas. 6. Quitar el exceso de alimento.<\/h6>\n<h6>A continuaci\u00f3n veremos estos seis puntos aplicados a las problem\u00e1ticas que viven las Personas Arco\u00edris, con el objetivo de ofrecer las herramientas para que cada quien pueda hacer su propia Autoterapia.<\/h6>\n<h6><strong>\u00a0<\/strong><\/h6>\n<h5><span style=\"color: #008080;\"><strong>Necesidades Arco\u00edris<\/strong><\/span><\/h5>\n<ul>\n<li>\n<h6>Lograr la total depuraci\u00f3n en los aspectos f\u00edsicos, mentales y emocionales del ser, a trav\u00e9s de la impecabilidad integral.<\/h6>\n<\/li>\n<li>\n<h6>Descifrar y trascender la comodidad esencial, para alcanzar la Impecabilidad Integral.<\/h6>\n<\/li>\n<li>\n<h6>Retornar al estado de pureza, alinearse con la visi\u00f3n del observador para convertirse en un cocreador impecable.<\/h6>\n<\/li>\n<li>\n<h6>Surgimiento del \u201cinstinto de unificaci\u00f3n de los opuestos\u201d, que corresponde al impulso de todo sistema humano a llegar a la plenitud de su potencial.<\/h6>\n<\/li>\n<li>\n<h6>Encarnar el t\u00f3tem y realizar la misi\u00f3n.<\/h6>\n<\/li>\n<li>\n<h6>Integrar ambos hemisferios cerebrales, para as\u00ed lograr el manejo equilibrado de ambos modos cognitivos, lo cual permite que la persona maneje igual de bien el mundo exterior como el mundo interior, y se convierta en un puente entre la Realidad F\u00edsica y la Realidad Espiritual, por medio del cual lleguen creaciones y canalizaciones, que contribuyan en la soluci\u00f3n de los problemas y necesidades de su comunidad y de su entorno.<\/h6>\n<\/li>\n<\/ul>\n<h5><span style=\"color: #008080;\"><strong>\u00a0<\/strong><strong>Patolog\u00edas por Satisfactores T\u00f3xicos<\/strong><\/span><\/h5>\n<ul>\n<li>\n<h6>Tener ego, sombra o importancia personal.<\/h6>\n<\/li>\n<li>\n<h6>Dedicarse a algo diferente de su misi\u00f3n en la vida.<\/h6>\n<\/li>\n<li>\n<h6>No haber introyectado la impecabilidad en la vida cotidiana.<\/h6>\n<\/li>\n<li>\n<h6>No ser capaz de administrar sabiamente todo el poder conseguido.<\/h6>\n<\/li>\n<li>\n<h6>Malos manejos externos de los dones y habilidades mentales.<\/h6>\n<\/li>\n<\/ul>\n<h5><span style=\"color: #008080;\"><strong>\u00a0SOLUCIONES <\/strong><strong>(por Satisfactores T\u00f3xicos)<\/strong><\/span><\/h5>\n<ul>\n<li>\n<h6>Trabajar en la depuraci\u00f3n del yo y la importancia personal, a trav\u00e9s del control de los instintos b\u00e1sicos.<\/h6>\n<\/li>\n<li>\n<h6>Si la persona que alcanza este punto no ha depurado su yo lo suficiente, entonces todos los logros y beneficios conseguidos, terminan alimentando al instinto b\u00e1sico que a\u00fan conserve, como por ejemplo: Ego\u00edsmo, envidia, celos, soberbia, morbo, manipulaci\u00f3n, agresividad, facilismo, masoquismo, ambici\u00f3n, posesividad, ira, vanidad.<\/h6>\n<\/li>\n<\/ul>\n<h5><span style=\"color: #008080;\"><strong>Patolog\u00edas por Falta de Satisfactores<\/strong><\/span><\/h5>\n<ul>\n<li>\n<h6>Falta de empoderamiento.<\/h6>\n<\/li>\n<li>\n<h6>Que falle o no exista la conexi\u00f3n con el observador.<\/h6>\n<\/li>\n<li>\n<h6>No ser capaz de manejar equilibradamente ambos modos cognitivos, ni de moverse en ambos lados de la realidad con igual maestr\u00eda.<\/h6>\n<\/li>\n<li>\n<h6>No lograr adaptarse ni manejar las incomodidades f\u00edsicas y psicol\u00f3gicas, que acompa\u00f1an los altos niveles de consciencia.<\/h6>\n<\/li>\n<li>\n<h6>Falta de discernimiento y revisi\u00f3n del material canalizado.<\/h6>\n<\/li>\n<\/ul>\n<h5><span style=\"color: #008080;\"><strong>\u00a0<\/strong><strong>SOLUCIONES (por Falta de Satisfactores)<\/strong><\/span><\/h5>\n<ul>\n<li>\n<h6>Manejo equilibrado de ambos modos cognitivos.<\/h6>\n<\/li>\n<li>\n<h6>Liberarse de todo temor y de toda duda.<\/h6>\n<\/li>\n<li>\n<h6>Tener muy claras las respuestas a: \u00bfQui\u00e9n soy yo? \u00bfA qu\u00e9 vine al mundo? \u00bfCu\u00e1l es mi puesto en el mundo?<\/h6>\n<\/li>\n<li>\n<h6>Dedicarse a realizar la misi\u00f3n que se tenga en la vida.<\/h6>\n<\/li>\n<li>\n<h6>Cada persona Arco\u00edris es como si fuera una m\u00e1quina especializada para hacer una tarea o una labor espec\u00edfica, esto hace que s\u00f3lo pueda manejar bien su realidad si est\u00e1 en el \u00e1rea a la que corresponde, ya que si no lo est\u00e1, toda su genialidad se convierte en algo no funcional, que le puede generar problemas de adaptaci\u00f3n.<\/h6>\n<\/li>\n<li>\n<h6>Ser capaz de alcanzar el hacer a trav\u00e9s del no-hacer.<\/h6>\n<\/li>\n<li>\n<h6>Convertirse en canal perfecto por donde se fluye la fuerza y el prop\u00f3sito de la Realidad Espiritual, convertirse en guante del esp\u00edritu.<\/h6>\n<\/li>\n<\/ul>\n<h5><span style=\"color: #008080;\"><strong>\u00a0<\/strong><strong>Patolog\u00edas por Exceso de Satisfactores<\/strong><\/span><\/h5>\n<ul>\n<li>\n<h6>Hacer m\u00e1s de los que se necesita, pasarse de listo.<\/h6>\n<\/li>\n<\/ul>\n<h5><span style=\"color: #008080;\"><strong>\u00a0<\/strong><strong>SOLUCIONES (por Exceso de Satisfactores)<\/strong><\/span><\/h5>\n<ul>\n<li>\n<h6>Incorporar el sentido de la justa medida para aplicar las habilidades mentales en la Realidad F\u00edsica.<\/h6>\n<\/li>\n<\/ul>\n<h6><\/h6>\n<p>&nbsp;<\/p>\n<h5><span style=\"color: #008080;\"><strong>CONSULTAS Y TERAPIAS<\/strong><\/span><\/h5>\n<ul>\n<li>\n<h6><strong>Si desea tratamiento<\/strong>\u00a0personalizado o virtual,\u00a0<strong>ingrese en \u201c<a href=\"http:\/\/culturaneuroactiva.com\/site\/terapias-pas\/\" target=\"_blank\" rel=\"noopener\">Terapias PAS<\/a>\u201d<\/strong>\u00a0para que seleccione el servicio que responda a sus necesidades, en el cual podr\u00e1 recibir orientaci\u00f3n especializada y\u00a0<strong>aprender t\u00e9cnicas para solucionar los diversos s\u00edntomas y patolog\u00edas\u00a0<\/strong>que viven las Personas \u00cdndigo, Cristal y Arco\u00edris.<\/h6>\n<\/li>\n<li>\n<h6><strong>Citas o mayor informaci\u00f3n<\/strong>, comun\u00edquese al Celular +57 3127994357 o escriba al correo\u00a0<a href=\"mailto:culturaneuroactiva@gmail.com\">culturaneuroactiva@gmail.com<\/a><\/h6>\n<\/li>\n<\/ul>\n<h6><\/h6>\n<h6><strong><a href=\"http:\/\/www.culturaneuroactiva.com\/\">www.culturaneuroactiva.com<\/a><\/strong><\/h6>\n","protected":false},"excerpt":{"rendered":"<p>La Alta Sensibilidad o Neuroactivaci\u00f3n no implica tener problemas ni enfermedades psicoemocionales, estas patolog\u00edas se originan debido al desconocimiento que<\/p>\n","protected":false},"author":1,"featured_media":0,"parent":0,"menu_order":0,"comment_status":"closed","ping_status":"closed","template":"","meta":{"colormag_page_layout":"no_sidebar_content_centered","footnotes":""},"class_list":["post-2862","page","type-page","status-publish","hentry"],"yoast_head":"<!-- This site is optimized with the Yoast SEO plugin v25.6 - https:\/\/yoast.com\/wordpress\/plugins\/seo\/ -->\n<title>Autoterapia Arco\u00edris - Cultura Neuroactiva<\/title>\n<meta name=\"robots\" content=\"index, follow, max-snippet:-1, max-image-preview:large, max-video-preview:-1\" \/>\n<link rel=\"canonical\" href=\"https:\/\/culturaneuroactiva.com\/site\/autoterapia-arcoiris\/\" \/>\n<meta property=\"og:locale\" content=\"es_ES\" \/>\n<meta property=\"og:type\" content=\"article\" \/>\n<meta property=\"og:title\" content=\"Autoterapia Arco\u00edris - Cultura Neuroactiva\" \/>\n<meta property=\"og:description\" content=\"La Alta Sensibilidad o Neuroactivaci\u00f3n no implica tener problemas ni enfermedades psicoemocionales, estas patolog\u00edas se originan debido al desconocimiento que\" \/>\n<meta property=\"og:url\" content=\"https:\/\/culturaneuroactiva.com\/site\/autoterapia-arcoiris\/\" \/>\n<meta property=\"og:site_name\" content=\"Cultura Neuroactiva\" \/>\n<meta property=\"article:publisher\" content=\"https:\/\/www.facebook.com\/cultura.neuroactiva\" \/>\n<meta property=\"article:modified_time\" content=\"2021-10-20T05:02:25+00:00\" \/>\n<meta property=\"og:image\" content=\"http:\/\/culturaneuroactiva.com\/site\/wp-content\/uploads\/2021\/09\/RED-PAS-9-300x130.jpg\" \/>\n<meta name=\"twitter:card\" content=\"summary_large_image\" \/>\n<meta name=\"twitter:label1\" content=\"Tiempo de lectura\" \/>\n\t<meta name=\"twitter:data1\" content=\"4 minutos\" \/>\n<script type=\"application\/ld+json\" class=\"yoast-schema-graph\">{\"@context\":\"https:\/\/schema.org\",\"@graph\":[{\"@type\":\"WebPage\",\"@id\":\"https:\/\/culturaneuroactiva.com\/site\/autoterapia-arcoiris\/\",\"url\":\"https:\/\/culturaneuroactiva.com\/site\/autoterapia-arcoiris\/\",\"name\":\"Autoterapia Arco\u00edris - Cultura Neuroactiva\",\"isPartOf\":{\"@id\":\"https:\/\/culturaneuroactiva.com\/site\/#website\"},\"primaryImageOfPage\":{\"@id\":\"https:\/\/culturaneuroactiva.com\/site\/autoterapia-arcoiris\/#primaryimage\"},\"image\":{\"@id\":\"https:\/\/culturaneuroactiva.com\/site\/autoterapia-arcoiris\/#primaryimage\"},\"thumbnailUrl\":\"http:\/\/culturaneuroactiva.com\/site\/wp-content\/uploads\/2021\/09\/RED-PAS-9-300x130.jpg\",\"datePublished\":\"2021-09-17T20:33:07+00:00\",\"dateModified\":\"2021-10-20T05:02:25+00:00\",\"breadcrumb\":{\"@id\":\"https:\/\/culturaneuroactiva.com\/site\/autoterapia-arcoiris\/#breadcrumb\"},\"inLanguage\":\"es\",\"potentialAction\":[{\"@type\":\"ReadAction\",\"target\":[\"https:\/\/culturaneuroactiva.com\/site\/autoterapia-arcoiris\/\"]}]},{\"@type\":\"ImageObject\",\"inLanguage\":\"es\",\"@id\":\"https:\/\/culturaneuroactiva.com\/site\/autoterapia-arcoiris\/#primaryimage\",\"url\":\"http:\/\/culturaneuroactiva.com\/site\/wp-content\/uploads\/2021\/09\/RED-PAS-9-300x130.jpg\",\"contentUrl\":\"http:\/\/culturaneuroactiva.com\/site\/wp-content\/uploads\/2021\/09\/RED-PAS-9-300x130.jpg\"},{\"@type\":\"BreadcrumbList\",\"@id\":\"https:\/\/culturaneuroactiva.com\/site\/autoterapia-arcoiris\/#breadcrumb\",\"itemListElement\":[{\"@type\":\"ListItem\",\"position\":1,\"name\":\"Portada\",\"item\":\"https:\/\/culturaneuroactiva.com\/site\/\"},{\"@type\":\"ListItem\",\"position\":2,\"name\":\"Autoterapia Arco\u00edris\"}]},{\"@type\":\"WebSite\",\"@id\":\"https:\/\/culturaneuroactiva.com\/site\/#website\",\"url\":\"https:\/\/culturaneuroactiva.com\/site\/\",\"name\":\"Cultura Neuroactiva\",\"description\":\"Gu\u00edas del Vivir Consciente\",\"potentialAction\":[{\"@type\":\"SearchAction\",\"target\":{\"@type\":\"EntryPoint\",\"urlTemplate\":\"https:\/\/culturaneuroactiva.com\/site\/?s={search_term_string}\"},\"query-input\":{\"@type\":\"PropertyValueSpecification\",\"valueRequired\":true,\"valueName\":\"search_term_string\"}}],\"inLanguage\":\"es\"}]}<\/script>\n<!-- \/ Yoast SEO plugin. -->","yoast_head_json":{"title":"Autoterapia Arco\u00edris - Cultura Neuroactiva","robots":{"index":"index","follow":"follow","max-snippet":"max-snippet:-1","max-image-preview":"max-image-preview:large","max-video-preview":"max-video-preview:-1"},"canonical":"https:\/\/culturaneuroactiva.com\/site\/autoterapia-arcoiris\/","og_locale":"es_ES","og_type":"article","og_title":"Autoterapia Arco\u00edris - Cultura Neuroactiva","og_description":"La Alta Sensibilidad o Neuroactivaci\u00f3n no implica tener problemas ni enfermedades psicoemocionales, estas patolog\u00edas se originan debido al desconocimiento que","og_url":"https:\/\/culturaneuroactiva.com\/site\/autoterapia-arcoiris\/","og_site_name":"Cultura Neuroactiva","article_publisher":"https:\/\/www.facebook.com\/cultura.neuroactiva","article_modified_time":"2021-10-20T05:02:25+00:00","og_image":[{"url":"http:\/\/culturaneuroactiva.com\/site\/wp-content\/uploads\/2021\/09\/RED-PAS-9-300x130.jpg","type":"","width":"","height":""}],"twitter_card":"summary_large_image","twitter_misc":{"Tiempo de lectura":"4 minutos"},"schema":{"@context":"https:\/\/schema.org","@graph":[{"@type":"WebPage","@id":"https:\/\/culturaneuroactiva.com\/site\/autoterapia-arcoiris\/","url":"https:\/\/culturaneuroactiva.com\/site\/autoterapia-arcoiris\/","name":"Autoterapia Arco\u00edris - Cultura Neuroactiva","isPartOf":{"@id":"https:\/\/culturaneuroactiva.com\/site\/#website"},"primaryImageOfPage":{"@id":"https:\/\/culturaneuroactiva.com\/site\/autoterapia-arcoiris\/#primaryimage"},"image":{"@id":"https:\/\/culturaneuroactiva.com\/site\/autoterapia-arcoiris\/#primaryimage"},"thumbnailUrl":"http:\/\/culturaneuroactiva.com\/site\/wp-content\/uploads\/2021\/09\/RED-PAS-9-300x130.jpg","datePublished":"2021-09-17T20:33:07+00:00","dateModified":"2021-10-20T05:02:25+00:00","breadcrumb":{"@id":"https:\/\/culturaneuroactiva.com\/site\/autoterapia-arcoiris\/#breadcrumb"},"inLanguage":"es","potentialAction":[{"@type":"ReadAction","target":["https:\/\/culturaneuroactiva.com\/site\/autoterapia-arcoiris\/"]}]},{"@type":"ImageObject","inLanguage":"es","@id":"https:\/\/culturaneuroactiva.com\/site\/autoterapia-arcoiris\/#primaryimage","url":"http:\/\/culturaneuroactiva.com\/site\/wp-content\/uploads\/2021\/09\/RED-PAS-9-300x130.jpg","contentUrl":"http:\/\/culturaneuroactiva.com\/site\/wp-content\/uploads\/2021\/09\/RED-PAS-9-300x130.jpg"},{"@type":"BreadcrumbList","@id":"https:\/\/culturaneuroactiva.com\/site\/autoterapia-arcoiris\/#breadcrumb","itemListElement":[{"@type":"ListItem","position":1,"name":"Portada","item":"https:\/\/culturaneuroactiva.com\/site\/"},{"@type":"ListItem","position":2,"name":"Autoterapia Arco\u00edris"}]},{"@type":"WebSite","@id":"https:\/\/culturaneuroactiva.com\/site\/#website","url":"https:\/\/culturaneuroactiva.com\/site\/","name":"Cultura Neuroactiva","description":"Gu\u00edas del Vivir Consciente","potentialAction":[{"@type":"SearchAction","target":{"@type":"EntryPoint","urlTemplate":"https:\/\/culturaneuroactiva.com\/site\/?s={search_term_string}"},"query-input":{"@type":"PropertyValueSpecification","valueRequired":true,"valueName":"search_term_string"}}],"inLanguage":"es"}]}},"_links":{"self":[{"href":"https:\/\/culturaneuroactiva.com\/site\/wp-json\/wp\/v2\/pages\/2862","targetHints":{"allow":["GET"]}}],"collection":[{"href":"https:\/\/culturaneuroactiva.com\/site\/wp-json\/wp\/v2\/pages"}],"about":[{"href":"https:\/\/culturaneuroactiva.com\/site\/wp-json\/wp\/v2\/types\/page"}],"author":[{"embeddable":true,"href":"https:\/\/culturaneuroactiva.com\/site\/wp-json\/wp\/v2\/users\/1"}],"replies":[{"embeddable":true,"href":"https:\/\/culturaneuroactiva.com\/site\/wp-json\/wp\/v2\/comments?post=2862"}],"version-history":[{"count":4,"href":"https:\/\/culturaneuroactiva.com\/site\/wp-json\/wp\/v2\/pages\/2862\/revisions"}],"predecessor-version":[{"id":3140,"href":"https:\/\/culturaneuroactiva.com\/site\/wp-json\/wp\/v2\/pages\/2862\/revisions\/3140"}],"wp:attachment":[{"href":"https:\/\/culturaneuroactiva.com\/site\/wp-json\/wp\/v2\/media?parent=2862"}],"curies":[{"name":"wp","href":"https:\/\/api.w.org\/{rel}","templated":true}]}}