{"id":2258,"date":"2020-11-27T08:11:46","date_gmt":"2020-11-27T08:11:46","guid":{"rendered":"http:\/\/culturaneuroactiva.com\/site\/?page_id=2258"},"modified":"2020-11-27T08:50:44","modified_gmt":"2020-11-27T08:50:44","slug":"que-es","status":"publish","type":"page","link":"https:\/\/culturaneuroactiva.com\/site\/que-es\/","title":{"rendered":"Qu\u00e9 es"},"content":{"rendered":"<h5><span style=\"color: #008080;\">La realidad tal cual la conoc\u00edamos antes de la pandemia es algo que s\u00f3lo va a quedar en los recuerdos, nuestra cotidianidad est\u00e1 cambiando vertiginosamente, estamos viviendo una experiencia de muerte-renacimiento colectiva que abarca a la humanidad y al planeta. <\/span><\/h5>\n<h6>Esta es la profec\u00eda de la que hablaron los mayas y otras culturas antiguas, estamos parados en el umbral que marca el final de lo viejo y el principio de un nuevo ciclo, y el Covid es s\u00f3lo la primera ficha en una fila de eslabones que nos conduce a una nueva realidad.<\/h6>\n<h6>Esta crisis del cambio de realidad, es el s\u00edntoma principal de un gran salto evolutivo que est\u00e1 teniendo la humanidad, el cual va a traer un gran impacto en nuestras vidas y en la cultura, ya que para destruir la realidad que habit\u00e1bamos primero se deben parar todas las cosas en nuestra vida, para que lo nuevo tenga la oportunidad de nacer, por esta raz\u00f3n es que en estos momentos nos salimos de la zona de confort, y esto remueve las bases de nuestra estructura psicol\u00f3gica colectiva, quit\u00e1ndonos moment\u00e1neamente la identidad, el sentido y el \u00e1nimo, por eso es que nuestro hacer queda eclipsado.<\/h6>\n<h6>Estamos tan aturdidos inmersos en esta experiencia, que ni siquiera logramos entender o nominar lo que sentimos, pero al mismo tiempo esto es la oportunidad de dejar atr\u00e1s todo lo pasado e iniciar un nuevo cap\u00edtulo de nuestra vida en el que cada quien saque su potencial interno y se convierta en la mejor versi\u00f3n de s\u00ed mismo.<\/h6>\n<h6><\/h6>\n<h5><span style=\"color: #008080;\"><strong>S\u00cdNDROME DEL CAMBIO DE REALIDAD<\/strong><\/span><\/h5>\n<h6>Todas las problem\u00e1ticas y s\u00edntomas que caracterizan este s\u00edndrome, se dan mientras se derrumba la realidad conocida y surge la nueva realidad, o sea que son las problem\u00e1ticas del cambio de conciencia o del cambio de paradigma mental.<\/h6>\n<h6>Este s\u00edndrome es el problema psicol\u00f3gico m\u00e1s desconocido y complejo de la crisis actual, se parece a lo que en psicoterapia se conoce como Abulia o como el Sindrome de Burnot, pero tiene otros s\u00edntomas y variables m\u00e1s fuertes, empezando que no es algo localizado en un grupo poblacional sino que es algo que afecta a todos los grupos (hombres, mujeres, ricos, pobres, ni\u00f1os, j\u00f3venes, adultos, ancianos). Es una patolog\u00eda que nos obliga a frenar el ritmo normal, a reparar al ser y a organizar la vida, por eso es que tiene m\u00faltiples s\u00edntomas f\u00edsicos y psicol\u00f3gicos, aunque lo que m\u00e1s sobresale es un intenso agotamiento y desinter\u00e9s hacia los asuntos cotidianos, que lentifica o hace m\u00e1s pesado el hacer, y que produce una crisis que afecta el sentido, la identidad y el \u00e1nimo. A continuaci\u00f3n est\u00e1n descritos la mayor\u00eda de los s\u00edntomas de este s\u00edndrome, aunque para padecerlo no hay necesidad de tenerlos todos sino algunos solamente. Ubique cuales s\u00edntomas tiene, lea las soluciones, y si necesita ayuda profesional, escribanos a culturaneuroactiva@gmail.com<\/h6>\n<h6><\/h6>\n<h6><span style=\"color: #008080;\">Autor: Juan David Silva Aguirre.<\/span><\/h6>\n<h6><span style=\"color: #008080;\">www.culturaneuroactiva.com<\/span><\/h6>\n","protected":false},"excerpt":{"rendered":"<p>La realidad tal cual la conoc\u00edamos antes de la pandemia es algo que s\u00f3lo va a quedar en los recuerdos,<\/p>\n","protected":false},"author":1,"featured_media":0,"parent":0,"menu_order":0,"comment_status":"closed","ping_status":"closed","template":"","meta":{"colormag_page_layout":"no_sidebar_content_centered","footnotes":""},"class_list":["post-2258","page","type-page","status-publish","hentry"],"yoast_head":"<!-- This site is optimized with the Yoast SEO plugin v25.6 - https:\/\/yoast.com\/wordpress\/plugins\/seo\/ -->\n<title>Qu\u00e9 es - Cultura Neuroactiva<\/title>\n<meta name=\"robots\" content=\"index, follow, max-snippet:-1, max-image-preview:large, max-video-preview:-1\" \/>\n<link rel=\"canonical\" href=\"https:\/\/culturaneuroactiva.com\/site\/que-es\/\" \/>\n<meta property=\"og:locale\" content=\"es_ES\" \/>\n<meta property=\"og:type\" content=\"article\" \/>\n<meta property=\"og:title\" content=\"Qu\u00e9 es - Cultura Neuroactiva\" \/>\n<meta property=\"og:description\" content=\"La realidad tal cual la conoc\u00edamos antes de la pandemia es algo que s\u00f3lo va a quedar en los recuerdos,\" \/>\n<meta property=\"og:url\" content=\"https:\/\/culturaneuroactiva.com\/site\/que-es\/\" \/>\n<meta property=\"og:site_name\" content=\"Cultura Neuroactiva\" \/>\n<meta property=\"article:publisher\" content=\"https:\/\/www.facebook.com\/cultura.neuroactiva\" \/>\n<meta property=\"article:modified_time\" content=\"2020-11-27T08:50:44+00:00\" \/>\n<meta name=\"twitter:card\" content=\"summary_large_image\" \/>\n<meta name=\"twitter:label1\" content=\"Tiempo de lectura\" \/>\n\t<meta name=\"twitter:data1\" content=\"3 minutos\" \/>\n<script type=\"application\/ld+json\" class=\"yoast-schema-graph\">{\"@context\":\"https:\/\/schema.org\",\"@graph\":[{\"@type\":\"WebPage\",\"@id\":\"https:\/\/culturaneuroactiva.com\/site\/que-es\/\",\"url\":\"https:\/\/culturaneuroactiva.com\/site\/que-es\/\",\"name\":\"Qu\u00e9 es - Cultura Neuroactiva\",\"isPartOf\":{\"@id\":\"https:\/\/culturaneuroactiva.com\/site\/#website\"},\"datePublished\":\"2020-11-27T08:11:46+00:00\",\"dateModified\":\"2020-11-27T08:50:44+00:00\",\"breadcrumb\":{\"@id\":\"https:\/\/culturaneuroactiva.com\/site\/que-es\/#breadcrumb\"},\"inLanguage\":\"es\",\"potentialAction\":[{\"@type\":\"ReadAction\",\"target\":[\"https:\/\/culturaneuroactiva.com\/site\/que-es\/\"]}]},{\"@type\":\"BreadcrumbList\",\"@id\":\"https:\/\/culturaneuroactiva.com\/site\/que-es\/#breadcrumb\",\"itemListElement\":[{\"@type\":\"ListItem\",\"position\":1,\"name\":\"Portada\",\"item\":\"https:\/\/culturaneuroactiva.com\/site\/\"},{\"@type\":\"ListItem\",\"position\":2,\"name\":\"Qu\u00e9 es\"}]},{\"@type\":\"WebSite\",\"@id\":\"https:\/\/culturaneuroactiva.com\/site\/#website\",\"url\":\"https:\/\/culturaneuroactiva.com\/site\/\",\"name\":\"Cultura Neuroactiva\",\"description\":\"Gu\u00edas del Vivir Consciente\",\"potentialAction\":[{\"@type\":\"SearchAction\",\"target\":{\"@type\":\"EntryPoint\",\"urlTemplate\":\"https:\/\/culturaneuroactiva.com\/site\/?s={search_term_string}\"},\"query-input\":{\"@type\":\"PropertyValueSpecification\",\"valueRequired\":true,\"valueName\":\"search_term_string\"}}],\"inLanguage\":\"es\"}]}<\/script>\n<!-- \/ Yoast SEO plugin. -->","yoast_head_json":{"title":"Qu\u00e9 es - Cultura Neuroactiva","robots":{"index":"index","follow":"follow","max-snippet":"max-snippet:-1","max-image-preview":"max-image-preview:large","max-video-preview":"max-video-preview:-1"},"canonical":"https:\/\/culturaneuroactiva.com\/site\/que-es\/","og_locale":"es_ES","og_type":"article","og_title":"Qu\u00e9 es - Cultura Neuroactiva","og_description":"La realidad tal cual la conoc\u00edamos antes de la pandemia es algo que s\u00f3lo va a quedar en los recuerdos,","og_url":"https:\/\/culturaneuroactiva.com\/site\/que-es\/","og_site_name":"Cultura Neuroactiva","article_publisher":"https:\/\/www.facebook.com\/cultura.neuroactiva","article_modified_time":"2020-11-27T08:50:44+00:00","twitter_card":"summary_large_image","twitter_misc":{"Tiempo de lectura":"3 minutos"},"schema":{"@context":"https:\/\/schema.org","@graph":[{"@type":"WebPage","@id":"https:\/\/culturaneuroactiva.com\/site\/que-es\/","url":"https:\/\/culturaneuroactiva.com\/site\/que-es\/","name":"Qu\u00e9 es - Cultura Neuroactiva","isPartOf":{"@id":"https:\/\/culturaneuroactiva.com\/site\/#website"},"datePublished":"2020-11-27T08:11:46+00:00","dateModified":"2020-11-27T08:50:44+00:00","breadcrumb":{"@id":"https:\/\/culturaneuroactiva.com\/site\/que-es\/#breadcrumb"},"inLanguage":"es","potentialAction":[{"@type":"ReadAction","target":["https:\/\/culturaneuroactiva.com\/site\/que-es\/"]}]},{"@type":"BreadcrumbList","@id":"https:\/\/culturaneuroactiva.com\/site\/que-es\/#breadcrumb","itemListElement":[{"@type":"ListItem","position":1,"name":"Portada","item":"https:\/\/culturaneuroactiva.com\/site\/"},{"@type":"ListItem","position":2,"name":"Qu\u00e9 es"}]},{"@type":"WebSite","@id":"https:\/\/culturaneuroactiva.com\/site\/#website","url":"https:\/\/culturaneuroactiva.com\/site\/","name":"Cultura Neuroactiva","description":"Gu\u00edas del Vivir Consciente","potentialAction":[{"@type":"SearchAction","target":{"@type":"EntryPoint","urlTemplate":"https:\/\/culturaneuroactiva.com\/site\/?s={search_term_string}"},"query-input":{"@type":"PropertyValueSpecification","valueRequired":true,"valueName":"search_term_string"}}],"inLanguage":"es"}]}},"_links":{"self":[{"href":"https:\/\/culturaneuroactiva.com\/site\/wp-json\/wp\/v2\/pages\/2258","targetHints":{"allow":["GET"]}}],"collection":[{"href":"https:\/\/culturaneuroactiva.com\/site\/wp-json\/wp\/v2\/pages"}],"about":[{"href":"https:\/\/culturaneuroactiva.com\/site\/wp-json\/wp\/v2\/types\/page"}],"author":[{"embeddable":true,"href":"https:\/\/culturaneuroactiva.com\/site\/wp-json\/wp\/v2\/users\/1"}],"replies":[{"embeddable":true,"href":"https:\/\/culturaneuroactiva.com\/site\/wp-json\/wp\/v2\/comments?post=2258"}],"version-history":[{"count":4,"href":"https:\/\/culturaneuroactiva.com\/site\/wp-json\/wp\/v2\/pages\/2258\/revisions"}],"predecessor-version":[{"id":2287,"href":"https:\/\/culturaneuroactiva.com\/site\/wp-json\/wp\/v2\/pages\/2258\/revisions\/2287"}],"wp:attachment":[{"href":"https:\/\/culturaneuroactiva.com\/site\/wp-json\/wp\/v2\/media?parent=2258"}],"curies":[{"name":"wp","href":"https:\/\/api.w.org\/{rel}","templated":true}]}}