{"id":2203,"date":"2020-08-09T12:06:13","date_gmt":"2020-08-09T12:06:13","guid":{"rendered":"http:\/\/culturaneuroactiva.com\/site\/?page_id=2203"},"modified":"2020-08-09T12:06:13","modified_gmt":"2020-08-09T12:06:13","slug":"etapas-del-viaje-interior","status":"publish","type":"page","link":"https:\/\/culturaneuroactiva.com\/site\/etapas-del-viaje-interior\/","title":{"rendered":"Etapas del Viaje Interior"},"content":{"rendered":"<h4><a href=\"http:\/\/culturaneuroactiva.com\/site\/wp-content\/uploads\/2016\/06\/Relajaci\u00f3n.jpg\"><img loading=\"lazy\" decoding=\"async\" class=\" wp-image-1347 aligncenter\" src=\"http:\/\/culturaneuroactiva.com\/site\/wp-content\/uploads\/2016\/06\/Relajaci\u00f3n-300x169.jpg\" alt=\"\" width=\"548\" height=\"309\" srcset=\"https:\/\/culturaneuroactiva.com\/site\/wp-content\/uploads\/2016\/06\/Relajaci\u00f3n-300x169.jpg 300w, https:\/\/culturaneuroactiva.com\/site\/wp-content\/uploads\/2016\/06\/Relajaci\u00f3n.jpg 753w\" sizes=\"auto, (max-width: 548px) 100vw, 548px\" \/><\/a><\/h4>\n<h4><span style=\"color: #008080;\"><strong>Mapa de la Conciencia: Las Cuatro Atenciones<\/strong><\/span><\/h4>\n<h6>Los cuatro niveles de atenci\u00f3n que tiene la conciencia coinciden con la clasificaci\u00f3n de los cuatro niveles perceptuales de la realidad que describe Serge King en el libro El Viaje del Cham\u00e1n, tambi\u00e9n coinciden (excepto el primer nivel) con la clasificaci\u00f3n de las experiencias en el inconsciente que hace Stanislav Grof, y por \u00faltimo coinciden con los cuatro principales tipos de ondas cerebrales que se distinguen en el electroencefalograma seg\u00fan su margen de frecuencia (Beta, Alfa, Theta y Delta).<\/h6>\n<h6>As\u00ed como el sistema evolutivo humano se divide en cuatro etapas b\u00e1sicas (Neuronormal, \u00cdndigo, Cristal y Arco\u00edris), as\u00ed mismo el sistema de la cognici\u00f3n se divide en cuatro niveles de consciencia que son conocidos como las cuatro atenciones, las cuales se diferencian entre s\u00ed por el tipo de efectos cognitivos que producen, y porque cada una est\u00e1 regida por una velocidad de procesamiento cerebral espec\u00edfica, que es m\u00e1s lenta en la medida en que m\u00e1s se active el modo cognitivo espiritual. A nivel cognitivo, la primera atenci\u00f3n corresponde al modo cognitivo f\u00edsico, la segunda atenci\u00f3n es un punto intermedio entre los dos modos cognitivos, y la tercera y cuarta atenci\u00f3n corresponden al modo cognitivo espiritual y a las experiencias transpersonales, en donde se percibe m\u00e1s all\u00e1 de los l\u00edmites de percepci\u00f3n del yo.<\/h6>\n<h6>La metodolog\u00edas psicoespirituales o tecnolog\u00edas mentales son los puentes que conectan la realidad f\u00edsica con la realidad espiritual, o sea que si nosotros vivimos en primera atenci\u00f3n, existen t\u00e9cnicas de la conciencia que tienen el poder de cambiar nuestro modo cognitivo, y conectarnos con segunda atenci\u00f3n, tercera atenci\u00f3n y cuarta atenci\u00f3n. El viaje por el inconsciente puede ser agradable o desagradable, por eso en la segunda y tercera atenci\u00f3n existen unos efectos inversos que se dan cuando la persona pasa por procesos de purificaci\u00f3n, o cuando se tiene la experiencia pero sin ninguna orientaci\u00f3n. Las caracter\u00edsticas vivenciales de las cuatro atenciones son las siguientes:<\/h6>\n<p>&nbsp;<\/p>\n<h5><span style=\"color: #008080;\"><strong>Primera Atenci\u00f3n<\/strong><\/span><\/h5>\n<ul>\n<li>\n<h6>Comparado con el sistema evolutivo humano corresponde a la etapa neuronormal, que est\u00e1 antes del proceso de neuroactivaci\u00f3n.<\/h6>\n<\/li>\n<li>\n<h6>Corresponde al viejo paradigma mental y al inconsciente colectivo.<\/h6>\n<\/li>\n<li>\n<h6>Equivale a estar despierto d\u00e1ndose cuenta de lo que ocurre en el mundo f\u00edsico.<\/h6>\n<\/li>\n<li>\n<h6>Equivale a la experiencia sensorial en la realidad cotidiana.<\/h6>\n<\/li>\n<li>\n<h6>A nivel cognitivo corresponde a las ondas cerebrales Beta (y Gamma) y al estado de vigilia.<\/h6>\n<\/li>\n<\/ul>\n<p>&nbsp;<\/p>\n<h5><span style=\"color: #008080;\"><strong>Segunda Atenci\u00f3n<\/strong><\/span><\/h5>\n<ul>\n<li>\n<h6>Estados de consciencia acrecentada.<\/h6>\n<\/li>\n<li>\n<h6>Entrar en la dimensi\u00f3n de las causas.<\/h6>\n<\/li>\n<li>\n<h6>Claridades s\u00fabitas sobre la vida cotidiana.<\/h6>\n<\/li>\n<li>\n<h6>Se organiza en la psiquis cadenas mentales de sentido, que conllevan a la visi\u00f3n de la causa de alg\u00fan asunto inconcluso.<\/h6>\n<\/li>\n<li>\n<h6>Comprensi\u00f3n de lo abstracto.<\/h6>\n<\/li>\n<li>\n<h6>Se desarrolla cierta elocuencia o brillantez en la exposici\u00f3n de las ideas.<\/h6>\n<\/li>\n<li>\n<h6>Inspiraci\u00f3n, conexi\u00f3n con la musa.<\/h6>\n<\/li>\n<li>\n<h6>En algunos casos se tienen contacto con la voz de la consciencia (la voz del ver).<\/h6>\n<\/li>\n<li>\n<h6>Se activan cadenas de recuerdo espec\u00edficas de la vida cotidiana o del pasado.<\/h6>\n<\/li>\n<li>\n<h6>A nivel cognitivo corresponde a las ondas cerebrales Alfa.<\/h6>\n<\/li>\n<li>\n<h6>Comparado con el sistema evolutivo humano corresponde a la Etapa \u00cdndigo.<\/h6>\n<\/li>\n<\/ul>\n<h6><em>Efectos Inversos<\/em><\/h6>\n<ul>\n<li>\n<h6>Se corre el riesgo de perderse en la fantas\u00eda, en las proyecciones personales y en lo ideal.<\/h6>\n<\/li>\n<li>\n<h6>Quien no buen criterio corre el riesgo de perderse en autocanalizaciones.<\/h6>\n<\/li>\n<li>\n<h6>Si no se sabe guardar la calma ante las sensaciones negativas, la persona se puede desbordar en lo emocional y tener un viaje tensionante o desagradable.<\/h6>\n<\/li>\n<\/ul>\n<p>&nbsp;<\/p>\n<h5><span style=\"color: #008080;\"><strong>Tercera Atenci\u00f3n<\/strong><\/span><\/h5>\n<ul>\n<li>\n<h6>Se pierde la individuaci\u00f3n y\u00f3ica y se empieza a sentir m\u00e1s all\u00e1 de los l\u00edmites de percepci\u00f3n del yo.<\/h6>\n<\/li>\n<li>\n<h6>El proceso del pensamiento cambia a tal punto de bloquear el habla e incrementar de manera dram\u00e1tica lo sensorial.<\/h6>\n<\/li>\n<li>\n<h6>Los yoes multidimensionales y las diferentes emociones se manifiestan en forma muy intensa, r\u00e1pida y aut\u00f3noma.<\/h6>\n<\/li>\n<li>\n<h6>Se experimenta la multiplicidad de puntos de vista, es como ver una cosa desde varias perspectivas, o sinti\u00e9ndolas de muchas formas al mismo tiempo, por eso es demasiada informaci\u00f3n la que se obtiene con s\u00f3lo mirar un objeto.<\/h6>\n<\/li>\n<li>\n<h6>Se incrementa notablemente la velocidad en la que se agrandan los pensamientos, hasta el punto en el que una palabra o un simple concepto se convierte en una dimensi\u00f3n perceptual a corto plazo.<\/h6>\n<\/li>\n<li>\n<h6>Los procesos de la realidad empiezan a ocurrir demasiado r\u00e1pido, es como si se alcanzara a observar el proceso mismo de la vida pero a una velocidad 50 veces m\u00e1s r\u00e1pido de lo que uno lo vivencia en la vida cotidiana.<\/h6>\n<\/li>\n<li>\n<h6>Se cierran y se abren ventanas en todo momento, y como si fuera Internet, hay que tener mucho cuidado con las ventanas negativas.<\/h6>\n<\/li>\n<li>\n<h6>Se siente que se est\u00e1 al borde de perder el control y la calma, por lo tanto se necesita hacer equilibrio interior todo el tiempo. Para este equilibrio ayuda el aislamiento, el aquietamiento y el silencio interior.<\/h6>\n<\/li>\n<li>\n<h6>Se mira todo pasar tan r\u00e1pidamente que se observan aspectos de la realidad que eran imposible verlos a velocidad normal.<\/h6>\n<\/li>\n<li>\n<h6>A nivel cognitivo corresponde a las ondas cerebrales Theta.<\/h6>\n<\/li>\n<li>\n<h6>Comparado con el sistema evolutivo humano corresponde a la Etapa Crista.<\/h6>\n<\/li>\n<\/ul>\n<h6><em>Efectos Inversos<\/em><\/h6>\n<ul>\n<li>\n<h6>Se atraviesa por una inc\u00f3moda desestructuraci\u00f3n del yo, que se refleja en un intenso malestar f\u00edsico y psicol\u00f3gico, con movimientos corporales involuntarios y baja de temperatura.<\/h6>\n<\/li>\n<li>\n<h6>Se atraviesa por experiencias y estados mentales de muerte-renacimiento.<\/h6>\n<\/li>\n<li>\n<h6>La persona se confronta con sus propios demonios y con todos los supuestos negativos y oscuros que tenga a nivel consciente o inconsciente.<\/h6>\n<\/li>\n<li>\n<h6>El Viaje por los Submundos se manifiesta en una profunda crisis de sentido, ansiedad y culpa.<\/h6>\n<\/li>\n<li>\n<h6>Se vislumbra un panorama sombr\u00edo en todo lo observable.<\/h6>\n<\/li>\n<li>\n<h6>Se siente el dolor de la humanidad y el dolor de la Tierra.<\/h6>\n<\/li>\n<li>\n<h6>Se siente que se est\u00e1 al borde la locura y a punto de perder el control, por lo tanto todo el esfuerzo se centra en no perder la calma, conservar la cordura, hacer equilibrio psicol\u00f3gico, y no dejarse sacar del centro.<\/h6>\n<\/li>\n<\/ul>\n<p>&nbsp;<\/p>\n<h5><span style=\"color: #008080;\"><strong>Cuarta Atenci\u00f3n<\/strong><\/span><\/h5>\n<ul>\n<li>\n<h6>Se tiene acceso a la estructura de la realidad.<\/h6>\n<\/li>\n<li>\n<h6>Se siente que todo est\u00e1 en todo.<\/h6>\n<\/li>\n<li>\n<h6>Reestructuraci\u00f3n psicol\u00f3gica.<\/h6>\n<\/li>\n<li>\n<h6>Estados de unificaci\u00f3n y experiencia m\u00edstica.<\/h6>\n<\/li>\n<li>\n<h6>El Conocimiento Silencioso bloquea el proceso de nominaci\u00f3n.<\/h6>\n<\/li>\n<li>\n<h6>Comunicaci\u00f3n con maestros espirituales.<\/h6>\n<\/li>\n<li>\n<h6>Profundas vivencias de armon\u00eda, paz, amor, plenitud y felicidad.<\/h6>\n<\/li>\n<li>\n<h6>Se entra en contacto con el esp\u00edritu de las cosas.<\/h6>\n<\/li>\n<li>\n<h6>Se adquiere la capacidad de leer el campo energ\u00e9tico.<\/h6>\n<\/li>\n<li>\n<h6>Se despiertan moment\u00e1neamente poderes cognitivos y mentales.<\/h6>\n<\/li>\n<li>\n<h6>Conexi\u00f3n con la Tierra y la Naturaleza.<\/h6>\n<\/li>\n<li>\n<h6>Comprensi\u00f3n de la totalidad (la Base del Ser) y de aspectos de la estructura de la Realidad.<\/h6>\n<\/li>\n<li>\n<h6>Visualizaciones del pasado o del futuro.<\/h6>\n<\/li>\n<li>\n<h6>Se vivencia de manera tangible el origen y lo ancestral.<\/h6>\n<\/li>\n<li>\n<h6>Expansi\u00f3n de la consciencia m\u00e1s all\u00e1 de los l\u00edmites de percepci\u00f3n del yo.<\/h6>\n<\/li>\n<li>\n<h6>Se es capaz de observar la perfecci\u00f3n y lo divino en medio de lo cotidiano.<\/h6>\n<\/li>\n<li>\n<h6>A nivel cognitivo corresponde a las ondas cerebrales Delta.<\/h6>\n<\/li>\n<li>\n<h6>Comparado con el sistema evolutivo humano corresponde a la Etapa Arco\u00edris.<\/h6>\n<\/li>\n<\/ul>\n<h6>\u00a0.<\/h6>\n<h6>Art\u00edculo extra\u00eddo del libro Mec\u00e1nica Psicobioespiritual.<\/h6>\n<h6>Autor: Juan David Silva Aguirre.<\/h6>\n<p><img loading=\"lazy\" decoding=\"async\" class=\"alignnone wp-image-637\" src=\"http:\/\/culturaneuroactiva.com\/site\/wp-content\/uploads\/2016\/03\/creative-comons-300x105.png\" sizes=\"auto, (max-width: 97px) 100vw, 97px\" srcset=\"http:\/\/culturaneuroactiva.com\/site\/wp-content\/uploads\/2016\/03\/creative-comons-300x105.png 300w, http:\/\/culturaneuroactiva.com\/site\/wp-content\/uploads\/2016\/03\/creative-comons-392x141.png 392w, http:\/\/culturaneuroactiva.com\/site\/wp-content\/uploads\/2016\/03\/creative-comons-390x141.png 390w, http:\/\/culturaneuroactiva.com\/site\/wp-content\/uploads\/2016\/03\/creative-comons.png 403w\" alt=\"creative comons\" width=\"97\" height=\"34\" \/><\/p>\n<h6><\/h6>\n<h6>SERVICIOS<\/h6>\n<h6>Sanaci\u00f3n Sonora, Concierto para el Alma, Fiesta Electro M\u00edstica.<\/h6>\n<h6>CITA PREVIA:<\/h6>\n<h6>culturaneuroactiva@gmail.com (Cel.3127994357) Medell\u00edn \u2013 Colombia<\/h6>\n<h6><a href=\"http:\/\/l.facebook.com\/l.php?u=http%3A%2F%2Fwww.culturaneuroactiva.com%2F&amp;h=GAQHkP-dWAQF9YuuXMR1tLwME73XjI3u_VmoDrnpksFBEGw&amp;enc=AZPnHHQRkjDPvVeSOJ2tPEg2u2ci05a-M934aWIvvhnjuDpvFq5hiCRWNuCxhlEZ1prmwyzsYJ2r3P_0mm1-oBpmC5CYoJj-ad7Rh5hjNgGpAELXNWW7TBwCuttYzacbApBp-acPHHIst4vBslaUtQ4UGO0O4os857e6VHHnWBDw_DLIz0VYdPbGzgt4GDJ-th2-ZR4gYfGu02bdCBD4go1p&amp;s=1\" target=\"_blank\" rel=\"nofollow noopener\">www.culturaneuroactiva.com<\/a><\/h6>\n","protected":false},"excerpt":{"rendered":"<p>Mapa de la Conciencia: Las Cuatro Atenciones Los cuatro niveles de atenci\u00f3n que tiene la conciencia coinciden con la clasificaci\u00f3n<\/p>\n","protected":false},"author":1,"featured_media":0,"parent":0,"menu_order":0,"comment_status":"closed","ping_status":"closed","template":"","meta":{"colormag_page_layout":"no_sidebar_content_centered","footnotes":""},"class_list":["post-2203","page","type-page","status-publish","hentry"],"yoast_head":"<!-- This site is optimized with the Yoast SEO plugin v25.6 - https:\/\/yoast.com\/wordpress\/plugins\/seo\/ -->\n<title>Etapas del Viaje Interior - Cultura Neuroactiva<\/title>\n<meta name=\"robots\" content=\"index, follow, max-snippet:-1, max-image-preview:large, max-video-preview:-1\" \/>\n<link rel=\"canonical\" href=\"https:\/\/culturaneuroactiva.com\/site\/etapas-del-viaje-interior\/\" \/>\n<meta property=\"og:locale\" content=\"es_ES\" \/>\n<meta property=\"og:type\" content=\"article\" \/>\n<meta property=\"og:title\" content=\"Etapas del Viaje Interior - Cultura Neuroactiva\" \/>\n<meta property=\"og:description\" content=\"Mapa de la Conciencia: Las Cuatro Atenciones Los cuatro niveles de atenci\u00f3n que tiene la conciencia coinciden con la clasificaci\u00f3n\" \/>\n<meta property=\"og:url\" content=\"https:\/\/culturaneuroactiva.com\/site\/etapas-del-viaje-interior\/\" \/>\n<meta property=\"og:site_name\" content=\"Cultura Neuroactiva\" \/>\n<meta property=\"article:publisher\" content=\"https:\/\/www.facebook.com\/cultura.neuroactiva\" \/>\n<meta property=\"og:image\" content=\"http:\/\/culturaneuroactiva.com\/site\/wp-content\/uploads\/2016\/03\/creative-comons-300x105.png\" \/>\n<meta name=\"twitter:card\" content=\"summary_large_image\" \/>\n<meta name=\"twitter:label1\" content=\"Tiempo de lectura\" \/>\n\t<meta name=\"twitter:data1\" content=\"6 minutos\" \/>\n<script type=\"application\/ld+json\" class=\"yoast-schema-graph\">{\"@context\":\"https:\/\/schema.org\",\"@graph\":[{\"@type\":\"WebPage\",\"@id\":\"https:\/\/culturaneuroactiva.com\/site\/etapas-del-viaje-interior\/\",\"url\":\"https:\/\/culturaneuroactiva.com\/site\/etapas-del-viaje-interior\/\",\"name\":\"Etapas del Viaje Interior - Cultura Neuroactiva\",\"isPartOf\":{\"@id\":\"https:\/\/culturaneuroactiva.com\/site\/#website\"},\"primaryImageOfPage\":{\"@id\":\"https:\/\/culturaneuroactiva.com\/site\/etapas-del-viaje-interior\/#primaryimage\"},\"image\":{\"@id\":\"https:\/\/culturaneuroactiva.com\/site\/etapas-del-viaje-interior\/#primaryimage\"},\"thumbnailUrl\":\"http:\/\/culturaneuroactiva.com\/site\/wp-content\/uploads\/2016\/03\/creative-comons-300x105.png\",\"datePublished\":\"2020-08-09T12:06:13+00:00\",\"breadcrumb\":{\"@id\":\"https:\/\/culturaneuroactiva.com\/site\/etapas-del-viaje-interior\/#breadcrumb\"},\"inLanguage\":\"es\",\"potentialAction\":[{\"@type\":\"ReadAction\",\"target\":[\"https:\/\/culturaneuroactiva.com\/site\/etapas-del-viaje-interior\/\"]}]},{\"@type\":\"ImageObject\",\"inLanguage\":\"es\",\"@id\":\"https:\/\/culturaneuroactiva.com\/site\/etapas-del-viaje-interior\/#primaryimage\",\"url\":\"http:\/\/culturaneuroactiva.com\/site\/wp-content\/uploads\/2016\/03\/creative-comons-300x105.png\",\"contentUrl\":\"http:\/\/culturaneuroactiva.com\/site\/wp-content\/uploads\/2016\/03\/creative-comons-300x105.png\"},{\"@type\":\"BreadcrumbList\",\"@id\":\"https:\/\/culturaneuroactiva.com\/site\/etapas-del-viaje-interior\/#breadcrumb\",\"itemListElement\":[{\"@type\":\"ListItem\",\"position\":1,\"name\":\"Portada\",\"item\":\"https:\/\/culturaneuroactiva.com\/site\/\"},{\"@type\":\"ListItem\",\"position\":2,\"name\":\"Etapas del Viaje Interior\"}]},{\"@type\":\"WebSite\",\"@id\":\"https:\/\/culturaneuroactiva.com\/site\/#website\",\"url\":\"https:\/\/culturaneuroactiva.com\/site\/\",\"name\":\"Cultura Neuroactiva\",\"description\":\"Gu\u00edas del Vivir Consciente\",\"potentialAction\":[{\"@type\":\"SearchAction\",\"target\":{\"@type\":\"EntryPoint\",\"urlTemplate\":\"https:\/\/culturaneuroactiva.com\/site\/?s={search_term_string}\"},\"query-input\":{\"@type\":\"PropertyValueSpecification\",\"valueRequired\":true,\"valueName\":\"search_term_string\"}}],\"inLanguage\":\"es\"}]}<\/script>\n<!-- \/ Yoast SEO plugin. -->","yoast_head_json":{"title":"Etapas del Viaje Interior - Cultura Neuroactiva","robots":{"index":"index","follow":"follow","max-snippet":"max-snippet:-1","max-image-preview":"max-image-preview:large","max-video-preview":"max-video-preview:-1"},"canonical":"https:\/\/culturaneuroactiva.com\/site\/etapas-del-viaje-interior\/","og_locale":"es_ES","og_type":"article","og_title":"Etapas del Viaje Interior - Cultura Neuroactiva","og_description":"Mapa de la Conciencia: Las Cuatro Atenciones Los cuatro niveles de atenci\u00f3n que tiene la conciencia coinciden con la clasificaci\u00f3n","og_url":"https:\/\/culturaneuroactiva.com\/site\/etapas-del-viaje-interior\/","og_site_name":"Cultura Neuroactiva","article_publisher":"https:\/\/www.facebook.com\/cultura.neuroactiva","og_image":[{"url":"http:\/\/culturaneuroactiva.com\/site\/wp-content\/uploads\/2016\/03\/creative-comons-300x105.png","type":"","width":"","height":""}],"twitter_card":"summary_large_image","twitter_misc":{"Tiempo de lectura":"6 minutos"},"schema":{"@context":"https:\/\/schema.org","@graph":[{"@type":"WebPage","@id":"https:\/\/culturaneuroactiva.com\/site\/etapas-del-viaje-interior\/","url":"https:\/\/culturaneuroactiva.com\/site\/etapas-del-viaje-interior\/","name":"Etapas del Viaje Interior - Cultura Neuroactiva","isPartOf":{"@id":"https:\/\/culturaneuroactiva.com\/site\/#website"},"primaryImageOfPage":{"@id":"https:\/\/culturaneuroactiva.com\/site\/etapas-del-viaje-interior\/#primaryimage"},"image":{"@id":"https:\/\/culturaneuroactiva.com\/site\/etapas-del-viaje-interior\/#primaryimage"},"thumbnailUrl":"http:\/\/culturaneuroactiva.com\/site\/wp-content\/uploads\/2016\/03\/creative-comons-300x105.png","datePublished":"2020-08-09T12:06:13+00:00","breadcrumb":{"@id":"https:\/\/culturaneuroactiva.com\/site\/etapas-del-viaje-interior\/#breadcrumb"},"inLanguage":"es","potentialAction":[{"@type":"ReadAction","target":["https:\/\/culturaneuroactiva.com\/site\/etapas-del-viaje-interior\/"]}]},{"@type":"ImageObject","inLanguage":"es","@id":"https:\/\/culturaneuroactiva.com\/site\/etapas-del-viaje-interior\/#primaryimage","url":"http:\/\/culturaneuroactiva.com\/site\/wp-content\/uploads\/2016\/03\/creative-comons-300x105.png","contentUrl":"http:\/\/culturaneuroactiva.com\/site\/wp-content\/uploads\/2016\/03\/creative-comons-300x105.png"},{"@type":"BreadcrumbList","@id":"https:\/\/culturaneuroactiva.com\/site\/etapas-del-viaje-interior\/#breadcrumb","itemListElement":[{"@type":"ListItem","position":1,"name":"Portada","item":"https:\/\/culturaneuroactiva.com\/site\/"},{"@type":"ListItem","position":2,"name":"Etapas del Viaje Interior"}]},{"@type":"WebSite","@id":"https:\/\/culturaneuroactiva.com\/site\/#website","url":"https:\/\/culturaneuroactiva.com\/site\/","name":"Cultura Neuroactiva","description":"Gu\u00edas del Vivir Consciente","potentialAction":[{"@type":"SearchAction","target":{"@type":"EntryPoint","urlTemplate":"https:\/\/culturaneuroactiva.com\/site\/?s={search_term_string}"},"query-input":{"@type":"PropertyValueSpecification","valueRequired":true,"valueName":"search_term_string"}}],"inLanguage":"es"}]}},"_links":{"self":[{"href":"https:\/\/culturaneuroactiva.com\/site\/wp-json\/wp\/v2\/pages\/2203","targetHints":{"allow":["GET"]}}],"collection":[{"href":"https:\/\/culturaneuroactiva.com\/site\/wp-json\/wp\/v2\/pages"}],"about":[{"href":"https:\/\/culturaneuroactiva.com\/site\/wp-json\/wp\/v2\/types\/page"}],"author":[{"embeddable":true,"href":"https:\/\/culturaneuroactiva.com\/site\/wp-json\/wp\/v2\/users\/1"}],"replies":[{"embeddable":true,"href":"https:\/\/culturaneuroactiva.com\/site\/wp-json\/wp\/v2\/comments?post=2203"}],"version-history":[{"count":1,"href":"https:\/\/culturaneuroactiva.com\/site\/wp-json\/wp\/v2\/pages\/2203\/revisions"}],"predecessor-version":[{"id":2204,"href":"https:\/\/culturaneuroactiva.com\/site\/wp-json\/wp\/v2\/pages\/2203\/revisions\/2204"}],"wp:attachment":[{"href":"https:\/\/culturaneuroactiva.com\/site\/wp-json\/wp\/v2\/media?parent=2203"}],"curies":[{"name":"wp","href":"https:\/\/api.w.org\/{rel}","templated":true}]}}