{"id":58,"date":"2017-03-10T19:19:53","date_gmt":"2017-03-10T19:19:53","guid":{"rendered":"http:\/\/culturaneuroactiva.com\/site\/redpaz\/?page_id=58"},"modified":"2019-01-15T04:04:16","modified_gmt":"2019-01-15T04:04:16","slug":"autoterapia-para-el-manejo-de-conflictos","status":"publish","type":"page","link":"https:\/\/culturaneuroactiva.com\/site\/guiadepaz\/autoterapia-para-el-manejo-de-conflictos\/","title":{"rendered":"Autoterapia para el Manejo de Conflictos"},"content":{"rendered":"<h4><\/h4>\n<h6><span style=\"color: #333399;\"><strong>Modo de Uso<\/strong><\/span><\/h6>\n<h6>En la pregunta que est\u00e1 a continuaci\u00f3n debe escoger solo una respuesta, con la cual conocer\u00e1 el nivel en el que usted se encuentra con respecto al manejo de conflictos, tenga en cuenta que el n\u00famero 1 corresponde a darle un manejo saludable a los conflictos y el n\u00famero 6 significa manejar los conflictos de la peor manera. Luego de responder la pregunta, debe leer atentamente cada una de las <a href=\"http:\/\/culturaneuroactiva.com\/site\/guiadepaz\/tecnicas-para-el-manejo-de-conflictos\/\" target=\"_blank\" rel=\"noopener noreferrer\">\u201cT\u00e9cnicas para el manejo de conflictos\u201d,<\/a>\u00a0y quienes hayan sacados los numerales 5 o 6, por estar en situaci\u00f3n de alto riesgo de confrontaci\u00f3n y generaci\u00f3n de violencia se les recomienda buscar <a href=\"http:\/\/culturaneuroactiva.com\/site\/guiadepaz\/terapias-de-paz\/\" target=\"_blank\" rel=\"noopener noreferrer\">orientaci\u00f3n profesional<\/a>.<\/h6>\n<p>&nbsp;<\/p>\n<p><span style=\"color: #333399;\"><strong>De qu\u00e9 forma hace su reclamo ante una ofensa o agresi\u00f3n de otra persona.<\/strong><\/span><\/p>\n<ul>\n<li><strong>1.<\/strong> De manera culta y calmada, de forma amorosa, con mucha cautela, dialogando y negociando, buscando llegar a un com\u00fan acuerdo.<\/li>\n<li><strong>2.<\/strong> Sin emociones pero con muchos argumentos, cuestionando al otro por su error.<\/li>\n<li><strong>3.<\/strong> No con palabras sino con una actitud cortante y con el mismo enojo.<\/li>\n<li><strong>4.<\/strong> Busca hablar y solucionar las cosas, pero en medio de la discusi\u00f3n. Le muestra al otro la ofensa que hizo, pero de una manera ofuscada y hasta agresiva.<\/li>\n<li><strong>5.<\/strong> Cortando las relaciones de ra\u00edz.<\/li>\n<li><strong>6.<\/strong> De forma contundente, peleando, con una amenaza, un grito o un golpe.<\/li>\n<\/ul>\n<p><strong>\u00a0<\/strong><\/p>\n<p><strong>\u00a0<\/strong><strong>\u00a0<\/strong><\/p>\n<h2 style=\"text-align: center;\"><\/h2>\n","protected":false},"excerpt":{"rendered":"<p>Modo de Uso En la pregunta que est\u00e1 a continuaci\u00f3n debe escoger solo una respuesta, con la cual conocer\u00e1 el<\/p>\n","protected":false},"author":1,"featured_media":0,"parent":0,"menu_order":0,"comment_status":"closed","ping_status":"closed","template":"","meta":{"colormag_page_layout":"no_sidebar_content_centered","footnotes":""},"class_list":["post-58","page","type-page","status-publish","hentry"],"yoast_head":"<!-- This site is optimized with the Yoast SEO plugin v25.6 - https:\/\/yoast.com\/wordpress\/plugins\/seo\/ -->\n<title>Autoterapia para el Manejo de Conflictos - Guia de Paz Personal<\/title>\n<meta name=\"robots\" content=\"index, follow, max-snippet:-1, max-image-preview:large, max-video-preview:-1\" \/>\n<link rel=\"canonical\" href=\"https:\/\/culturaneuroactiva.com\/site\/guiadepaz\/autoterapia-para-el-manejo-de-conflictos\/\" \/>\n<meta property=\"og:locale\" content=\"es_ES\" \/>\n<meta property=\"og:type\" content=\"article\" \/>\n<meta property=\"og:title\" content=\"Autoterapia para el Manejo de Conflictos - Guia de Paz Personal\" \/>\n<meta property=\"og:description\" content=\"Modo de Uso En la pregunta que est\u00e1 a continuaci\u00f3n debe escoger solo una respuesta, con la cual conocer\u00e1 el\" \/>\n<meta property=\"og:url\" content=\"https:\/\/culturaneuroactiva.com\/site\/guiadepaz\/autoterapia-para-el-manejo-de-conflictos\/\" \/>\n<meta property=\"og:site_name\" content=\"Guia de Paz Personal\" \/>\n<meta property=\"article:modified_time\" content=\"2019-01-15T04:04:16+00:00\" \/>\n<meta name=\"twitter:card\" content=\"summary_large_image\" \/>\n<meta name=\"twitter:label1\" content=\"Tiempo de lectura\" \/>\n\t<meta name=\"twitter:data1\" content=\"1 minuto\" \/>\n<script type=\"application\/ld+json\" class=\"yoast-schema-graph\">{\"@context\":\"https:\/\/schema.org\",\"@graph\":[{\"@type\":\"WebPage\",\"@id\":\"https:\/\/culturaneuroactiva.com\/site\/guiadepaz\/autoterapia-para-el-manejo-de-conflictos\/\",\"url\":\"https:\/\/culturaneuroactiva.com\/site\/guiadepaz\/autoterapia-para-el-manejo-de-conflictos\/\",\"name\":\"Autoterapia para el Manejo de Conflictos - Guia de Paz Personal\",\"isPartOf\":{\"@id\":\"https:\/\/culturaneuroactiva.com\/site\/guiadepaz\/#website\"},\"datePublished\":\"2017-03-10T19:19:53+00:00\",\"dateModified\":\"2019-01-15T04:04:16+00:00\",\"breadcrumb\":{\"@id\":\"https:\/\/culturaneuroactiva.com\/site\/guiadepaz\/autoterapia-para-el-manejo-de-conflictos\/#breadcrumb\"},\"inLanguage\":\"es\",\"potentialAction\":[{\"@type\":\"ReadAction\",\"target\":[\"https:\/\/culturaneuroactiva.com\/site\/guiadepaz\/autoterapia-para-el-manejo-de-conflictos\/\"]}]},{\"@type\":\"BreadcrumbList\",\"@id\":\"https:\/\/culturaneuroactiva.com\/site\/guiadepaz\/autoterapia-para-el-manejo-de-conflictos\/#breadcrumb\",\"itemListElement\":[{\"@type\":\"ListItem\",\"position\":1,\"name\":\"Portada\",\"item\":\"https:\/\/culturaneuroactiva.com\/site\/guiadepaz\/\"},{\"@type\":\"ListItem\",\"position\":2,\"name\":\"Autoterapia para el Manejo de Conflictos\"}]},{\"@type\":\"WebSite\",\"@id\":\"https:\/\/culturaneuroactiva.com\/site\/guiadepaz\/#website\",\"url\":\"https:\/\/culturaneuroactiva.com\/site\/guiadepaz\/\",\"name\":\"Guia de Paz Personal\",\"description\":\"Pedagog\u00edas y Terapias de Paz\",\"publisher\":{\"@id\":\"https:\/\/culturaneuroactiva.com\/site\/guiadepaz\/#organization\"},\"potentialAction\":[{\"@type\":\"SearchAction\",\"target\":{\"@type\":\"EntryPoint\",\"urlTemplate\":\"https:\/\/culturaneuroactiva.com\/site\/guiadepaz\/?s={search_term_string}\"},\"query-input\":{\"@type\":\"PropertyValueSpecification\",\"valueRequired\":true,\"valueName\":\"search_term_string\"}}],\"inLanguage\":\"es\"},{\"@type\":\"Organization\",\"@id\":\"https:\/\/culturaneuroactiva.com\/site\/guiadepaz\/#organization\",\"name\":\"Guia de Paz Personal\",\"url\":\"https:\/\/culturaneuroactiva.com\/site\/guiadepaz\/\",\"logo\":{\"@type\":\"ImageObject\",\"inLanguage\":\"es\",\"@id\":\"https:\/\/culturaneuroactiva.com\/site\/guiadepaz\/#\/schema\/logo\/image\/\",\"url\":\"https:\/\/culturaneuroactiva.com\/site\/guiadepaz\/wp-content\/uploads\/sites\/5\/2017\/04\/map_128p.png\",\"contentUrl\":\"https:\/\/culturaneuroactiva.com\/site\/guiadepaz\/wp-content\/uploads\/sites\/5\/2017\/04\/map_128p.png\",\"width\":128,\"height\":128,\"caption\":\"Guia de Paz Personal\"},\"image\":{\"@id\":\"https:\/\/culturaneuroactiva.com\/site\/guiadepaz\/#\/schema\/logo\/image\/\"}}]}<\/script>\n<!-- \/ Yoast SEO plugin. -->","yoast_head_json":{"title":"Autoterapia para el Manejo de Conflictos - Guia de Paz Personal","robots":{"index":"index","follow":"follow","max-snippet":"max-snippet:-1","max-image-preview":"max-image-preview:large","max-video-preview":"max-video-preview:-1"},"canonical":"https:\/\/culturaneuroactiva.com\/site\/guiadepaz\/autoterapia-para-el-manejo-de-conflictos\/","og_locale":"es_ES","og_type":"article","og_title":"Autoterapia para el Manejo de Conflictos - Guia de Paz Personal","og_description":"Modo de Uso En la pregunta que est\u00e1 a continuaci\u00f3n debe escoger solo una respuesta, con la cual conocer\u00e1 el","og_url":"https:\/\/culturaneuroactiva.com\/site\/guiadepaz\/autoterapia-para-el-manejo-de-conflictos\/","og_site_name":"Guia de Paz Personal","article_modified_time":"2019-01-15T04:04:16+00:00","twitter_card":"summary_large_image","twitter_misc":{"Tiempo de lectura":"1 minuto"},"schema":{"@context":"https:\/\/schema.org","@graph":[{"@type":"WebPage","@id":"https:\/\/culturaneuroactiva.com\/site\/guiadepaz\/autoterapia-para-el-manejo-de-conflictos\/","url":"https:\/\/culturaneuroactiva.com\/site\/guiadepaz\/autoterapia-para-el-manejo-de-conflictos\/","name":"Autoterapia para el Manejo de Conflictos - Guia de Paz Personal","isPartOf":{"@id":"https:\/\/culturaneuroactiva.com\/site\/guiadepaz\/#website"},"datePublished":"2017-03-10T19:19:53+00:00","dateModified":"2019-01-15T04:04:16+00:00","breadcrumb":{"@id":"https:\/\/culturaneuroactiva.com\/site\/guiadepaz\/autoterapia-para-el-manejo-de-conflictos\/#breadcrumb"},"inLanguage":"es","potentialAction":[{"@type":"ReadAction","target":["https:\/\/culturaneuroactiva.com\/site\/guiadepaz\/autoterapia-para-el-manejo-de-conflictos\/"]}]},{"@type":"BreadcrumbList","@id":"https:\/\/culturaneuroactiva.com\/site\/guiadepaz\/autoterapia-para-el-manejo-de-conflictos\/#breadcrumb","itemListElement":[{"@type":"ListItem","position":1,"name":"Portada","item":"https:\/\/culturaneuroactiva.com\/site\/guiadepaz\/"},{"@type":"ListItem","position":2,"name":"Autoterapia para el Manejo de Conflictos"}]},{"@type":"WebSite","@id":"https:\/\/culturaneuroactiva.com\/site\/guiadepaz\/#website","url":"https:\/\/culturaneuroactiva.com\/site\/guiadepaz\/","name":"Guia de Paz Personal","description":"Pedagog\u00edas y Terapias de Paz","publisher":{"@id":"https:\/\/culturaneuroactiva.com\/site\/guiadepaz\/#organization"},"potentialAction":[{"@type":"SearchAction","target":{"@type":"EntryPoint","urlTemplate":"https:\/\/culturaneuroactiva.com\/site\/guiadepaz\/?s={search_term_string}"},"query-input":{"@type":"PropertyValueSpecification","valueRequired":true,"valueName":"search_term_string"}}],"inLanguage":"es"},{"@type":"Organization","@id":"https:\/\/culturaneuroactiva.com\/site\/guiadepaz\/#organization","name":"Guia de Paz Personal","url":"https:\/\/culturaneuroactiva.com\/site\/guiadepaz\/","logo":{"@type":"ImageObject","inLanguage":"es","@id":"https:\/\/culturaneuroactiva.com\/site\/guiadepaz\/#\/schema\/logo\/image\/","url":"https:\/\/culturaneuroactiva.com\/site\/guiadepaz\/wp-content\/uploads\/sites\/5\/2017\/04\/map_128p.png","contentUrl":"https:\/\/culturaneuroactiva.com\/site\/guiadepaz\/wp-content\/uploads\/sites\/5\/2017\/04\/map_128p.png","width":128,"height":128,"caption":"Guia de Paz Personal"},"image":{"@id":"https:\/\/culturaneuroactiva.com\/site\/guiadepaz\/#\/schema\/logo\/image\/"}}]}},"_links":{"self":[{"href":"https:\/\/culturaneuroactiva.com\/site\/guiadepaz\/wp-json\/wp\/v2\/pages\/58","targetHints":{"allow":["GET"]}}],"collection":[{"href":"https:\/\/culturaneuroactiva.com\/site\/guiadepaz\/wp-json\/wp\/v2\/pages"}],"about":[{"href":"https:\/\/culturaneuroactiva.com\/site\/guiadepaz\/wp-json\/wp\/v2\/types\/page"}],"author":[{"embeddable":true,"href":"https:\/\/culturaneuroactiva.com\/site\/guiadepaz\/wp-json\/wp\/v2\/users\/1"}],"replies":[{"embeddable":true,"href":"https:\/\/culturaneuroactiva.com\/site\/guiadepaz\/wp-json\/wp\/v2\/comments?post=58"}],"version-history":[{"count":14,"href":"https:\/\/culturaneuroactiva.com\/site\/guiadepaz\/wp-json\/wp\/v2\/pages\/58\/revisions"}],"predecessor-version":[{"id":753,"href":"https:\/\/culturaneuroactiva.com\/site\/guiadepaz\/wp-json\/wp\/v2\/pages\/58\/revisions\/753"}],"wp:attachment":[{"href":"https:\/\/culturaneuroactiva.com\/site\/guiadepaz\/wp-json\/wp\/v2\/media?parent=58"}],"curies":[{"name":"wp","href":"https:\/\/api.w.org\/{rel}","templated":true}]}}