{"id":575,"date":"2017-09-02T07:28:36","date_gmt":"2017-09-02T07:28:36","guid":{"rendered":"http:\/\/culturaneuroactiva.com\/site\/redpaz\/?page_id=575"},"modified":"2017-09-13T23:45:08","modified_gmt":"2017-09-13T23:45:08","slug":"escuela-paz-personal","status":"publish","type":"page","link":"https:\/\/culturaneuroactiva.com\/site\/guiadepaz\/escuela-paz-personal\/","title":{"rendered":"Escuela de Paz Personal"},"content":{"rendered":"<h6><img loading=\"lazy\" decoding=\"async\" class=\" wp-image-718 aligncenter\" src=\"http:\/\/culturaneuroactiva.com\/site\/redpaz\/wp-content\/uploads\/sites\/5\/2017\/09\/Charla-Espiritu-Libre-300x220.jpg\" alt=\"\" width=\"392\" height=\"287\" srcset=\"https:\/\/culturaneuroactiva.com\/site\/guiadepaz\/wp-content\/uploads\/sites\/5\/2017\/09\/Charla-Espiritu-Libre-300x220.jpg 300w, https:\/\/culturaneuroactiva.com\/site\/guiadepaz\/wp-content\/uploads\/sites\/5\/2017\/09\/Charla-Espiritu-Libre.jpg 307w\" sizes=\"auto, (max-width: 392px) 100vw, 392px\" \/><\/h6>\n<h6><span style=\"color: #333399;\">Conoce las t\u00e9cnicas para madurar las emociones y reaccionar de forma adecuada ante la ofensa y el da\u00f1o, aprende a sanar a v\u00edctimas, agresores y reinsertados, o especial\u00edzate en las diversas tem\u00e1ticas sobre violencia y paz, asistiendo a los talleres que ofrece la Red de Paz Personal:<\/span><\/h6>\n<ul>\n<li>Educaci\u00f3n para la paz y formaci\u00f3n en valores.<\/li>\n<li>Principios de paz personal.<\/li>\n<li>Relaciones de amor-odio y soluci\u00f3n de conflictos.<\/li>\n<li>Violencia contra la mujer, una pandemia silenciosa.<\/li>\n<li>Manejo del bulling y la indisciplina escolar.<\/li>\n<li>Relajaci\u00f3n, meditaci\u00f3n y misticismo personal.<\/li>\n<li>\u00a0Tecnolog\u00edas de paz para el posconflicto.<\/li>\n<li>Especializaci\u00f3n en terapias de paz.<\/li>\n<\/ul>\n<p>&nbsp;<\/p>\n<p><strong><span style=\"color: #333399;\">TALLER.<\/span> <\/strong>4 horas: $120.000<\/p>\n<p><span style=\"color: #333399;\"><strong>CURSO. <\/strong><\/span>16 horas: $400.000<\/p>\n<p><span style=\"color: #333399;\"><strong>NOTA: <\/strong><\/span>Los talleres y cursos son personalizados. Descuento del 15% para grupos.<\/p>\n<p>&nbsp;<\/p>\n<p>&nbsp;<\/p>\n<h6><span style=\"color: #333399;\"><strong>Todos los servicios requieren cita previa:<\/strong><\/span><\/h6>\n<ul>\n<li>Est\u00e9 pendiente de los talleres grupales programados.<\/li>\n<li>Celular. 3127994357<\/li>\n<li>redpaz@culturaneuroactiva.com<\/li>\n<li>Sede. Cll.47B # 93A-25<\/li>\n<li>redpaz.culturaneuroactiva.com<\/li>\n<\/ul>\n","protected":false},"excerpt":{"rendered":"<p>Conoce las t\u00e9cnicas para madurar las emociones y reaccionar de forma adecuada ante la ofensa y el da\u00f1o, aprende a<\/p>\n","protected":false},"author":1,"featured_media":0,"parent":0,"menu_order":0,"comment_status":"closed","ping_status":"closed","template":"","meta":{"colormag_page_layout":"no_sidebar_content_centered","footnotes":""},"class_list":["post-575","page","type-page","status-publish","hentry"],"yoast_head":"<!-- This site is optimized with the Yoast SEO plugin v25.6 - https:\/\/yoast.com\/wordpress\/plugins\/seo\/ -->\n<title>Escuela de Paz Personal - Guia de Paz Personal<\/title>\n<meta name=\"robots\" content=\"index, follow, max-snippet:-1, max-image-preview:large, max-video-preview:-1\" \/>\n<link rel=\"canonical\" href=\"https:\/\/culturaneuroactiva.com\/site\/guiadepaz\/escuela-paz-personal\/\" \/>\n<meta property=\"og:locale\" content=\"es_ES\" \/>\n<meta property=\"og:type\" content=\"article\" \/>\n<meta property=\"og:title\" content=\"Escuela de Paz Personal - Guia de Paz Personal\" \/>\n<meta property=\"og:description\" content=\"Conoce las t\u00e9cnicas para madurar las emociones y reaccionar de forma adecuada ante la ofensa y el da\u00f1o, aprende a\" \/>\n<meta property=\"og:url\" content=\"https:\/\/culturaneuroactiva.com\/site\/guiadepaz\/escuela-paz-personal\/\" \/>\n<meta property=\"og:site_name\" content=\"Guia de Paz Personal\" \/>\n<meta property=\"article:modified_time\" content=\"2017-09-13T23:45:08+00:00\" \/>\n<meta property=\"og:image\" content=\"http:\/\/culturaneuroactiva.com\/site\/redpaz\/wp-content\/uploads\/sites\/5\/2017\/09\/Charla-Espiritu-Libre-300x220.jpg\" \/>\n<meta name=\"twitter:card\" content=\"summary_large_image\" \/>\n<meta name=\"twitter:label1\" content=\"Tiempo de lectura\" \/>\n\t<meta name=\"twitter:data1\" content=\"1 minuto\" \/>\n<script type=\"application\/ld+json\" class=\"yoast-schema-graph\">{\"@context\":\"https:\/\/schema.org\",\"@graph\":[{\"@type\":\"WebPage\",\"@id\":\"https:\/\/culturaneuroactiva.com\/site\/guiadepaz\/escuela-paz-personal\/\",\"url\":\"https:\/\/culturaneuroactiva.com\/site\/guiadepaz\/escuela-paz-personal\/\",\"name\":\"Escuela de Paz Personal - Guia de Paz Personal\",\"isPartOf\":{\"@id\":\"https:\/\/culturaneuroactiva.com\/site\/guiadepaz\/#website\"},\"primaryImageOfPage\":{\"@id\":\"https:\/\/culturaneuroactiva.com\/site\/guiadepaz\/escuela-paz-personal\/#primaryimage\"},\"image\":{\"@id\":\"https:\/\/culturaneuroactiva.com\/site\/guiadepaz\/escuela-paz-personal\/#primaryimage\"},\"thumbnailUrl\":\"http:\/\/culturaneuroactiva.com\/site\/redpaz\/wp-content\/uploads\/sites\/5\/2017\/09\/Charla-Espiritu-Libre-300x220.jpg\",\"datePublished\":\"2017-09-02T07:28:36+00:00\",\"dateModified\":\"2017-09-13T23:45:08+00:00\",\"breadcrumb\":{\"@id\":\"https:\/\/culturaneuroactiva.com\/site\/guiadepaz\/escuela-paz-personal\/#breadcrumb\"},\"inLanguage\":\"es\",\"potentialAction\":[{\"@type\":\"ReadAction\",\"target\":[\"https:\/\/culturaneuroactiva.com\/site\/guiadepaz\/escuela-paz-personal\/\"]}]},{\"@type\":\"ImageObject\",\"inLanguage\":\"es\",\"@id\":\"https:\/\/culturaneuroactiva.com\/site\/guiadepaz\/escuela-paz-personal\/#primaryimage\",\"url\":\"http:\/\/culturaneuroactiva.com\/site\/redpaz\/wp-content\/uploads\/sites\/5\/2017\/09\/Charla-Espiritu-Libre-300x220.jpg\",\"contentUrl\":\"http:\/\/culturaneuroactiva.com\/site\/redpaz\/wp-content\/uploads\/sites\/5\/2017\/09\/Charla-Espiritu-Libre-300x220.jpg\"},{\"@type\":\"BreadcrumbList\",\"@id\":\"https:\/\/culturaneuroactiva.com\/site\/guiadepaz\/escuela-paz-personal\/#breadcrumb\",\"itemListElement\":[{\"@type\":\"ListItem\",\"position\":1,\"name\":\"Portada\",\"item\":\"https:\/\/culturaneuroactiva.com\/site\/guiadepaz\/\"},{\"@type\":\"ListItem\",\"position\":2,\"name\":\"Escuela de Paz Personal\"}]},{\"@type\":\"WebSite\",\"@id\":\"https:\/\/culturaneuroactiva.com\/site\/guiadepaz\/#website\",\"url\":\"https:\/\/culturaneuroactiva.com\/site\/guiadepaz\/\",\"name\":\"Guia de Paz Personal\",\"description\":\"Pedagog\u00edas y Terapias de Paz\",\"publisher\":{\"@id\":\"https:\/\/culturaneuroactiva.com\/site\/guiadepaz\/#organization\"},\"potentialAction\":[{\"@type\":\"SearchAction\",\"target\":{\"@type\":\"EntryPoint\",\"urlTemplate\":\"https:\/\/culturaneuroactiva.com\/site\/guiadepaz\/?s={search_term_string}\"},\"query-input\":{\"@type\":\"PropertyValueSpecification\",\"valueRequired\":true,\"valueName\":\"search_term_string\"}}],\"inLanguage\":\"es\"},{\"@type\":\"Organization\",\"@id\":\"https:\/\/culturaneuroactiva.com\/site\/guiadepaz\/#organization\",\"name\":\"Guia de Paz Personal\",\"url\":\"https:\/\/culturaneuroactiva.com\/site\/guiadepaz\/\",\"logo\":{\"@type\":\"ImageObject\",\"inLanguage\":\"es\",\"@id\":\"https:\/\/culturaneuroactiva.com\/site\/guiadepaz\/#\/schema\/logo\/image\/\",\"url\":\"https:\/\/culturaneuroactiva.com\/site\/guiadepaz\/wp-content\/uploads\/sites\/5\/2017\/04\/map_128p.png\",\"contentUrl\":\"https:\/\/culturaneuroactiva.com\/site\/guiadepaz\/wp-content\/uploads\/sites\/5\/2017\/04\/map_128p.png\",\"width\":128,\"height\":128,\"caption\":\"Guia de Paz Personal\"},\"image\":{\"@id\":\"https:\/\/culturaneuroactiva.com\/site\/guiadepaz\/#\/schema\/logo\/image\/\"}}]}<\/script>\n<!-- \/ Yoast SEO plugin. -->","yoast_head_json":{"title":"Escuela de Paz Personal - Guia de Paz Personal","robots":{"index":"index","follow":"follow","max-snippet":"max-snippet:-1","max-image-preview":"max-image-preview:large","max-video-preview":"max-video-preview:-1"},"canonical":"https:\/\/culturaneuroactiva.com\/site\/guiadepaz\/escuela-paz-personal\/","og_locale":"es_ES","og_type":"article","og_title":"Escuela de Paz Personal - Guia de Paz Personal","og_description":"Conoce las t\u00e9cnicas para madurar las emociones y reaccionar de forma adecuada ante la ofensa y el da\u00f1o, aprende a","og_url":"https:\/\/culturaneuroactiva.com\/site\/guiadepaz\/escuela-paz-personal\/","og_site_name":"Guia de Paz Personal","article_modified_time":"2017-09-13T23:45:08+00:00","og_image":[{"url":"http:\/\/culturaneuroactiva.com\/site\/redpaz\/wp-content\/uploads\/sites\/5\/2017\/09\/Charla-Espiritu-Libre-300x220.jpg","type":"","width":"","height":""}],"twitter_card":"summary_large_image","twitter_misc":{"Tiempo de lectura":"1 minuto"},"schema":{"@context":"https:\/\/schema.org","@graph":[{"@type":"WebPage","@id":"https:\/\/culturaneuroactiva.com\/site\/guiadepaz\/escuela-paz-personal\/","url":"https:\/\/culturaneuroactiva.com\/site\/guiadepaz\/escuela-paz-personal\/","name":"Escuela de Paz Personal - Guia de Paz Personal","isPartOf":{"@id":"https:\/\/culturaneuroactiva.com\/site\/guiadepaz\/#website"},"primaryImageOfPage":{"@id":"https:\/\/culturaneuroactiva.com\/site\/guiadepaz\/escuela-paz-personal\/#primaryimage"},"image":{"@id":"https:\/\/culturaneuroactiva.com\/site\/guiadepaz\/escuela-paz-personal\/#primaryimage"},"thumbnailUrl":"http:\/\/culturaneuroactiva.com\/site\/redpaz\/wp-content\/uploads\/sites\/5\/2017\/09\/Charla-Espiritu-Libre-300x220.jpg","datePublished":"2017-09-02T07:28:36+00:00","dateModified":"2017-09-13T23:45:08+00:00","breadcrumb":{"@id":"https:\/\/culturaneuroactiva.com\/site\/guiadepaz\/escuela-paz-personal\/#breadcrumb"},"inLanguage":"es","potentialAction":[{"@type":"ReadAction","target":["https:\/\/culturaneuroactiva.com\/site\/guiadepaz\/escuela-paz-personal\/"]}]},{"@type":"ImageObject","inLanguage":"es","@id":"https:\/\/culturaneuroactiva.com\/site\/guiadepaz\/escuela-paz-personal\/#primaryimage","url":"http:\/\/culturaneuroactiva.com\/site\/redpaz\/wp-content\/uploads\/sites\/5\/2017\/09\/Charla-Espiritu-Libre-300x220.jpg","contentUrl":"http:\/\/culturaneuroactiva.com\/site\/redpaz\/wp-content\/uploads\/sites\/5\/2017\/09\/Charla-Espiritu-Libre-300x220.jpg"},{"@type":"BreadcrumbList","@id":"https:\/\/culturaneuroactiva.com\/site\/guiadepaz\/escuela-paz-personal\/#breadcrumb","itemListElement":[{"@type":"ListItem","position":1,"name":"Portada","item":"https:\/\/culturaneuroactiva.com\/site\/guiadepaz\/"},{"@type":"ListItem","position":2,"name":"Escuela de Paz Personal"}]},{"@type":"WebSite","@id":"https:\/\/culturaneuroactiva.com\/site\/guiadepaz\/#website","url":"https:\/\/culturaneuroactiva.com\/site\/guiadepaz\/","name":"Guia de Paz Personal","description":"Pedagog\u00edas y Terapias de Paz","publisher":{"@id":"https:\/\/culturaneuroactiva.com\/site\/guiadepaz\/#organization"},"potentialAction":[{"@type":"SearchAction","target":{"@type":"EntryPoint","urlTemplate":"https:\/\/culturaneuroactiva.com\/site\/guiadepaz\/?s={search_term_string}"},"query-input":{"@type":"PropertyValueSpecification","valueRequired":true,"valueName":"search_term_string"}}],"inLanguage":"es"},{"@type":"Organization","@id":"https:\/\/culturaneuroactiva.com\/site\/guiadepaz\/#organization","name":"Guia de Paz Personal","url":"https:\/\/culturaneuroactiva.com\/site\/guiadepaz\/","logo":{"@type":"ImageObject","inLanguage":"es","@id":"https:\/\/culturaneuroactiva.com\/site\/guiadepaz\/#\/schema\/logo\/image\/","url":"https:\/\/culturaneuroactiva.com\/site\/guiadepaz\/wp-content\/uploads\/sites\/5\/2017\/04\/map_128p.png","contentUrl":"https:\/\/culturaneuroactiva.com\/site\/guiadepaz\/wp-content\/uploads\/sites\/5\/2017\/04\/map_128p.png","width":128,"height":128,"caption":"Guia de Paz Personal"},"image":{"@id":"https:\/\/culturaneuroactiva.com\/site\/guiadepaz\/#\/schema\/logo\/image\/"}}]}},"_links":{"self":[{"href":"https:\/\/culturaneuroactiva.com\/site\/guiadepaz\/wp-json\/wp\/v2\/pages\/575","targetHints":{"allow":["GET"]}}],"collection":[{"href":"https:\/\/culturaneuroactiva.com\/site\/guiadepaz\/wp-json\/wp\/v2\/pages"}],"about":[{"href":"https:\/\/culturaneuroactiva.com\/site\/guiadepaz\/wp-json\/wp\/v2\/types\/page"}],"author":[{"embeddable":true,"href":"https:\/\/culturaneuroactiva.com\/site\/guiadepaz\/wp-json\/wp\/v2\/users\/1"}],"replies":[{"embeddable":true,"href":"https:\/\/culturaneuroactiva.com\/site\/guiadepaz\/wp-json\/wp\/v2\/comments?post=575"}],"version-history":[{"count":4,"href":"https:\/\/culturaneuroactiva.com\/site\/guiadepaz\/wp-json\/wp\/v2\/pages\/575\/revisions"}],"predecessor-version":[{"id":719,"href":"https:\/\/culturaneuroactiva.com\/site\/guiadepaz\/wp-json\/wp\/v2\/pages\/575\/revisions\/719"}],"wp:attachment":[{"href":"https:\/\/culturaneuroactiva.com\/site\/guiadepaz\/wp-json\/wp\/v2\/media?parent=575"}],"curies":[{"name":"wp","href":"https:\/\/api.w.org\/{rel}","templated":true}]}}