{"id":571,"date":"2017-09-02T07:22:12","date_gmt":"2017-09-02T07:22:12","guid":{"rendered":"http:\/\/culturaneuroactiva.com\/site\/redpaz\/?page_id=571"},"modified":"2017-09-13T23:48:57","modified_gmt":"2017-09-13T23:48:57","slug":"servicios-empresariales","status":"publish","type":"page","link":"https:\/\/culturaneuroactiva.com\/site\/guiadepaz\/servicios-empresariales\/","title":{"rendered":"Servicios Empresariales"},"content":{"rendered":"<p>&nbsp;<\/p>\n<h6><span style=\"color: #333399;\">Brigada de la Paz<\/span><\/h6>\n<p>Estos talleres terap\u00e9uticos para colegios, empresas e instituciones de v\u00edctimas y reinsertados, ense\u00f1an a identificar y prevenir la violencia que existe al interior del ser humano, y dan herramientas para sanar el odio y reaccionar sanamente ante las ofensas y el da\u00f1o, y para solucionar los conflictos y madurar las emociones, buscando que cada persona se convierta en un territorio de paz, y as\u00ed ayudar en la construcci\u00f3n de la cultura de la paz.<\/p>\n<p>Incluye charla sobre paz personal y factores generadores de violencia, meditaci\u00f3n con sonidos sagrados, test de niveles de violencia, y autoterapia virtual para orientar a cada persona seg\u00fan los s\u00edntomas que tenga.<\/p>\n<ul>\n<li>DURACI\u00d3N: Tres horas<\/li>\n<li>VALOR: $500.000<\/li>\n<li>CUPO M\u00c1XIMO: 50 personas.<\/li>\n<\/ul>\n<p><img loading=\"lazy\" decoding=\"async\" class=\" wp-image-720 aligncenter\" src=\"http:\/\/culturaneuroactiva.com\/site\/redpaz\/wp-content\/uploads\/sites\/5\/2017\/09\/Maharani-9-300x225.jpg\" alt=\"\" width=\"508\" height=\"381\" srcset=\"https:\/\/culturaneuroactiva.com\/site\/guiadepaz\/wp-content\/uploads\/sites\/5\/2017\/09\/Maharani-9-300x225.jpg 300w, https:\/\/culturaneuroactiva.com\/site\/guiadepaz\/wp-content\/uploads\/sites\/5\/2017\/09\/Maharani-9-768x576.jpg 768w, https:\/\/culturaneuroactiva.com\/site\/guiadepaz\/wp-content\/uploads\/sites\/5\/2017\/09\/Maharani-9-1024x768.jpg 1024w, https:\/\/culturaneuroactiva.com\/site\/guiadepaz\/wp-content\/uploads\/sites\/5\/2017\/09\/Maharani-9-600x450.jpg 600w, https:\/\/culturaneuroactiva.com\/site\/guiadepaz\/wp-content\/uploads\/sites\/5\/2017\/09\/Maharani-9.jpg 1920w\" sizes=\"auto, (max-width: 508px) 100vw, 508px\" \/><\/p>\n<h6><span style=\"color: #333399;\"><strong>Meditaci\u00f3n por la Paz<\/strong><\/span><\/h6>\n<p>Armoniza tu ser y encuentra la paz en tu interior, en esta charla en la que se ense\u00f1an a manejar las emociones y se promueven los principios de paz personal, para luego vivir un ejercicio de meditaci\u00f3n con sonidos sagrados, con lo que se busca que cada persona se convierta en un territorio de paz en el que la violencia no tenga entrada.<\/p>\n<ul>\n<li>DURACI\u00d3N: Dos horas<\/li>\n<li>VALOR: $400.000<\/li>\n<li>CUPO M\u00c1XIMO: 40 personas.<\/li>\n<\/ul>\n<p>&nbsp;<\/p>\n<p>&nbsp;<\/p>\n<h6><span style=\"color: #333399;\"><strong>Todos los servicios requieren cita previa:<\/strong><\/span><\/h6>\n<ul>\n<li>Celular. 3127994357<\/li>\n<li>redpaz@culturaneuroactiva.com<\/li>\n<li>Sede. Cll.47B # 93A-25<\/li>\n<li>redpaz.culturaneuroactiva.com<\/li>\n<\/ul>\n","protected":false},"excerpt":{"rendered":"<p>&nbsp; Brigada de la Paz Estos talleres terap\u00e9uticos para colegios, empresas e instituciones de v\u00edctimas y reinsertados, ense\u00f1an a identificar<\/p>\n","protected":false},"author":1,"featured_media":0,"parent":0,"menu_order":0,"comment_status":"closed","ping_status":"closed","template":"","meta":{"colormag_page_layout":"no_sidebar_content_centered","footnotes":""},"class_list":["post-571","page","type-page","status-publish","hentry"],"yoast_head":"<!-- This site is optimized with the Yoast SEO plugin v25.6 - https:\/\/yoast.com\/wordpress\/plugins\/seo\/ -->\n<title>Servicios Empresariales - Guia de Paz Personal<\/title>\n<meta name=\"robots\" content=\"index, follow, max-snippet:-1, max-image-preview:large, max-video-preview:-1\" \/>\n<link rel=\"canonical\" href=\"https:\/\/culturaneuroactiva.com\/site\/guiadepaz\/servicios-empresariales\/\" \/>\n<meta property=\"og:locale\" content=\"es_ES\" \/>\n<meta property=\"og:type\" content=\"article\" \/>\n<meta property=\"og:title\" content=\"Servicios Empresariales - Guia de Paz Personal\" \/>\n<meta property=\"og:description\" content=\"&nbsp; Brigada de la Paz Estos talleres terap\u00e9uticos para colegios, empresas e instituciones de v\u00edctimas y reinsertados, ense\u00f1an a identificar\" \/>\n<meta property=\"og:url\" content=\"https:\/\/culturaneuroactiva.com\/site\/guiadepaz\/servicios-empresariales\/\" \/>\n<meta property=\"og:site_name\" content=\"Guia de Paz Personal\" \/>\n<meta property=\"article:modified_time\" content=\"2017-09-13T23:48:57+00:00\" \/>\n<meta property=\"og:image\" content=\"http:\/\/culturaneuroactiva.com\/site\/redpaz\/wp-content\/uploads\/sites\/5\/2017\/09\/Maharani-9-300x225.jpg\" \/>\n<meta name=\"twitter:card\" content=\"summary_large_image\" \/>\n<meta name=\"twitter:label1\" content=\"Tiempo de lectura\" \/>\n\t<meta name=\"twitter:data1\" content=\"1 minuto\" \/>\n<script type=\"application\/ld+json\" class=\"yoast-schema-graph\">{\"@context\":\"https:\/\/schema.org\",\"@graph\":[{\"@type\":\"WebPage\",\"@id\":\"https:\/\/culturaneuroactiva.com\/site\/guiadepaz\/servicios-empresariales\/\",\"url\":\"https:\/\/culturaneuroactiva.com\/site\/guiadepaz\/servicios-empresariales\/\",\"name\":\"Servicios Empresariales - Guia de Paz Personal\",\"isPartOf\":{\"@id\":\"https:\/\/culturaneuroactiva.com\/site\/guiadepaz\/#website\"},\"primaryImageOfPage\":{\"@id\":\"https:\/\/culturaneuroactiva.com\/site\/guiadepaz\/servicios-empresariales\/#primaryimage\"},\"image\":{\"@id\":\"https:\/\/culturaneuroactiva.com\/site\/guiadepaz\/servicios-empresariales\/#primaryimage\"},\"thumbnailUrl\":\"http:\/\/culturaneuroactiva.com\/site\/redpaz\/wp-content\/uploads\/sites\/5\/2017\/09\/Maharani-9-300x225.jpg\",\"datePublished\":\"2017-09-02T07:22:12+00:00\",\"dateModified\":\"2017-09-13T23:48:57+00:00\",\"breadcrumb\":{\"@id\":\"https:\/\/culturaneuroactiva.com\/site\/guiadepaz\/servicios-empresariales\/#breadcrumb\"},\"inLanguage\":\"es\",\"potentialAction\":[{\"@type\":\"ReadAction\",\"target\":[\"https:\/\/culturaneuroactiva.com\/site\/guiadepaz\/servicios-empresariales\/\"]}]},{\"@type\":\"ImageObject\",\"inLanguage\":\"es\",\"@id\":\"https:\/\/culturaneuroactiva.com\/site\/guiadepaz\/servicios-empresariales\/#primaryimage\",\"url\":\"http:\/\/culturaneuroactiva.com\/site\/redpaz\/wp-content\/uploads\/sites\/5\/2017\/09\/Maharani-9-300x225.jpg\",\"contentUrl\":\"http:\/\/culturaneuroactiva.com\/site\/redpaz\/wp-content\/uploads\/sites\/5\/2017\/09\/Maharani-9-300x225.jpg\"},{\"@type\":\"BreadcrumbList\",\"@id\":\"https:\/\/culturaneuroactiva.com\/site\/guiadepaz\/servicios-empresariales\/#breadcrumb\",\"itemListElement\":[{\"@type\":\"ListItem\",\"position\":1,\"name\":\"Portada\",\"item\":\"https:\/\/culturaneuroactiva.com\/site\/guiadepaz\/\"},{\"@type\":\"ListItem\",\"position\":2,\"name\":\"Servicios Empresariales\"}]},{\"@type\":\"WebSite\",\"@id\":\"https:\/\/culturaneuroactiva.com\/site\/guiadepaz\/#website\",\"url\":\"https:\/\/culturaneuroactiva.com\/site\/guiadepaz\/\",\"name\":\"Guia de Paz Personal\",\"description\":\"Pedagog\u00edas y Terapias de Paz\",\"publisher\":{\"@id\":\"https:\/\/culturaneuroactiva.com\/site\/guiadepaz\/#organization\"},\"potentialAction\":[{\"@type\":\"SearchAction\",\"target\":{\"@type\":\"EntryPoint\",\"urlTemplate\":\"https:\/\/culturaneuroactiva.com\/site\/guiadepaz\/?s={search_term_string}\"},\"query-input\":{\"@type\":\"PropertyValueSpecification\",\"valueRequired\":true,\"valueName\":\"search_term_string\"}}],\"inLanguage\":\"es\"},{\"@type\":\"Organization\",\"@id\":\"https:\/\/culturaneuroactiva.com\/site\/guiadepaz\/#organization\",\"name\":\"Guia de Paz Personal\",\"url\":\"https:\/\/culturaneuroactiva.com\/site\/guiadepaz\/\",\"logo\":{\"@type\":\"ImageObject\",\"inLanguage\":\"es\",\"@id\":\"https:\/\/culturaneuroactiva.com\/site\/guiadepaz\/#\/schema\/logo\/image\/\",\"url\":\"https:\/\/culturaneuroactiva.com\/site\/guiadepaz\/wp-content\/uploads\/sites\/5\/2017\/04\/map_128p.png\",\"contentUrl\":\"https:\/\/culturaneuroactiva.com\/site\/guiadepaz\/wp-content\/uploads\/sites\/5\/2017\/04\/map_128p.png\",\"width\":128,\"height\":128,\"caption\":\"Guia de Paz Personal\"},\"image\":{\"@id\":\"https:\/\/culturaneuroactiva.com\/site\/guiadepaz\/#\/schema\/logo\/image\/\"}}]}<\/script>\n<!-- \/ Yoast SEO plugin. -->","yoast_head_json":{"title":"Servicios Empresariales - Guia de Paz Personal","robots":{"index":"index","follow":"follow","max-snippet":"max-snippet:-1","max-image-preview":"max-image-preview:large","max-video-preview":"max-video-preview:-1"},"canonical":"https:\/\/culturaneuroactiva.com\/site\/guiadepaz\/servicios-empresariales\/","og_locale":"es_ES","og_type":"article","og_title":"Servicios Empresariales - Guia de Paz Personal","og_description":"&nbsp; Brigada de la Paz Estos talleres terap\u00e9uticos para colegios, empresas e instituciones de v\u00edctimas y reinsertados, ense\u00f1an a identificar","og_url":"https:\/\/culturaneuroactiva.com\/site\/guiadepaz\/servicios-empresariales\/","og_site_name":"Guia de Paz Personal","article_modified_time":"2017-09-13T23:48:57+00:00","og_image":[{"url":"http:\/\/culturaneuroactiva.com\/site\/redpaz\/wp-content\/uploads\/sites\/5\/2017\/09\/Maharani-9-300x225.jpg","type":"","width":"","height":""}],"twitter_card":"summary_large_image","twitter_misc":{"Tiempo de lectura":"1 minuto"},"schema":{"@context":"https:\/\/schema.org","@graph":[{"@type":"WebPage","@id":"https:\/\/culturaneuroactiva.com\/site\/guiadepaz\/servicios-empresariales\/","url":"https:\/\/culturaneuroactiva.com\/site\/guiadepaz\/servicios-empresariales\/","name":"Servicios Empresariales - Guia de Paz Personal","isPartOf":{"@id":"https:\/\/culturaneuroactiva.com\/site\/guiadepaz\/#website"},"primaryImageOfPage":{"@id":"https:\/\/culturaneuroactiva.com\/site\/guiadepaz\/servicios-empresariales\/#primaryimage"},"image":{"@id":"https:\/\/culturaneuroactiva.com\/site\/guiadepaz\/servicios-empresariales\/#primaryimage"},"thumbnailUrl":"http:\/\/culturaneuroactiva.com\/site\/redpaz\/wp-content\/uploads\/sites\/5\/2017\/09\/Maharani-9-300x225.jpg","datePublished":"2017-09-02T07:22:12+00:00","dateModified":"2017-09-13T23:48:57+00:00","breadcrumb":{"@id":"https:\/\/culturaneuroactiva.com\/site\/guiadepaz\/servicios-empresariales\/#breadcrumb"},"inLanguage":"es","potentialAction":[{"@type":"ReadAction","target":["https:\/\/culturaneuroactiva.com\/site\/guiadepaz\/servicios-empresariales\/"]}]},{"@type":"ImageObject","inLanguage":"es","@id":"https:\/\/culturaneuroactiva.com\/site\/guiadepaz\/servicios-empresariales\/#primaryimage","url":"http:\/\/culturaneuroactiva.com\/site\/redpaz\/wp-content\/uploads\/sites\/5\/2017\/09\/Maharani-9-300x225.jpg","contentUrl":"http:\/\/culturaneuroactiva.com\/site\/redpaz\/wp-content\/uploads\/sites\/5\/2017\/09\/Maharani-9-300x225.jpg"},{"@type":"BreadcrumbList","@id":"https:\/\/culturaneuroactiva.com\/site\/guiadepaz\/servicios-empresariales\/#breadcrumb","itemListElement":[{"@type":"ListItem","position":1,"name":"Portada","item":"https:\/\/culturaneuroactiva.com\/site\/guiadepaz\/"},{"@type":"ListItem","position":2,"name":"Servicios Empresariales"}]},{"@type":"WebSite","@id":"https:\/\/culturaneuroactiva.com\/site\/guiadepaz\/#website","url":"https:\/\/culturaneuroactiva.com\/site\/guiadepaz\/","name":"Guia de Paz Personal","description":"Pedagog\u00edas y Terapias de Paz","publisher":{"@id":"https:\/\/culturaneuroactiva.com\/site\/guiadepaz\/#organization"},"potentialAction":[{"@type":"SearchAction","target":{"@type":"EntryPoint","urlTemplate":"https:\/\/culturaneuroactiva.com\/site\/guiadepaz\/?s={search_term_string}"},"query-input":{"@type":"PropertyValueSpecification","valueRequired":true,"valueName":"search_term_string"}}],"inLanguage":"es"},{"@type":"Organization","@id":"https:\/\/culturaneuroactiva.com\/site\/guiadepaz\/#organization","name":"Guia de Paz Personal","url":"https:\/\/culturaneuroactiva.com\/site\/guiadepaz\/","logo":{"@type":"ImageObject","inLanguage":"es","@id":"https:\/\/culturaneuroactiva.com\/site\/guiadepaz\/#\/schema\/logo\/image\/","url":"https:\/\/culturaneuroactiva.com\/site\/guiadepaz\/wp-content\/uploads\/sites\/5\/2017\/04\/map_128p.png","contentUrl":"https:\/\/culturaneuroactiva.com\/site\/guiadepaz\/wp-content\/uploads\/sites\/5\/2017\/04\/map_128p.png","width":128,"height":128,"caption":"Guia de Paz Personal"},"image":{"@id":"https:\/\/culturaneuroactiva.com\/site\/guiadepaz\/#\/schema\/logo\/image\/"}}]}},"_links":{"self":[{"href":"https:\/\/culturaneuroactiva.com\/site\/guiadepaz\/wp-json\/wp\/v2\/pages\/571","targetHints":{"allow":["GET"]}}],"collection":[{"href":"https:\/\/culturaneuroactiva.com\/site\/guiadepaz\/wp-json\/wp\/v2\/pages"}],"about":[{"href":"https:\/\/culturaneuroactiva.com\/site\/guiadepaz\/wp-json\/wp\/v2\/types\/page"}],"author":[{"embeddable":true,"href":"https:\/\/culturaneuroactiva.com\/site\/guiadepaz\/wp-json\/wp\/v2\/users\/1"}],"replies":[{"embeddable":true,"href":"https:\/\/culturaneuroactiva.com\/site\/guiadepaz\/wp-json\/wp\/v2\/comments?post=571"}],"version-history":[{"count":5,"href":"https:\/\/culturaneuroactiva.com\/site\/guiadepaz\/wp-json\/wp\/v2\/pages\/571\/revisions"}],"predecessor-version":[{"id":721,"href":"https:\/\/culturaneuroactiva.com\/site\/guiadepaz\/wp-json\/wp\/v2\/pages\/571\/revisions\/721"}],"wp:attachment":[{"href":"https:\/\/culturaneuroactiva.com\/site\/guiadepaz\/wp-json\/wp\/v2\/media?parent=571"}],"curies":[{"name":"wp","href":"https:\/\/api.w.org\/{rel}","templated":true}]}}