{"id":289,"date":"2018-05-10T04:48:46","date_gmt":"2018-05-10T04:48:46","guid":{"rendered":"http:\/\/culturaneuroactiva.com\/site\/conexiontrascendente\/?page_id=289"},"modified":"2018-05-11T19:53:41","modified_gmt":"2018-05-11T19:53:41","slug":"eventos-ancestrales","status":"publish","type":"page","link":"https:\/\/culturaneuroactiva.com\/site\/conexiontrascendente\/eventos-ancestrales\/","title":{"rendered":"Eventos Ancestrales"},"content":{"rendered":"<h6><span style=\"color: #5288a3;\">Conexi\u00f3n Trascendente es una empresa de turismo ancestral, que cuenta con varias l\u00edneas de servicios creadas a partir de m\u00fasicas sagradas, cantos tribales, instrumentos ind\u00edgenas, aromas naturales y decoraci\u00f3n contemplativa, lo que produce en los participantes desde relajaci\u00f3n y meditaci\u00f3n, hasta experiencias m\u00edsticas y sanaci\u00f3n.\u00a0<b> <\/b><\/span><\/h6>\n<h6><\/h6>\n<h6><strong><span style=\"color: #5288a3;\">Sanaci\u00f3n Sonora<\/span><\/strong><\/h6>\n<p><img loading=\"lazy\" decoding=\"async\" class=\" wp-image-272 aligncenter\" src=\"http:\/\/culturaneuroactiva.com\/site\/conexiontrascendente\/wp-content\/uploads\/sites\/7\/2017\/08\/IMG_7579-1-e1505350026851-300x245.jpg\" alt=\"\" width=\"600\" height=\"490\" srcset=\"https:\/\/culturaneuroactiva.com\/site\/conexiontrascendente\/wp-content\/uploads\/sites\/7\/2017\/08\/IMG_7579-1-e1505350026851-300x245.jpg 300w, https:\/\/culturaneuroactiva.com\/site\/conexiontrascendente\/wp-content\/uploads\/sites\/7\/2017\/08\/IMG_7579-1-e1505350026851-768x628.jpg 768w, https:\/\/culturaneuroactiva.com\/site\/conexiontrascendente\/wp-content\/uploads\/sites\/7\/2017\/08\/IMG_7579-1-e1505350026851-1024x838.jpg 1024w, https:\/\/culturaneuroactiva.com\/site\/conexiontrascendente\/wp-content\/uploads\/sites\/7\/2017\/08\/IMG_7579-1-e1505350026851-600x491.jpg 600w, https:\/\/culturaneuroactiva.com\/site\/conexiontrascendente\/wp-content\/uploads\/sites\/7\/2017\/08\/IMG_7579-1-e1505350026851.jpg 1999w\" sizes=\"auto, (max-width: 600px) 100vw, 600px\" \/>Sum\u00e9rgete en una experiencia m\u00edstica y viaja mentalmente por la naturaleza m\u00e1gica, en esta terapia individual elaborada con cantos ancestrales, instrumentos tribales y aromas sagrados, lo cual activa los sentidos internos y las habilidades mentales, generando experiencias de meditaci\u00f3n profunda, trance terap\u00e9utico y sanaci\u00f3n.<\/p>\n<ul>\n<li><strong>DURACI\u00d3N:<\/strong> Dos horas.<\/li>\n<li><strong>Personalizado.<\/strong><\/li>\n<\/ul>\n<h6><\/h6>\n<h6><strong><span style=\"color: #3c79ab;\">Spa\u00a0 Ancestral<\/span><\/strong><\/h6>\n<p><img loading=\"lazy\" decoding=\"async\" class=\" wp-image-295 aligncenter\" src=\"http:\/\/culturaneuroactiva.com\/site\/conexiontrascendente\/wp-content\/uploads\/sites\/7\/2018\/05\/Spa-Relajante-300x200.jpg\" alt=\"\" width=\"556\" height=\"370\" srcset=\"https:\/\/culturaneuroactiva.com\/site\/conexiontrascendente\/wp-content\/uploads\/sites\/7\/2018\/05\/Spa-Relajante-300x200.jpg 300w, https:\/\/culturaneuroactiva.com\/site\/conexiontrascendente\/wp-content\/uploads\/sites\/7\/2018\/05\/Spa-Relajante.jpg 674w\" sizes=\"auto, (max-width: 556px) 100vw, 556px\" \/>Disfruta de este Spa creado con las m\u00e1s avanzadas t\u00e9cnicas en relajaci\u00f3n y meditaci\u00f3n. Incluye: Ceremonia de t\u00e9, aromaterapia natural, sanaci\u00f3n con sonidos sagrados, masaje relajante y reflexolog\u00eda, por lo que es especial para eliminar el estr\u00e9s, adquirir equilibrio emocional y alimentar el alma.<\/p>\n<ul>\n<li><strong>DURACI\u00d3N:<\/strong> Dos horas.<\/li>\n<li><strong>Personalizado.<\/strong><\/li>\n<\/ul>\n<p>&nbsp;<\/p>\n<h6><strong><span style=\"color: #5288a3;\">Concierto para el Alma<\/span><\/strong><\/h6>\n<p><img loading=\"lazy\" decoding=\"async\" class=\" wp-image-275 aligncenter\" src=\"http:\/\/culturaneuroactiva.com\/site\/conexiontrascendente\/wp-content\/uploads\/sites\/7\/2017\/08\/Maharani-9-300x225.jpg\" alt=\"\" width=\"561\" height=\"421\" srcset=\"https:\/\/culturaneuroactiva.com\/site\/conexiontrascendente\/wp-content\/uploads\/sites\/7\/2017\/08\/Maharani-9-300x225.jpg 300w, https:\/\/culturaneuroactiva.com\/site\/conexiontrascendente\/wp-content\/uploads\/sites\/7\/2017\/08\/Maharani-9-768x576.jpg 768w, https:\/\/culturaneuroactiva.com\/site\/conexiontrascendente\/wp-content\/uploads\/sites\/7\/2017\/08\/Maharani-9-1024x768.jpg 1024w, https:\/\/culturaneuroactiva.com\/site\/conexiontrascendente\/wp-content\/uploads\/sites\/7\/2017\/08\/Maharani-9-600x450.jpg 600w, https:\/\/culturaneuroactiva.com\/site\/conexiontrascendente\/wp-content\/uploads\/sites\/7\/2017\/08\/Maharani-9.jpg 1920w\" sizes=\"auto, (max-width: 561px) 100vw, 561px\" \/>Experimenta los efectos y beneficios de la meditaci\u00f3n profunda, por medio de este concierto de m\u00fasica ancestral, transp\u00f3rtate a lo profundo de la selva, y busca tu propia visi\u00f3n en este viaje mental por la naturaleza sagrada.<\/p>\n<ul>\n<li><strong>DURACI\u00d3N:<\/strong> Dos horas<\/li>\n<li><strong>CUPO: <\/strong>10 personas.<strong><br \/>\n<\/strong><\/li>\n<\/ul>\n<p>&nbsp;<\/p>\n<h6><strong><span style=\"color: #5288a3;\">Fiesta Electro M\u00edstica<\/span><\/strong><\/h6>\n<p><img loading=\"lazy\" decoding=\"async\" class=\" wp-image-277 aligncenter\" src=\"http:\/\/culturaneuroactiva.com\/site\/conexiontrascendente\/wp-content\/uploads\/sites\/7\/2017\/08\/IMG_20141110_150458-300x225.jpg\" alt=\"\" width=\"615\" height=\"461\" srcset=\"https:\/\/culturaneuroactiva.com\/site\/conexiontrascendente\/wp-content\/uploads\/sites\/7\/2017\/08\/IMG_20141110_150458-300x225.jpg 300w, https:\/\/culturaneuroactiva.com\/site\/conexiontrascendente\/wp-content\/uploads\/sites\/7\/2017\/08\/IMG_20141110_150458-768x576.jpg 768w, https:\/\/culturaneuroactiva.com\/site\/conexiontrascendente\/wp-content\/uploads\/sites\/7\/2017\/08\/IMG_20141110_150458-1024x768.jpg 1024w, https:\/\/culturaneuroactiva.com\/site\/conexiontrascendente\/wp-content\/uploads\/sites\/7\/2017\/08\/IMG_20141110_150458-600x450.jpg 600w, https:\/\/culturaneuroactiva.com\/site\/conexiontrascendente\/wp-content\/uploads\/sites\/7\/2017\/08\/IMG_20141110_150458.jpg 1152w\" sizes=\"auto, (max-width: 615px) 100vw, 615px\" \/>Disfruta este concierto que fusiona lo m\u00edstico de la m\u00fasica ancestral, con videos hipn\u00f3ticos y m\u00fasica electr\u00f3nica. D\u00e9jate llevar por el ritmo tribal y atm\u00f3sferas visionarias, y siente los beneficios de este arte espiritual.<\/p>\n<p>D\u00e9jate llevar por las m\u00fasicas hipn\u00f3ticas, que expanden la conciencia y alimentan el alma con visiones sagradas de naturaleza ancestral, para que bailes y te diviertas de forma trascendente.<\/p>\n<p>Incluye: Rueda de medicina, aromaterapia natural, concierto de Nagu\u00e1lica Electro Ancestral, refrigerio, DJ Neopsico.<\/p>\n<ul>\n<li><strong>DURACI\u00d3N:<\/strong> Cinco horas<\/li>\n<li><strong>CUPO:<\/strong> 30 personas.<\/li>\n<\/ul>\n<p>&nbsp;<\/p>\n<h6><strong><span style=\"color: #5288a3;\">Celebraciones Rituales<\/span><\/strong><\/h6>\n<p><img loading=\"lazy\" decoding=\"async\" class=\" wp-image-257 aligncenter\" src=\"http:\/\/culturaneuroactiva.com\/site\/conexiontrascendente\/wp-content\/uploads\/sites\/7\/2017\/08\/IMG_20170624_162745-300x225.jpg\" alt=\"\" width=\"635\" height=\"476\" srcset=\"https:\/\/culturaneuroactiva.com\/site\/conexiontrascendente\/wp-content\/uploads\/sites\/7\/2017\/08\/IMG_20170624_162745-300x225.jpg 300w, https:\/\/culturaneuroactiva.com\/site\/conexiontrascendente\/wp-content\/uploads\/sites\/7\/2017\/08\/IMG_20170624_162745-768x576.jpg 768w, https:\/\/culturaneuroactiva.com\/site\/conexiontrascendente\/wp-content\/uploads\/sites\/7\/2017\/08\/IMG_20170624_162745-1024x768.jpg 1024w, https:\/\/culturaneuroactiva.com\/site\/conexiontrascendente\/wp-content\/uploads\/sites\/7\/2017\/08\/IMG_20170624_162745-600x450.jpg 600w, https:\/\/culturaneuroactiva.com\/site\/conexiontrascendente\/wp-content\/uploads\/sites\/7\/2017\/08\/IMG_20170624_162745.jpg 1600w\" sizes=\"auto, (max-width: 635px) 100vw, 635px\" \/>Esta es una empresa de ceremonias simb\u00f3licas, tem\u00e1ticas y ecol\u00f3gicas, especializadas en la Tierra, la naturaleza y las tradiciones ancestrales, para aquellas personas que prefieren festejar de una forma trascendente y as\u00ed vivir un evento m\u00e1gico e inolvidable.<\/p>\n<ul>\n<li>Matrimonio Ancestral.<\/li>\n<li>Ritual de Quinces.<\/li>\n<li>Cumplea\u00f1os Trascendente.<\/li>\n<li>Ritual de Duelo.<\/li>\n<li>Retiros Espirituales.<\/li>\n<\/ul>\n<p><strong>Cotizaci\u00f3n Personalizada.<\/strong><\/p>\n<p>&nbsp;<\/p>\n<h6><strong><span style=\"color: #5288a3;\">Senderismo Eco Sonoro<\/span><\/strong><\/h6>\n<p><img loading=\"lazy\" decoding=\"async\" class=\"alignnone wp-image-268\" src=\"http:\/\/culturaneuroactiva.com\/site\/conexiontrascendente\/wp-content\/uploads\/sites\/7\/2017\/08\/26032840542_c3579aa9e4_z-e1505349236698-300x180.jpg\" alt=\"\" width=\"557\" height=\"334\" srcset=\"https:\/\/culturaneuroactiva.com\/site\/conexiontrascendente\/wp-content\/uploads\/sites\/7\/2017\/08\/26032840542_c3579aa9e4_z-e1505349236698-300x180.jpg 300w, https:\/\/culturaneuroactiva.com\/site\/conexiontrascendente\/wp-content\/uploads\/sites\/7\/2017\/08\/26032840542_c3579aa9e4_z-e1505349236698-600x360.jpg 600w, https:\/\/culturaneuroactiva.com\/site\/conexiontrascendente\/wp-content\/uploads\/sites\/7\/2017\/08\/26032840542_c3579aa9e4_z-e1505349236698.jpg 624w\" sizes=\"auto, (max-width: 557px) 100vw, 557px\" \/>Experimenta la magia de la naturaleza, por medio de esta caminata contemplativa por un sendero ecol\u00f3gico, con estaciones en donde se realizan terapias con olores m\u00edsticos, historias de sabidur\u00eda ancestral, meditaci\u00f3n con los \u00e1rboles, mantrams, danza tribal y ba\u00f1o de sonidos sagrados.<\/p>\n<ul>\n<li><strong>DURACI\u00d3N:<\/strong> Cuatro horas.<\/li>\n<li><strong>CUPO: <\/strong>20 personas.<\/li>\n<\/ul>\n<p>&nbsp;<\/p>\n<h6><strong><span style=\"color: #5288a3;\">Ritual de Sanaci\u00f3n Ancestral<\/span><\/strong><\/h6>\n<p><img loading=\"lazy\" decoding=\"async\" class=\" wp-image-276 aligncenter\" src=\"http:\/\/culturaneuroactiva.com\/site\/conexiontrascendente\/wp-content\/uploads\/sites\/7\/2017\/08\/IMG_20141028_123032-e1505979928837-300x157.jpg\" alt=\"\" width=\"682\" height=\"357\" srcset=\"https:\/\/culturaneuroactiva.com\/site\/conexiontrascendente\/wp-content\/uploads\/sites\/7\/2017\/08\/IMG_20141028_123032-e1505979928837-300x157.jpg 300w, https:\/\/culturaneuroactiva.com\/site\/conexiontrascendente\/wp-content\/uploads\/sites\/7\/2017\/08\/IMG_20141028_123032-e1505979928837-768x402.jpg 768w, https:\/\/culturaneuroactiva.com\/site\/conexiontrascendente\/wp-content\/uploads\/sites\/7\/2017\/08\/IMG_20141028_123032-e1505979928837-1024x537.jpg 1024w, https:\/\/culturaneuroactiva.com\/site\/conexiontrascendente\/wp-content\/uploads\/sites\/7\/2017\/08\/IMG_20141028_123032-e1505979928837-600x314.jpg 600w, https:\/\/culturaneuroactiva.com\/site\/conexiontrascendente\/wp-content\/uploads\/sites\/7\/2017\/08\/IMG_20141028_123032-e1505979928837-390x205.jpg 390w, https:\/\/culturaneuroactiva.com\/site\/conexiontrascendente\/wp-content\/uploads\/sites\/7\/2017\/08\/IMG_20141028_123032-e1505979928837.jpg 1059w\" sizes=\"auto, (max-width: 682px) 100vw, 682px\" \/>Vive una experiencia en el otro lado de la realidad, conoce c\u00f3mo funciona la sanaci\u00f3n en los rituales ancestrales, y goza de los beneficios que ofrecen los estados de trance terap\u00e9utico, por medio de este taller-ritual inspirado en la medicina tradicional de las tribus americanas. Incluye: Charla de preparaci\u00f3n, rueda de medicina, aromaterapia natural, cuentos de sabidur\u00eda ancestral, ba\u00f1o de sonidos sagrados, y ritual de fuego.<\/p>\n<ul>\n<li><strong>DURACI\u00d3N:<\/strong> Cinco horas<\/li>\n<li><strong>Personalizado.<\/strong><\/li>\n<\/ul>\n<p>&nbsp;<\/p>\n<h6><span style=\"color: #478fa1;\"><strong>Todos los servicios requieren cita previa:<\/strong><\/span><\/h6>\n<ul>\n<li>Celular. 3127994357<\/li>\n<li>culturaneuroactiva@gmail.com<\/li>\n<li>Los servicios por fuera de Medell\u00edn requieren vi\u00e1ticos.<\/li>\n<li><a href=\"http:\/\/culturaneuroactiva.com\/site\/conexiontrascendente\/\">conexion.culturaneuroactiva.com<\/a><\/li>\n<\/ul>\n","protected":false},"excerpt":{"rendered":"<p>Conexi\u00f3n Trascendente es una empresa de turismo ancestral, que cuenta con varias l\u00edneas de servicios creadas a partir de m\u00fasicas<\/p>\n","protected":false},"author":1,"featured_media":0,"parent":0,"menu_order":0,"comment_status":"closed","ping_status":"closed","template":"","meta":{"colormag_page_layout":"no_sidebar_content_centered","footnotes":""},"class_list":["post-289","page","type-page","status-publish","hentry"],"yoast_head":"<!-- This site is optimized with the Yoast SEO plugin v25.6 - https:\/\/yoast.com\/wordpress\/plugins\/seo\/ -->\n<title>Eventos Ancestrales - Conexi\u00f3n Trascendente<\/title>\n<meta name=\"robots\" content=\"index, follow, max-snippet:-1, max-image-preview:large, max-video-preview:-1\" \/>\n<link rel=\"canonical\" href=\"https:\/\/culturaneuroactiva.com\/site\/conexiontrascendente\/eventos-ancestrales\/\" \/>\n<meta property=\"og:locale\" content=\"es_ES\" \/>\n<meta property=\"og:type\" content=\"article\" \/>\n<meta property=\"og:title\" content=\"Eventos Ancestrales - Conexi\u00f3n Trascendente\" \/>\n<meta property=\"og:description\" content=\"Conexi\u00f3n Trascendente es una empresa de turismo ancestral, que cuenta con varias l\u00edneas de servicios creadas a partir de m\u00fasicas\" \/>\n<meta property=\"og:url\" content=\"https:\/\/culturaneuroactiva.com\/site\/conexiontrascendente\/eventos-ancestrales\/\" \/>\n<meta property=\"og:site_name\" content=\"Conexi\u00f3n Trascendente\" \/>\n<meta property=\"article:modified_time\" content=\"2018-05-11T19:53:41+00:00\" \/>\n<meta property=\"og:image\" content=\"http:\/\/culturaneuroactiva.com\/site\/conexiontrascendente\/wp-content\/uploads\/sites\/7\/2017\/08\/IMG_7579-1-e1505350026851-300x245.jpg\" \/>\n<meta name=\"twitter:card\" content=\"summary_large_image\" \/>\n<meta name=\"twitter:label1\" content=\"Tiempo de lectura\" \/>\n\t<meta name=\"twitter:data1\" content=\"3 minutos\" \/>\n<script type=\"application\/ld+json\" class=\"yoast-schema-graph\">{\"@context\":\"https:\/\/schema.org\",\"@graph\":[{\"@type\":\"WebPage\",\"@id\":\"https:\/\/culturaneuroactiva.com\/site\/conexiontrascendente\/eventos-ancestrales\/\",\"url\":\"https:\/\/culturaneuroactiva.com\/site\/conexiontrascendente\/eventos-ancestrales\/\",\"name\":\"Eventos Ancestrales - Conexi\u00f3n Trascendente\",\"isPartOf\":{\"@id\":\"https:\/\/culturaneuroactiva.com\/site\/conexiontrascendente\/#website\"},\"primaryImageOfPage\":{\"@id\":\"https:\/\/culturaneuroactiva.com\/site\/conexiontrascendente\/eventos-ancestrales\/#primaryimage\"},\"image\":{\"@id\":\"https:\/\/culturaneuroactiva.com\/site\/conexiontrascendente\/eventos-ancestrales\/#primaryimage\"},\"thumbnailUrl\":\"http:\/\/culturaneuroactiva.com\/site\/conexiontrascendente\/wp-content\/uploads\/sites\/7\/2017\/08\/IMG_7579-1-e1505350026851-300x245.jpg\",\"datePublished\":\"2018-05-10T04:48:46+00:00\",\"dateModified\":\"2018-05-11T19:53:41+00:00\",\"breadcrumb\":{\"@id\":\"https:\/\/culturaneuroactiva.com\/site\/conexiontrascendente\/eventos-ancestrales\/#breadcrumb\"},\"inLanguage\":\"es\",\"potentialAction\":[{\"@type\":\"ReadAction\",\"target\":[\"https:\/\/culturaneuroactiva.com\/site\/conexiontrascendente\/eventos-ancestrales\/\"]}]},{\"@type\":\"ImageObject\",\"inLanguage\":\"es\",\"@id\":\"https:\/\/culturaneuroactiva.com\/site\/conexiontrascendente\/eventos-ancestrales\/#primaryimage\",\"url\":\"http:\/\/culturaneuroactiva.com\/site\/conexiontrascendente\/wp-content\/uploads\/sites\/7\/2017\/08\/IMG_7579-1-e1505350026851-300x245.jpg\",\"contentUrl\":\"http:\/\/culturaneuroactiva.com\/site\/conexiontrascendente\/wp-content\/uploads\/sites\/7\/2017\/08\/IMG_7579-1-e1505350026851-300x245.jpg\"},{\"@type\":\"BreadcrumbList\",\"@id\":\"https:\/\/culturaneuroactiva.com\/site\/conexiontrascendente\/eventos-ancestrales\/#breadcrumb\",\"itemListElement\":[{\"@type\":\"ListItem\",\"position\":1,\"name\":\"Portada\",\"item\":\"https:\/\/culturaneuroactiva.com\/site\/conexiontrascendente\/\"},{\"@type\":\"ListItem\",\"position\":2,\"name\":\"Eventos Ancestrales\"}]},{\"@type\":\"WebSite\",\"@id\":\"https:\/\/culturaneuroactiva.com\/site\/conexiontrascendente\/#website\",\"url\":\"https:\/\/culturaneuroactiva.com\/site\/conexiontrascendente\/\",\"name\":\"Conexi\u00f3n Trascendente\",\"description\":\"Servicios para el Alma\",\"publisher\":{\"@id\":\"https:\/\/culturaneuroactiva.com\/site\/conexiontrascendente\/#organization\"},\"potentialAction\":[{\"@type\":\"SearchAction\",\"target\":{\"@type\":\"EntryPoint\",\"urlTemplate\":\"https:\/\/culturaneuroactiva.com\/site\/conexiontrascendente\/?s={search_term_string}\"},\"query-input\":{\"@type\":\"PropertyValueSpecification\",\"valueRequired\":true,\"valueName\":\"search_term_string\"}}],\"inLanguage\":\"es\"},{\"@type\":\"Organization\",\"@id\":\"https:\/\/culturaneuroactiva.com\/site\/conexiontrascendente\/#organization\",\"name\":\"Conexi\u00f3n Trascendente\",\"url\":\"https:\/\/culturaneuroactiva.com\/site\/conexiontrascendente\/\",\"logo\":{\"@type\":\"ImageObject\",\"inLanguage\":\"es\",\"@id\":\"https:\/\/culturaneuroactiva.com\/site\/conexiontrascendente\/#\/schema\/logo\/image\/\",\"url\":\"https:\/\/culturaneuroactiva.com\/site\/conexiontrascendente\/wp-content\/uploads\/sites\/7\/2017\/06\/iconConexionTrascendente_128.png\",\"contentUrl\":\"https:\/\/culturaneuroactiva.com\/site\/conexiontrascendente\/wp-content\/uploads\/sites\/7\/2017\/06\/iconConexionTrascendente_128.png\",\"width\":128,\"height\":128,\"caption\":\"Conexi\u00f3n Trascendente\"},\"image\":{\"@id\":\"https:\/\/culturaneuroactiva.com\/site\/conexiontrascendente\/#\/schema\/logo\/image\/\"}}]}<\/script>\n<!-- \/ Yoast SEO plugin. -->","yoast_head_json":{"title":"Eventos Ancestrales - Conexi\u00f3n Trascendente","robots":{"index":"index","follow":"follow","max-snippet":"max-snippet:-1","max-image-preview":"max-image-preview:large","max-video-preview":"max-video-preview:-1"},"canonical":"https:\/\/culturaneuroactiva.com\/site\/conexiontrascendente\/eventos-ancestrales\/","og_locale":"es_ES","og_type":"article","og_title":"Eventos Ancestrales - Conexi\u00f3n Trascendente","og_description":"Conexi\u00f3n Trascendente es una empresa de turismo ancestral, que cuenta con varias l\u00edneas de servicios creadas a partir de m\u00fasicas","og_url":"https:\/\/culturaneuroactiva.com\/site\/conexiontrascendente\/eventos-ancestrales\/","og_site_name":"Conexi\u00f3n Trascendente","article_modified_time":"2018-05-11T19:53:41+00:00","og_image":[{"url":"http:\/\/culturaneuroactiva.com\/site\/conexiontrascendente\/wp-content\/uploads\/sites\/7\/2017\/08\/IMG_7579-1-e1505350026851-300x245.jpg","type":"","width":"","height":""}],"twitter_card":"summary_large_image","twitter_misc":{"Tiempo de lectura":"3 minutos"},"schema":{"@context":"https:\/\/schema.org","@graph":[{"@type":"WebPage","@id":"https:\/\/culturaneuroactiva.com\/site\/conexiontrascendente\/eventos-ancestrales\/","url":"https:\/\/culturaneuroactiva.com\/site\/conexiontrascendente\/eventos-ancestrales\/","name":"Eventos Ancestrales - Conexi\u00f3n Trascendente","isPartOf":{"@id":"https:\/\/culturaneuroactiva.com\/site\/conexiontrascendente\/#website"},"primaryImageOfPage":{"@id":"https:\/\/culturaneuroactiva.com\/site\/conexiontrascendente\/eventos-ancestrales\/#primaryimage"},"image":{"@id":"https:\/\/culturaneuroactiva.com\/site\/conexiontrascendente\/eventos-ancestrales\/#primaryimage"},"thumbnailUrl":"http:\/\/culturaneuroactiva.com\/site\/conexiontrascendente\/wp-content\/uploads\/sites\/7\/2017\/08\/IMG_7579-1-e1505350026851-300x245.jpg","datePublished":"2018-05-10T04:48:46+00:00","dateModified":"2018-05-11T19:53:41+00:00","breadcrumb":{"@id":"https:\/\/culturaneuroactiva.com\/site\/conexiontrascendente\/eventos-ancestrales\/#breadcrumb"},"inLanguage":"es","potentialAction":[{"@type":"ReadAction","target":["https:\/\/culturaneuroactiva.com\/site\/conexiontrascendente\/eventos-ancestrales\/"]}]},{"@type":"ImageObject","inLanguage":"es","@id":"https:\/\/culturaneuroactiva.com\/site\/conexiontrascendente\/eventos-ancestrales\/#primaryimage","url":"http:\/\/culturaneuroactiva.com\/site\/conexiontrascendente\/wp-content\/uploads\/sites\/7\/2017\/08\/IMG_7579-1-e1505350026851-300x245.jpg","contentUrl":"http:\/\/culturaneuroactiva.com\/site\/conexiontrascendente\/wp-content\/uploads\/sites\/7\/2017\/08\/IMG_7579-1-e1505350026851-300x245.jpg"},{"@type":"BreadcrumbList","@id":"https:\/\/culturaneuroactiva.com\/site\/conexiontrascendente\/eventos-ancestrales\/#breadcrumb","itemListElement":[{"@type":"ListItem","position":1,"name":"Portada","item":"https:\/\/culturaneuroactiva.com\/site\/conexiontrascendente\/"},{"@type":"ListItem","position":2,"name":"Eventos Ancestrales"}]},{"@type":"WebSite","@id":"https:\/\/culturaneuroactiva.com\/site\/conexiontrascendente\/#website","url":"https:\/\/culturaneuroactiva.com\/site\/conexiontrascendente\/","name":"Conexi\u00f3n Trascendente","description":"Servicios para el Alma","publisher":{"@id":"https:\/\/culturaneuroactiva.com\/site\/conexiontrascendente\/#organization"},"potentialAction":[{"@type":"SearchAction","target":{"@type":"EntryPoint","urlTemplate":"https:\/\/culturaneuroactiva.com\/site\/conexiontrascendente\/?s={search_term_string}"},"query-input":{"@type":"PropertyValueSpecification","valueRequired":true,"valueName":"search_term_string"}}],"inLanguage":"es"},{"@type":"Organization","@id":"https:\/\/culturaneuroactiva.com\/site\/conexiontrascendente\/#organization","name":"Conexi\u00f3n Trascendente","url":"https:\/\/culturaneuroactiva.com\/site\/conexiontrascendente\/","logo":{"@type":"ImageObject","inLanguage":"es","@id":"https:\/\/culturaneuroactiva.com\/site\/conexiontrascendente\/#\/schema\/logo\/image\/","url":"https:\/\/culturaneuroactiva.com\/site\/conexiontrascendente\/wp-content\/uploads\/sites\/7\/2017\/06\/iconConexionTrascendente_128.png","contentUrl":"https:\/\/culturaneuroactiva.com\/site\/conexiontrascendente\/wp-content\/uploads\/sites\/7\/2017\/06\/iconConexionTrascendente_128.png","width":128,"height":128,"caption":"Conexi\u00f3n Trascendente"},"image":{"@id":"https:\/\/culturaneuroactiva.com\/site\/conexiontrascendente\/#\/schema\/logo\/image\/"}}]}},"_links":{"self":[{"href":"https:\/\/culturaneuroactiva.com\/site\/conexiontrascendente\/wp-json\/wp\/v2\/pages\/289","targetHints":{"allow":["GET"]}}],"collection":[{"href":"https:\/\/culturaneuroactiva.com\/site\/conexiontrascendente\/wp-json\/wp\/v2\/pages"}],"about":[{"href":"https:\/\/culturaneuroactiva.com\/site\/conexiontrascendente\/wp-json\/wp\/v2\/types\/page"}],"author":[{"embeddable":true,"href":"https:\/\/culturaneuroactiva.com\/site\/conexiontrascendente\/wp-json\/wp\/v2\/users\/1"}],"replies":[{"embeddable":true,"href":"https:\/\/culturaneuroactiva.com\/site\/conexiontrascendente\/wp-json\/wp\/v2\/comments?post=289"}],"version-history":[{"count":8,"href":"https:\/\/culturaneuroactiva.com\/site\/conexiontrascendente\/wp-json\/wp\/v2\/pages\/289\/revisions"}],"predecessor-version":[{"id":303,"href":"https:\/\/culturaneuroactiva.com\/site\/conexiontrascendente\/wp-json\/wp\/v2\/pages\/289\/revisions\/303"}],"wp:attachment":[{"href":"https:\/\/culturaneuroactiva.com\/site\/conexiontrascendente\/wp-json\/wp\/v2\/media?parent=289"}],"curies":[{"name":"wp","href":"https:\/\/api.w.org\/{rel}","templated":true}]}}