{"id":206,"date":"2017-08-30T05:43:52","date_gmt":"2017-08-30T05:43:52","guid":{"rendered":"http:\/\/culturaneuroactiva.com\/site\/conexion\/?page_id=206"},"modified":"2017-09-27T02:38:13","modified_gmt":"2017-09-27T02:38:13","slug":"celebraciones-rituales","status":"publish","type":"page","link":"https:\/\/culturaneuroactiva.com\/site\/conexiontrascendente\/celebraciones-rituales\/","title":{"rendered":"Celebraciones Rituales"},"content":{"rendered":"<h6><span style=\"color: #008080;\">Festeja tu ocasi\u00f3n especial con un ritual trascendente, que conecta con las fuerzas de la naturaleza y las tradiciones tribales, inmersos en una experiencia m\u00e1gica que queda plasmada en el coraz\u00f3n de todos los asistentes. Incluye curso de preparaci\u00f3n, concierto de m\u00fasica ancestral, ritual de s\u00edmbolos, y certificado tem\u00e1tico. Escoge tu festejo:<\/span><\/h6>\n<p>&nbsp;<\/p>\n<h6><span style=\"color: #008080;\"><strong>Matrimonio Ancestral<\/strong><\/span><\/h6>\n<p><img loading=\"lazy\" decoding=\"async\" class=\" wp-image-259 aligncenter\" src=\"http:\/\/culturaneuroactiva.com\/site\/conexion\/wp-content\/uploads\/sites\/7\/2017\/08\/IMG_20170624_162030-e1505348051879-300x266.jpg\" alt=\"\" width=\"502\" height=\"445\" srcset=\"https:\/\/culturaneuroactiva.com\/site\/conexiontrascendente\/wp-content\/uploads\/sites\/7\/2017\/08\/IMG_20170624_162030-e1505348051879-300x266.jpg 300w, https:\/\/culturaneuroactiva.com\/site\/conexiontrascendente\/wp-content\/uploads\/sites\/7\/2017\/08\/IMG_20170624_162030-e1505348051879-768x680.jpg 768w, https:\/\/culturaneuroactiva.com\/site\/conexiontrascendente\/wp-content\/uploads\/sites\/7\/2017\/08\/IMG_20170624_162030-e1505348051879-1024x907.jpg 1024w, https:\/\/culturaneuroactiva.com\/site\/conexiontrascendente\/wp-content\/uploads\/sites\/7\/2017\/08\/IMG_20170624_162030-e1505348051879-600x532.jpg 600w, https:\/\/culturaneuroactiva.com\/site\/conexiontrascendente\/wp-content\/uploads\/sites\/7\/2017\/08\/IMG_20170624_162030-e1505348051879.jpg 1192w\" sizes=\"auto, (max-width: 502px) 100vw, 502px\" \/><\/p>\n<p>Une tu alma con la de tu ser amado, en un ritual inspirado en las tradiciones tribales y los misticismos ancestrales, cella tu v\u00ednculo con un pacto sagrado, bendecido por las fuerzas de la Tierra.<\/p>\n<p>&nbsp;<\/p>\n<h6><span style=\"color: #008080;\"><strong>Ritual de Quinces<\/strong><\/span><\/h6>\n<p><img loading=\"lazy\" decoding=\"async\" class=\" wp-image-257 aligncenter\" src=\"http:\/\/culturaneuroactiva.com\/site\/conexion\/wp-content\/uploads\/sites\/7\/2017\/08\/IMG_20170624_162745-300x225.jpg\" alt=\"\" width=\"519\" height=\"389\" srcset=\"https:\/\/culturaneuroactiva.com\/site\/conexiontrascendente\/wp-content\/uploads\/sites\/7\/2017\/08\/IMG_20170624_162745-300x225.jpg 300w, https:\/\/culturaneuroactiva.com\/site\/conexiontrascendente\/wp-content\/uploads\/sites\/7\/2017\/08\/IMG_20170624_162745-768x576.jpg 768w, https:\/\/culturaneuroactiva.com\/site\/conexiontrascendente\/wp-content\/uploads\/sites\/7\/2017\/08\/IMG_20170624_162745-1024x768.jpg 1024w, https:\/\/culturaneuroactiva.com\/site\/conexiontrascendente\/wp-content\/uploads\/sites\/7\/2017\/08\/IMG_20170624_162745-600x450.jpg 600w, https:\/\/culturaneuroactiva.com\/site\/conexiontrascendente\/wp-content\/uploads\/sites\/7\/2017\/08\/IMG_20170624_162745.jpg 1600w\" sizes=\"auto, (max-width: 519px) 100vw, 519px\" \/><\/p>\n<p>Da el paso de ni\u00f1a a joven rodeada de magia y de simbolismo ancestral, prep\u00e1rate para los cambios y los retos de la vida, en un ritual que recrea el florecimiento del femenino sagrado.<\/p>\n<p>&nbsp;<\/p>\n<h6><span style=\"color: #008080;\"><strong>Ritual de Muerte y Duelo<\/strong><\/span><\/h6>\n<p><img loading=\"lazy\" decoding=\"async\" class=\" wp-image-258 aligncenter\" src=\"http:\/\/culturaneuroactiva.com\/site\/conexion\/wp-content\/uploads\/sites\/7\/2017\/08\/floresta-3-e1505347688647-300x191.jpg\" alt=\"\" width=\"518\" height=\"330\" srcset=\"https:\/\/culturaneuroactiva.com\/site\/conexiontrascendente\/wp-content\/uploads\/sites\/7\/2017\/08\/floresta-3-e1505347688647-300x191.jpg 300w, https:\/\/culturaneuroactiva.com\/site\/conexiontrascendente\/wp-content\/uploads\/sites\/7\/2017\/08\/floresta-3-e1505347688647-768x490.jpg 768w, https:\/\/culturaneuroactiva.com\/site\/conexiontrascendente\/wp-content\/uploads\/sites\/7\/2017\/08\/floresta-3-e1505347688647-600x383.jpg 600w, https:\/\/culturaneuroactiva.com\/site\/conexiontrascendente\/wp-content\/uploads\/sites\/7\/2017\/08\/floresta-3-e1505347688647.jpg 847w\" sizes=\"auto, (max-width: 518px) 100vw, 518px\" \/><\/p>\n<p>Despide a tu ser querido de la forma m\u00e1s saludable para las emociones de todos los afectados, en una terapia de meditaci\u00f3n trascendental basada en la cosmovisi\u00f3n que las culturas ind\u00edgenas tienen de la muerte, lo cual facilita el proceso de duelo y enfoca la energ\u00eda de los asistentes para ayudarle al alma del difunto en su transito al mundo espiritual.<\/p>\n<p>&nbsp;<\/p>\n<h6><span style=\"color: #008080;\"><strong>Otros Festejos<\/strong><\/span><\/h6>\n<ul>\n<li>Cumplea\u00f1os Trascendente.<\/li>\n<li>Ritual de Aniversario.<\/li>\n<li>Ritual de Grados.<\/li>\n<li>Inauguraciones de proyectos, casas o empresas.<\/li>\n<\/ul>\n<h6><\/h6>\n<h6><\/h6>\n<h6><span style=\"color: #008080;\"><strong>Todos los servicios requieren cita previa:<\/strong><\/span><\/h6>\n<ul>\n<li>Cotizaci\u00f3n personalizada.<\/li>\n<li>Celular: 3127994357<\/li>\n<li>conexion@culturaneuroactiva.com<\/li>\n<li>Cll.47B # 93A-25<\/li>\n<li>conexion.culturaneuroactiva.com<\/li>\n<\/ul>\n","protected":false},"excerpt":{"rendered":"<p>Festeja tu ocasi\u00f3n especial con un ritual trascendente, que conecta con las fuerzas de la naturaleza y las tradiciones tribales,<\/p>\n","protected":false},"author":1,"featured_media":0,"parent":0,"menu_order":0,"comment_status":"closed","ping_status":"closed","template":"","meta":{"colormag_page_layout":"no_sidebar_content_centered","footnotes":""},"class_list":["post-206","page","type-page","status-publish","hentry"],"yoast_head":"<!-- This site is optimized with the Yoast SEO plugin v25.6 - https:\/\/yoast.com\/wordpress\/plugins\/seo\/ -->\n<title>Celebraciones Rituales - Conexi\u00f3n Trascendente<\/title>\n<meta name=\"robots\" content=\"index, follow, max-snippet:-1, max-image-preview:large, max-video-preview:-1\" \/>\n<link rel=\"canonical\" href=\"https:\/\/culturaneuroactiva.com\/site\/conexiontrascendente\/celebraciones-rituales\/\" \/>\n<meta property=\"og:locale\" content=\"es_ES\" \/>\n<meta property=\"og:type\" content=\"article\" \/>\n<meta property=\"og:title\" content=\"Celebraciones Rituales - Conexi\u00f3n Trascendente\" \/>\n<meta property=\"og:description\" content=\"Festeja tu ocasi\u00f3n especial con un ritual trascendente, que conecta con las fuerzas de la naturaleza y las tradiciones tribales,\" \/>\n<meta property=\"og:url\" content=\"https:\/\/culturaneuroactiva.com\/site\/conexiontrascendente\/celebraciones-rituales\/\" \/>\n<meta property=\"og:site_name\" content=\"Conexi\u00f3n Trascendente\" \/>\n<meta property=\"article:modified_time\" content=\"2017-09-27T02:38:13+00:00\" \/>\n<meta property=\"og:image\" content=\"http:\/\/culturaneuroactiva.com\/site\/conexion\/wp-content\/uploads\/sites\/7\/2017\/08\/IMG_20170624_162030-e1505348051879-300x266.jpg\" \/>\n<meta name=\"twitter:card\" content=\"summary_large_image\" \/>\n<meta name=\"twitter:label1\" content=\"Tiempo de lectura\" \/>\n\t<meta name=\"twitter:data1\" content=\"1 minuto\" \/>\n<script type=\"application\/ld+json\" class=\"yoast-schema-graph\">{\"@context\":\"https:\/\/schema.org\",\"@graph\":[{\"@type\":\"WebPage\",\"@id\":\"https:\/\/culturaneuroactiva.com\/site\/conexiontrascendente\/celebraciones-rituales\/\",\"url\":\"https:\/\/culturaneuroactiva.com\/site\/conexiontrascendente\/celebraciones-rituales\/\",\"name\":\"Celebraciones Rituales - Conexi\u00f3n Trascendente\",\"isPartOf\":{\"@id\":\"https:\/\/culturaneuroactiva.com\/site\/conexiontrascendente\/#website\"},\"primaryImageOfPage\":{\"@id\":\"https:\/\/culturaneuroactiva.com\/site\/conexiontrascendente\/celebraciones-rituales\/#primaryimage\"},\"image\":{\"@id\":\"https:\/\/culturaneuroactiva.com\/site\/conexiontrascendente\/celebraciones-rituales\/#primaryimage\"},\"thumbnailUrl\":\"http:\/\/culturaneuroactiva.com\/site\/conexion\/wp-content\/uploads\/sites\/7\/2017\/08\/IMG_20170624_162030-e1505348051879-300x266.jpg\",\"datePublished\":\"2017-08-30T05:43:52+00:00\",\"dateModified\":\"2017-09-27T02:38:13+00:00\",\"breadcrumb\":{\"@id\":\"https:\/\/culturaneuroactiva.com\/site\/conexiontrascendente\/celebraciones-rituales\/#breadcrumb\"},\"inLanguage\":\"es\",\"potentialAction\":[{\"@type\":\"ReadAction\",\"target\":[\"https:\/\/culturaneuroactiva.com\/site\/conexiontrascendente\/celebraciones-rituales\/\"]}]},{\"@type\":\"ImageObject\",\"inLanguage\":\"es\",\"@id\":\"https:\/\/culturaneuroactiva.com\/site\/conexiontrascendente\/celebraciones-rituales\/#primaryimage\",\"url\":\"http:\/\/culturaneuroactiva.com\/site\/conexion\/wp-content\/uploads\/sites\/7\/2017\/08\/IMG_20170624_162030-e1505348051879-300x266.jpg\",\"contentUrl\":\"http:\/\/culturaneuroactiva.com\/site\/conexion\/wp-content\/uploads\/sites\/7\/2017\/08\/IMG_20170624_162030-e1505348051879-300x266.jpg\"},{\"@type\":\"BreadcrumbList\",\"@id\":\"https:\/\/culturaneuroactiva.com\/site\/conexiontrascendente\/celebraciones-rituales\/#breadcrumb\",\"itemListElement\":[{\"@type\":\"ListItem\",\"position\":1,\"name\":\"Portada\",\"item\":\"https:\/\/culturaneuroactiva.com\/site\/conexiontrascendente\/\"},{\"@type\":\"ListItem\",\"position\":2,\"name\":\"Celebraciones Rituales\"}]},{\"@type\":\"WebSite\",\"@id\":\"https:\/\/culturaneuroactiva.com\/site\/conexiontrascendente\/#website\",\"url\":\"https:\/\/culturaneuroactiva.com\/site\/conexiontrascendente\/\",\"name\":\"Conexi\u00f3n Trascendente\",\"description\":\"Servicios para el Alma\",\"publisher\":{\"@id\":\"https:\/\/culturaneuroactiva.com\/site\/conexiontrascendente\/#organization\"},\"potentialAction\":[{\"@type\":\"SearchAction\",\"target\":{\"@type\":\"EntryPoint\",\"urlTemplate\":\"https:\/\/culturaneuroactiva.com\/site\/conexiontrascendente\/?s={search_term_string}\"},\"query-input\":{\"@type\":\"PropertyValueSpecification\",\"valueRequired\":true,\"valueName\":\"search_term_string\"}}],\"inLanguage\":\"es\"},{\"@type\":\"Organization\",\"@id\":\"https:\/\/culturaneuroactiva.com\/site\/conexiontrascendente\/#organization\",\"name\":\"Conexi\u00f3n Trascendente\",\"url\":\"https:\/\/culturaneuroactiva.com\/site\/conexiontrascendente\/\",\"logo\":{\"@type\":\"ImageObject\",\"inLanguage\":\"es\",\"@id\":\"https:\/\/culturaneuroactiva.com\/site\/conexiontrascendente\/#\/schema\/logo\/image\/\",\"url\":\"https:\/\/culturaneuroactiva.com\/site\/conexiontrascendente\/wp-content\/uploads\/sites\/7\/2017\/06\/iconConexionTrascendente_128.png\",\"contentUrl\":\"https:\/\/culturaneuroactiva.com\/site\/conexiontrascendente\/wp-content\/uploads\/sites\/7\/2017\/06\/iconConexionTrascendente_128.png\",\"width\":128,\"height\":128,\"caption\":\"Conexi\u00f3n Trascendente\"},\"image\":{\"@id\":\"https:\/\/culturaneuroactiva.com\/site\/conexiontrascendente\/#\/schema\/logo\/image\/\"}}]}<\/script>\n<!-- \/ Yoast SEO plugin. -->","yoast_head_json":{"title":"Celebraciones Rituales - Conexi\u00f3n Trascendente","robots":{"index":"index","follow":"follow","max-snippet":"max-snippet:-1","max-image-preview":"max-image-preview:large","max-video-preview":"max-video-preview:-1"},"canonical":"https:\/\/culturaneuroactiva.com\/site\/conexiontrascendente\/celebraciones-rituales\/","og_locale":"es_ES","og_type":"article","og_title":"Celebraciones Rituales - Conexi\u00f3n Trascendente","og_description":"Festeja tu ocasi\u00f3n especial con un ritual trascendente, que conecta con las fuerzas de la naturaleza y las tradiciones tribales,","og_url":"https:\/\/culturaneuroactiva.com\/site\/conexiontrascendente\/celebraciones-rituales\/","og_site_name":"Conexi\u00f3n Trascendente","article_modified_time":"2017-09-27T02:38:13+00:00","og_image":[{"url":"http:\/\/culturaneuroactiva.com\/site\/conexion\/wp-content\/uploads\/sites\/7\/2017\/08\/IMG_20170624_162030-e1505348051879-300x266.jpg","type":"","width":"","height":""}],"twitter_card":"summary_large_image","twitter_misc":{"Tiempo de lectura":"1 minuto"},"schema":{"@context":"https:\/\/schema.org","@graph":[{"@type":"WebPage","@id":"https:\/\/culturaneuroactiva.com\/site\/conexiontrascendente\/celebraciones-rituales\/","url":"https:\/\/culturaneuroactiva.com\/site\/conexiontrascendente\/celebraciones-rituales\/","name":"Celebraciones Rituales - Conexi\u00f3n Trascendente","isPartOf":{"@id":"https:\/\/culturaneuroactiva.com\/site\/conexiontrascendente\/#website"},"primaryImageOfPage":{"@id":"https:\/\/culturaneuroactiva.com\/site\/conexiontrascendente\/celebraciones-rituales\/#primaryimage"},"image":{"@id":"https:\/\/culturaneuroactiva.com\/site\/conexiontrascendente\/celebraciones-rituales\/#primaryimage"},"thumbnailUrl":"http:\/\/culturaneuroactiva.com\/site\/conexion\/wp-content\/uploads\/sites\/7\/2017\/08\/IMG_20170624_162030-e1505348051879-300x266.jpg","datePublished":"2017-08-30T05:43:52+00:00","dateModified":"2017-09-27T02:38:13+00:00","breadcrumb":{"@id":"https:\/\/culturaneuroactiva.com\/site\/conexiontrascendente\/celebraciones-rituales\/#breadcrumb"},"inLanguage":"es","potentialAction":[{"@type":"ReadAction","target":["https:\/\/culturaneuroactiva.com\/site\/conexiontrascendente\/celebraciones-rituales\/"]}]},{"@type":"ImageObject","inLanguage":"es","@id":"https:\/\/culturaneuroactiva.com\/site\/conexiontrascendente\/celebraciones-rituales\/#primaryimage","url":"http:\/\/culturaneuroactiva.com\/site\/conexion\/wp-content\/uploads\/sites\/7\/2017\/08\/IMG_20170624_162030-e1505348051879-300x266.jpg","contentUrl":"http:\/\/culturaneuroactiva.com\/site\/conexion\/wp-content\/uploads\/sites\/7\/2017\/08\/IMG_20170624_162030-e1505348051879-300x266.jpg"},{"@type":"BreadcrumbList","@id":"https:\/\/culturaneuroactiva.com\/site\/conexiontrascendente\/celebraciones-rituales\/#breadcrumb","itemListElement":[{"@type":"ListItem","position":1,"name":"Portada","item":"https:\/\/culturaneuroactiva.com\/site\/conexiontrascendente\/"},{"@type":"ListItem","position":2,"name":"Celebraciones Rituales"}]},{"@type":"WebSite","@id":"https:\/\/culturaneuroactiva.com\/site\/conexiontrascendente\/#website","url":"https:\/\/culturaneuroactiva.com\/site\/conexiontrascendente\/","name":"Conexi\u00f3n Trascendente","description":"Servicios para el Alma","publisher":{"@id":"https:\/\/culturaneuroactiva.com\/site\/conexiontrascendente\/#organization"},"potentialAction":[{"@type":"SearchAction","target":{"@type":"EntryPoint","urlTemplate":"https:\/\/culturaneuroactiva.com\/site\/conexiontrascendente\/?s={search_term_string}"},"query-input":{"@type":"PropertyValueSpecification","valueRequired":true,"valueName":"search_term_string"}}],"inLanguage":"es"},{"@type":"Organization","@id":"https:\/\/culturaneuroactiva.com\/site\/conexiontrascendente\/#organization","name":"Conexi\u00f3n Trascendente","url":"https:\/\/culturaneuroactiva.com\/site\/conexiontrascendente\/","logo":{"@type":"ImageObject","inLanguage":"es","@id":"https:\/\/culturaneuroactiva.com\/site\/conexiontrascendente\/#\/schema\/logo\/image\/","url":"https:\/\/culturaneuroactiva.com\/site\/conexiontrascendente\/wp-content\/uploads\/sites\/7\/2017\/06\/iconConexionTrascendente_128.png","contentUrl":"https:\/\/culturaneuroactiva.com\/site\/conexiontrascendente\/wp-content\/uploads\/sites\/7\/2017\/06\/iconConexionTrascendente_128.png","width":128,"height":128,"caption":"Conexi\u00f3n Trascendente"},"image":{"@id":"https:\/\/culturaneuroactiva.com\/site\/conexiontrascendente\/#\/schema\/logo\/image\/"}}]}},"_links":{"self":[{"href":"https:\/\/culturaneuroactiva.com\/site\/conexiontrascendente\/wp-json\/wp\/v2\/pages\/206","targetHints":{"allow":["GET"]}}],"collection":[{"href":"https:\/\/culturaneuroactiva.com\/site\/conexiontrascendente\/wp-json\/wp\/v2\/pages"}],"about":[{"href":"https:\/\/culturaneuroactiva.com\/site\/conexiontrascendente\/wp-json\/wp\/v2\/types\/page"}],"author":[{"embeddable":true,"href":"https:\/\/culturaneuroactiva.com\/site\/conexiontrascendente\/wp-json\/wp\/v2\/users\/1"}],"replies":[{"embeddable":true,"href":"https:\/\/culturaneuroactiva.com\/site\/conexiontrascendente\/wp-json\/wp\/v2\/comments?post=206"}],"version-history":[{"count":6,"href":"https:\/\/culturaneuroactiva.com\/site\/conexiontrascendente\/wp-json\/wp\/v2\/pages\/206\/revisions"}],"predecessor-version":[{"id":280,"href":"https:\/\/culturaneuroactiva.com\/site\/conexiontrascendente\/wp-json\/wp\/v2\/pages\/206\/revisions\/280"}],"wp:attachment":[{"href":"https:\/\/culturaneuroactiva.com\/site\/conexiontrascendente\/wp-json\/wp\/v2\/media?parent=206"}],"curies":[{"name":"wp","href":"https:\/\/api.w.org\/{rel}","templated":true}]}}